{"id":142,"date":"2019-05-07T11:32:54","date_gmt":"2019-05-07T11:32:54","guid":{"rendered":"https:\/\/blogs.ua.es\/blogcriminologia\/?page_id=142"},"modified":"2019-05-16T19:27:29","modified_gmt":"2019-05-16T19:27:29","slug":"enlace-a-papers","status":"publish","type":"page","link":"https:\/\/blogs.ua.es\/blogcriminologia\/enlace-a-papers\/","title":{"rendered":"Enlace a Papers"},"content":{"rendered":"<h4><strong>C\u00f3mo realizar una revisi\u00f3n sistem\u00e1tica y una meta-an\u00e1lisis<\/strong><\/h4>\n<p><strong>Enlace de inter\u00e9s:\u00a0<\/strong><br \/>\n<a title=\"Enlace\" href=\"https:\/\/www.um.es\/metaanalysis\/pdf\/5030.pdf\" target=\"_blank\" rel=\"noopener noreferrer\"><img loading=\"lazy\" decoding=\"async\" class=\"alignleft\" src=\"https:\/\/cdn.pixabay.com\/photo\/2013\/07\/13\/11\/42\/audio-158489_960_720.png\" alt=\"\" width=\"111\" height=\"111\" \/><\/a><\/p>\n<hr \/>\n<h4><strong>New ways of making academic articles easier to read<\/strong><\/h4>\n<p><strong>Enlace de inter\u00e9s:\u00a0<\/strong><br \/>\n<a title=\"Enlace\" href=\"http:\/\/www.aepc.es\/ijchp\/articulos_pdf\/ijchp-405.pdf\" target=\"_blank\" rel=\"noopener noreferrer\"><img loading=\"lazy\" decoding=\"async\" class=\"alignleft\" src=\"https:\/\/cdn.pixabay.com\/photo\/2013\/07\/13\/11\/42\/audio-158489_960_720.png\" alt=\"\" width=\"111\" height=\"111\" \/><\/a><\/p>\n<hr \/>\n<h4><strong>Recomendaciones para el Reporte de Revisiones Sistem\u00e1ticas y Meta-an\u00e1lisis<\/strong><\/h4>\n<p><strong>Enlace de inter\u00e9s:\u00a0<\/strong><br \/>\n<a title=\"Enlace\" href=\"https:\/\/dialnet.unirioja.es\/servlet\/articulo?codigo=6400256\" target=\"_blank\" rel=\"noopener noreferrer\"><img loading=\"lazy\" decoding=\"async\" class=\"alignleft\" src=\"https:\/\/cdn.pixabay.com\/photo\/2013\/07\/13\/11\/42\/audio-158489_960_720.png\" alt=\"\" width=\"111\" height=\"111\" \/><\/a><\/p>\n<hr \/>\n<h4><strong>Standards for the preparation and writing of Psychology review articles<\/strong><\/h4>\n<p><strong>Enlace de inter\u00e9s:\u00a0<\/strong><br \/>\n<a title=\"Enlace\" href=\"https:\/\/aepc.es\/ijchp\/articulos_pdf\/ijchp-326.pdf\" target=\"_blank\" rel=\"noopener noreferrer\"><img loading=\"lazy\" decoding=\"async\" class=\"alignleft\" src=\"https:\/\/cdn.pixabay.com\/photo\/2013\/07\/13\/11\/42\/audio-158489_960_720.png\" alt=\"\" width=\"111\" height=\"111\" \/><\/a><\/p>\n<hr \/>\n<h4><strong>Standards on how to develop and report systematic reviews in Psychology and Health<\/strong><\/h4>\n<p><strong>Enlace de inter\u00e9s:\u00a0<\/strong><br \/>\n<a title=\"Enlace\" href=\"https:\/\/www.sciencedirect.com\/science\/article\/pii\/S1697260013700073\" target=\"_blank\" rel=\"noopener noreferrer\"><img loading=\"lazy\" decoding=\"async\" class=\"alignleft\" src=\"https:\/\/cdn.pixabay.com\/photo\/2013\/07\/13\/11\/42\/audio-158489_960_720.png\" alt=\"\" width=\"111\" height=\"111\" \/><\/a><\/p>\n<hr \/>\n<p>&nbsp;<\/p>\n","protected":false},"excerpt":{"rendered":"<p>C\u00f3mo realizar una revisi\u00f3n sistem\u00e1tica y una meta-an\u00e1lisis Enlace de inter\u00e9s:\u00a0 New ways of making academic articles easier to read Enlace de inter\u00e9s:\u00a0 Recomendaciones para el Reporte de Revisiones Sistem\u00e1ticas y Meta-an\u00e1lisis Enlace de inter\u00e9s:\u00a0 Standards for the preparation and writing of Psychology review articles Enlace de inter\u00e9s:\u00a0 Standards on how to develop and report [&hellip;]<\/p>\n","protected":false},"author":4337,"featured_media":0,"parent":0,"menu_order":0,"comment_status":"closed","ping_status":"closed","template":"","meta":{"footnotes":""},"class_list":["post-142","page","type-page","status-publish","hentry"],"_links":{"self":[{"href":"https:\/\/blogs.ua.es\/blogcriminologia\/wp-json\/wp\/v2\/pages\/142","targetHints":{"allow":["GET"]}}],"collection":[{"href":"https:\/\/blogs.ua.es\/blogcriminologia\/wp-json\/wp\/v2\/pages"}],"about":[{"href":"https:\/\/blogs.ua.es\/blogcriminologia\/wp-json\/wp\/v2\/types\/page"}],"author":[{"embeddable":true,"href":"https:\/\/blogs.ua.es\/blogcriminologia\/wp-json\/wp\/v2\/users\/4337"}],"replies":[{"embeddable":true,"href":"https:\/\/blogs.ua.es\/blogcriminologia\/wp-json\/wp\/v2\/comments?post=142"}],"version-history":[{"count":6,"href":"https:\/\/blogs.ua.es\/blogcriminologia\/wp-json\/wp\/v2\/pages\/142\/revisions"}],"predecessor-version":[{"id":199,"href":"https:\/\/blogs.ua.es\/blogcriminologia\/wp-json\/wp\/v2\/pages\/142\/revisions\/199"}],"wp:attachment":[{"href":"https:\/\/blogs.ua.es\/blogcriminologia\/wp-json\/wp\/v2\/media?parent=142"}],"curies":[{"name":"wp","href":"https:\/\/api.w.org\/{rel}","templated":true}]}}