{"id":270,"date":"2019-10-25T10:20:07","date_gmt":"2019-10-25T10:20:07","guid":{"rendered":"https:\/\/blogs.ua.es\/blogcriminologia\/?page_id=270"},"modified":"2019-10-31T14:56:44","modified_gmt":"2019-10-31T14:56:44","slug":"videos","status":"publish","type":"page","link":"https:\/\/blogs.ua.es\/blogcriminologia\/videos\/","title":{"rendered":"V\u00eddeos"},"content":{"rendered":"<p>En esta secci\u00f3n encontrar\u00e1 videotutoriales con informaci\u00f3n adicional sobre los pasos a desarrollar para llevar a cabo una revisi\u00f3n sistem\u00e1tica.<\/p>\n<figure id=\"attachment_167\" aria-describedby=\"caption-attachment-167\" style=\"width: 233px\" class=\"wp-caption aligncenter\"><a href=\"https:\/\/www.youtube.com\/watch?v=2GRBUqe7uM0\" target=\"_blank\" rel=\"noopener noreferrer\"><img loading=\"lazy\" decoding=\"async\" class=\"wp-image-167 \" src=\"https:\/\/blogs.ua.es\/blogcriminologia\/files\/2019\/05\/audio-300x300.png\" alt=\"\" width=\"233\" height=\"233\" srcset=\"https:\/\/blogs.ua.es\/blogcriminologia\/files\/2019\/05\/audio-300x300.png 300w, https:\/\/blogs.ua.es\/blogcriminologia\/files\/2019\/05\/audio-150x150.png 150w, https:\/\/blogs.ua.es\/blogcriminologia\/files\/2019\/05\/audio.png 720w\" sizes=\"auto, (max-width: 233px) 100vw, 233px\" \/><\/a><figcaption id=\"caption-attachment-167\" class=\"wp-caption-text\"><br \/>\u00bfC\u00f3mo realizar una revisi\u00f3n sistem\u00e1tica?<\/figcaption><\/figure>\n<p>&nbsp;<\/p>\n<figure id=\"attachment_167\" aria-describedby=\"caption-attachment-167\" style=\"width: 233px\" class=\"wp-caption aligncenter\"><a href=\"https:\/\/www.youtube.com\/watch?v=mx20KYGo_uc\" target=\"_blank\" rel=\"noopener noreferrer\"><img loading=\"lazy\" decoding=\"async\" class=\"wp-image-167 \" src=\"https:\/\/blogs.ua.es\/blogcriminologia\/files\/2019\/05\/audio-300x300.png\" alt=\"\" width=\"233\" height=\"233\" srcset=\"https:\/\/blogs.ua.es\/blogcriminologia\/files\/2019\/05\/audio-300x300.png 300w, https:\/\/blogs.ua.es\/blogcriminologia\/files\/2019\/05\/audio-150x150.png 150w, https:\/\/blogs.ua.es\/blogcriminologia\/files\/2019\/05\/audio.png 720w\" sizes=\"auto, (max-width: 233px) 100vw, 233px\" \/><\/a><figcaption id=\"caption-attachment-167\" class=\"wp-caption-text\"><br \/>\u00bfC\u00f3mo realizar una revisi\u00f3n bibliogr\u00e1fica?<\/figcaption><\/figure>\n<p>&nbsp;<\/p>\n<figure id=\"attachment_167\" aria-describedby=\"caption-attachment-167\" style=\"width: 233px\" class=\"wp-caption aligncenter\"><a href=\"https:\/\/www.youtube.com\/watch?v=BGCrrF3LwG0\" target=\"_blank\" rel=\"noopener noreferrer\"><img loading=\"lazy\" decoding=\"async\" class=\"wp-image-167 \" src=\"https:\/\/blogs.ua.es\/blogcriminologia\/files\/2019\/05\/audio-300x300.png\" alt=\"\" width=\"233\" height=\"233\" srcset=\"https:\/\/blogs.ua.es\/blogcriminologia\/files\/2019\/05\/audio-300x300.png 300w, https:\/\/blogs.ua.es\/blogcriminologia\/files\/2019\/05\/audio-150x150.png 150w, https:\/\/blogs.ua.es\/blogcriminologia\/files\/2019\/05\/audio.png 720w\" sizes=\"auto, (max-width: 233px) 100vw, 233px\" \/><\/a><figcaption id=\"caption-attachment-167\" class=\"wp-caption-text\"><br \/>Gu\u00edas de publicaci\u00f3n. PRISMA<\/figcaption><\/figure>\n","protected":false},"excerpt":{"rendered":"<p>En esta secci\u00f3n encontrar\u00e1 videotutoriales con informaci\u00f3n adicional sobre los pasos a desarrollar para llevar a cabo una revisi\u00f3n sistem\u00e1tica. &nbsp; &nbsp;<\/p>\n","protected":false},"author":4337,"featured_media":0,"parent":0,"menu_order":0,"comment_status":"closed","ping_status":"closed","template":"","meta":{"footnotes":""},"class_list":["post-270","page","type-page","status-publish","hentry"],"_links":{"self":[{"href":"https:\/\/blogs.ua.es\/blogcriminologia\/wp-json\/wp\/v2\/pages\/270","targetHints":{"allow":["GET"]}}],"collection":[{"href":"https:\/\/blogs.ua.es\/blogcriminologia\/wp-json\/wp\/v2\/pages"}],"about":[{"href":"https:\/\/blogs.ua.es\/blogcriminologia\/wp-json\/wp\/v2\/types\/page"}],"author":[{"embeddable":true,"href":"https:\/\/blogs.ua.es\/blogcriminologia\/wp-json\/wp\/v2\/users\/4337"}],"replies":[{"embeddable":true,"href":"https:\/\/blogs.ua.es\/blogcriminologia\/wp-json\/wp\/v2\/comments?post=270"}],"version-history":[{"count":10,"href":"https:\/\/blogs.ua.es\/blogcriminologia\/wp-json\/wp\/v2\/pages\/270\/revisions"}],"predecessor-version":[{"id":510,"href":"https:\/\/blogs.ua.es\/blogcriminologia\/wp-json\/wp\/v2\/pages\/270\/revisions\/510"}],"wp:attachment":[{"href":"https:\/\/blogs.ua.es\/blogcriminologia\/wp-json\/wp\/v2\/media?parent=270"}],"curies":[{"name":"wp","href":"https:\/\/api.w.org\/{rel}","templated":true}]}}