{"id":40,"date":"2009-02-26T15:49:30","date_gmt":"2009-02-26T14:49:30","guid":{"rendered":"https:\/\/blogs.ua.es\/calvino\/?page_id=40"},"modified":"2009-02-26T15:49:30","modified_gmt":"2009-02-26T14:49:30","slug":"la-gran-obra-de-calvino-la-institucion","status":"publish","type":"page","link":"https:\/\/blogs.ua.es\/calvino\/la-gran-obra-de-calvino-la-institucion\/","title":{"rendered":"La gran obra de Calvino- La institucion"},"content":{"rendered":"<p>Francisco I, quien a la saz\u00f3n era el rey, estaba en negociaciones con los protestantes alemanes con miras a conseguir su ayuda contra Carlos V. Por tanto, como medio para justificar la persecuci\u00f3n francesa, public\u00f3 una carta abierta en febrero de 1535, donde se acusaba al protestantismo franc\u00e9s de tener prop\u00f3sitos an\u00e1rquicos que ning\u00fan gobierno pod\u00eda tolerar. Ante esta situaci\u00f3n, Calvino se sinti\u00f3 llamado a salir en defensa de sus calumniados correligionarios. Esto dio lugar a que en 1536, mientras se encontraba en Basilea, Calvino hizo publicar la primera edici\u00f3n de su sobresaliente obra, Institutio Christianae Religionis, que pronto fue traducida como La Instituci\u00f3n de la Religi\u00f3n Cristiana, pero luego se conoci\u00f3 comunmente como los Institutos de la Religi\u00f3n Cristiana.<\/p>\n<p>Calvino dedic\u00f3 su libro al rey Francisco I de Francia, quien no se imagin\u00f3 que tal dedicatoria ser\u00eda apreciada por siglos como una obra maestra de argumentaci\u00f3n de las Escrituras y de la historia, y que ser\u00eda le\u00edda por millones de personas en muchos idiomas.<\/p>\n<p>Esta carta-prefacio es una de las obras maestras de la \u00e9poca de la Reforma. Cort\u00e9s y respetuosa, es una presentaci\u00f3n tremendamente vigorosa de la posici\u00f3n protestante y una defensa de sus adherentes contra las calumnias reales. Ning\u00fan protestante franc\u00e9s hab\u00eda hablado a\u00fan con tanta claridad, mesura y vigor, y con ella su autor, joven de veintis\u00e9is a\u00f1os, se coloc\u00f3 inmediatamente a la cabeza del protestantismo franc\u00e9s.<\/p>\n<p>Inicialmente, la Instituci\u00f3n de la Religi\u00f3n Cristiana, no tuvo la intenci\u00f3n de hacer entrar en raz\u00f3n a Francisco I, sino que fue escrita para ayudar a los nuevos creyentes protestantes que necesitaban que se les mostrase las verdades de la Biblia. Hasta entonces, nadie hab\u00eda definido dichas verdades en una forma ordenada. La edici\u00f3n de 1536, aunque lejos de ser el voluminoso tratado en que hab\u00eda de convertirse en la edici\u00f3n de 1559, era ya la m\u00e1s ordenada y sistem\u00e1tica presentaci\u00f3n popular de la doctrina y de la vida cristiana que hab\u00eda producido la Reforma<\/p>\n","protected":false},"excerpt":{"rendered":"<p>Francisco I, quien a la saz\u00f3n era el rey, estaba en negociaciones con los protestantes alemanes con miras a conseguir su ayuda contra Carlos V. Por tanto, como medio para justificar la persecuci\u00f3n francesa, public\u00f3 una carta abierta en febrero de 1535, donde se acusaba al protestantismo franc\u00e9s de tener prop\u00f3sitos an\u00e1rquicos que ning\u00fan gobierno [&hellip;]<\/p>\n","protected":false},"author":1148,"featured_media":0,"parent":0,"menu_order":0,"comment_status":"open","ping_status":"open","template":"","meta":{"footnotes":""},"class_list":["post-40","page","type-page","status-publish","hentry"],"_links":{"self":[{"href":"https:\/\/blogs.ua.es\/calvino\/wp-json\/wp\/v2\/pages\/40","targetHints":{"allow":["GET"]}}],"collection":[{"href":"https:\/\/blogs.ua.es\/calvino\/wp-json\/wp\/v2\/pages"}],"about":[{"href":"https:\/\/blogs.ua.es\/calvino\/wp-json\/wp\/v2\/types\/page"}],"author":[{"embeddable":true,"href":"https:\/\/blogs.ua.es\/calvino\/wp-json\/wp\/v2\/users\/1148"}],"replies":[{"embeddable":true,"href":"https:\/\/blogs.ua.es\/calvino\/wp-json\/wp\/v2\/comments?post=40"}],"version-history":[{"count":1,"href":"https:\/\/blogs.ua.es\/calvino\/wp-json\/wp\/v2\/pages\/40\/revisions"}],"predecessor-version":[{"id":41,"href":"https:\/\/blogs.ua.es\/calvino\/wp-json\/wp\/v2\/pages\/40\/revisions\/41"}],"wp:attachment":[{"href":"https:\/\/blogs.ua.es\/calvino\/wp-json\/wp\/v2\/media?parent=40"}],"curies":[{"name":"wp","href":"https:\/\/api.w.org\/{rel}","templated":true}]}}