{"id":8,"date":"2013-12-26T23:05:05","date_gmt":"2013-12-26T23:05:05","guid":{"rendered":"https:\/\/blogs.ua.es\/campusaccesiblecampusigualitario\/?page_id=8"},"modified":"2014-02-06T02:26:06","modified_gmt":"2014-02-06T01:26:06","slug":"jornadadeaccesibilidadeigualdad","status":"publish","type":"page","link":"https:\/\/blogs.ua.es\/campusaccesiblecampusigualitario\/jornadadeaccesibilidadeigualdad\/","title":{"rendered":"Jornada de Accesibilidad e Igualdad"},"content":{"rendered":"<p align=\"center\"><img loading=\"lazy\" decoding=\"async\" alt=\"imagenjornadas\" src=\"https:\/\/blogs.ua.es\/campusaccesiblecampusigualitario\/files\/2014\/02\/imagenjornadas-1024x413.jpg\" width=\"670\" height=\"270\" \/><\/p>\n<p align=\"center\"><b><b><span style=\"color: #2d5078\">Jornada de Accesibilidad e Igualdad en el Dise\u00f1o Urbano y Arquitect\u00f3nico<\/span><\/b><\/b><\/p>\n<p align=\"center\"><b><b><\/b><\/b><b><b><span style=\"color: #2d5078\">25 y 26 de Febrero de 2014<\/span><\/b><\/b><\/p>\n<p align=\"center\"><b><b> <span style=\"color: #2d5078\">Escuela Polit\u00e9cnica Superior<\/span> <\/b><\/b><\/p>\n<p align=\"center\"><b><b> <span style=\"color: #2d5078\">Universidad de Alicante<\/span> <\/b><\/b><\/p>\n<p>El pr\u00f3ximo <b> <span style=\"color: #d26e19\"><b>martes 25 de febrero<\/b><\/span> <\/b>, dentro del <b>MES CULTURAL 2014<\/b> de la Escuela Polit\u00e9cnica Superior, da comienzo la <b>Jornada de Accesibilidad e Igualdad en el Dise\u00f1o Urbano y Arquitect\u00f3nico<\/b>, organizada por el proyecto <b> <span style=\"color: #d26e19\"><b><b>CAMPUS ACCESIBLE CAMPUS IGUALITARIO <\/b><\/b><\/span> <\/b>del Vicerrectorado de Campus y Sostenibilidad.<\/p>\n<p>La Jornada est\u00e1 dirigida a toda aquella persona con responsabilidad y\/o sensibilidad para con el dise\u00f1o urbano y arquitect\u00f3nico integrador, as\u00ed como todas aquellas comprometidas con la inclusi\u00f3n social de todos y todas. El curso es <b>GRATUITO<\/b>, enviando un correo con <b>NOMBRE, DNI, CORREO ELECTR\u00d3NICO y TEL\u00c9FONO<\/b> a <a href=\"mailto:c.accesible_igualitario@ua.es\">c.accesible_igualitario@ua.es<\/a> para la emisi\u00f3n de certificado de aprovechamiento y asistencia antes del 24 de Febrero de 2014.<\/p>\n<p>&nbsp;<\/p>\n<p align=\"center\">\u00a1Os esperamos!<\/p>\n<p align=\"center\"><b> <span style=\"color: #d26e19\"><b><b>CAMPUS ACCESIBLE CAMPUS IGUALITARIO <\/b><\/b><\/span> <\/b><\/p>\n<p>&nbsp;<\/p>\n<p><b> <span style=\"color: #2d5078\"><b>Martes, ACCESIBILIDAD.<\/b><\/span> <\/b><br \/>\n<b><i>\u201cLa Ciudad Accesible\u201d,<\/i><\/b><i> <\/i><a href=\"http:\/\/www.laciudadaccesible.com\/\"><i>www.laciudadaccesible.com<\/i><\/a><i>, buscador de la accesibilidad en internet m\u00e1s completo del mundo compuesto por cuatro portales interactivos y diecis\u00e9is p\u00e1ginas webs donde se conecta el ciudadano, la administraci\u00f3n, los profesionales y otros entes sociales, generando un interesante y proactivo debate, promoviendo conocimiento y ofreciendo soluciones t\u00e9cnicas y buenas pr\u00e1cticas sobre accesibilidad universal, usabilidad y dise\u00f1o para todos. <b>Mariela Fern\u00e1ndez-Bermejo<\/b>, directora t\u00e9cnica, arquitecta experta en accesibilidad y entorno f\u00edsico, y presidenta de la Asociaci\u00f3n Espa\u00f1ola de Profesionales de Accesibilidad Universal \u2013 ASEPAU, nos aportar\u00e1 el car\u00e1cter t\u00e9cnico y de dise\u00f1o para lograr la accesibilidad de los espacios urbanos y arquitect\u00f3nicos. <b>Antonio Tejada<\/b>, director ejecutivo, licenciado en comunicaci\u00f3n, coaching en discapacidad y superaci\u00f3n y presidente de la Asociaci\u00f3n Espa\u00f1ola de Emprendedores con Discapacidad &#8211; S\u00ed Podemos, nos hablar\u00e1 de las diferentes discapacidades y obst\u00e1culos que en el d\u00eda a d\u00eda afectan a las personas a la hora de disfrutar de manera plena de la ciudad. <\/i><\/p>\n<p>&nbsp;<\/p>\n<p><b> <span style=\"color: #2d5078\"><b>Mi\u00e9rcoles, IGUALDAD.<\/b><\/span> <\/b><\/p>\n<p><b><i>Javier Ruiz S\u00e1nchez<\/i><\/b><i>, es Doctor Arquitecto por la\u00a0 ETSAM, donde es Profesor Titular en el Departamento de Urbanismo y Ordenaci\u00f3n del Territorio. Es autor del libro\u00a0<b>Complejidad Urbana y Determinaci\u00f3n<\/b><\/i>,<i>\u00a0y de art\u00edculos diversos sobre la relaci\u00f3n entre la planificaci\u00f3n comprensiva, la planificaci\u00f3n sectorial y los desarrollos urbanos, la naturaleza evolutiva de la ciudad y del territorio, y la ciudad y el territorio como sistemas complejos, temas en los que se centra su actividad investigadora.<\/i> <i>Ha impartido cursos y conferencias en centros y universidades de Espa\u00f1a, Europa, Am\u00e9rica y Jap\u00f3n. Actualmente es miembro del Management Committee del proyecto genderSTE (Science, Technology, Environment).<\/i><\/p>\n<p><b><i>MUJERES EN LA ARQUITECTURA<\/i><\/b><i> son un grupo de cuatro mujeres que, siendo arquitectas, realizan diferentes labores profesionales dentro y fuera de la Universidad de Alicante, siempre comprometidas con la igualdad. <b>Clara<\/b>, arquitecta y profesora del Departamento de Edificaci\u00f3n y Urbanismo; <b>Raquel<\/b>, doctora arquitecta y profesora del Departamento de Edificaci\u00f3n y Urbanismo; <b>Mar\u00eda Jos\u00e9<\/b>, arquitecta t\u00e9cnica y personal de la Oficina T\u00e9cnica de la Universidad de Alicante; y <b>Elia<\/b>, doctora arquitecta y profesora del \u00c1rea de Composici\u00f3n Arquitect\u00f3nica, es la actual Directora del Secretariado de Desarrollo de Campus de la Universidad de Alicante. <\/i><\/p>\n<p><i>\u00a0<\/i><br \/>\n<b> <span style=\"color: #2d5078\"><b>Taller pr\u00e1ctico, ME PONGO EN TU LUGAR.<\/b><\/span> <\/b><br \/>\n<i>En 1948 el arquitecto Le Corbusier publica el libro \u2018Le Modulor\u2019, b\u00fasqueda antropom\u00e9trica de un sistema de medidas del cuerpo humano, equivalente a la talla 38 de nuestros d\u00edas. Al fin y al cabo, est\u00e1ndares.<\/i><i>Pero no tiene en cuenta la complejidad del colectivo ciudadano. Se piensa que las personas con discapacidad son las que van en silla de ruedas, personas sordas y personas ciegas, que son una peque\u00f1a parte de la sociedad. Reflexionemos: un ni\u00f1o, una persona con muletas, una embarazada, un anciano, un pap\u00e1 con carrito, \u00bfno son personas con movilidad reducida?<\/i><\/p>\n<p><i>Ya no existen est\u00e1ndares.<b> <\/b>Si observamos la realidad con toda su complejidad, entendemos que todos en alg\u00fan momento de nuestras vidas tenemos una discapacidad. Es el momento de mirar hacia delante, y pensar en una sociedad real. La ciudad se compone de personas y por ello, es compleja.<\/i><\/p>\n<p><i>El Taller Pr\u00e1ctico, organizado por CAMPUS ACCESIBLE CAMPUS IGUALITARIO y estudiantes y profesores de la Escuela Polit\u00e9cnica Superior, pretende aproximar diferentes puntos de vista desde la perspectiva de la Accesibilidad e Igualdad. La nueva Facultad de Educaci\u00f3n de la Universidad de Alicante, inaugurada el pasado mes de julio de 2013, debe cumplir la normativa vigente (CTE + RD) \u00bfpasar\u00e1 el examen? Los participantes se pondr\u00e1n en el lugar de otras personas: un trabajador, una persona con movilidad reducida, un estudiante, una con discapacidad visual,\u2026<\/i> <i>Todos estos datos ser\u00e1n recogidos en unas fichas de trabajo de campo elaboradas por el equipo que servir\u00e1n de material de debate y puesta en com\u00fan en las Jornadas.<\/i><\/p>\n<p>&nbsp;<\/p>\n<p style=\"text-align: center\"><a href=\"https:\/\/blogs.ua.es\/campusaccesiblecampusigualitario\/files\/2014\/02\/JORNADA-ACCESIBILIDAD-E-IGUALDAD.jpg\"><img loading=\"lazy\" decoding=\"async\" class=\"aligncenter\" alt=\"JORNADA ACCESIBILIDAD E IGUALDAD\" src=\"https:\/\/blogs.ua.es\/campusaccesiblecampusigualitario\/files\/2014\/02\/JORNADA-ACCESIBILIDAD-E-IGUALDAD-723x1024.jpg\" width=\"670\" height=\"948\" \/><\/a><\/p>\n<p style=\"text-align: center\">\n","protected":false},"excerpt":{"rendered":"<p>Jornada de Accesibilidad e Igualdad en el Dise\u00f1o Urbano y Arquitect\u00f3nico 25 y 26 de Febrero de 2014 Escuela Polit\u00e9cnica Superior Universidad de Alicante El pr\u00f3ximo martes 25 de febrero , dentro del MES CULTURAL 2014 de la Escuela Polit\u00e9cnica Superior, da comienzo la Jornada de Accesibilidad e Igualdad en el Dise\u00f1o Urbano y Arquitect\u00f3nico, [&hellip;]<\/p>\n","protected":false},"author":3465,"featured_media":0,"parent":0,"menu_order":0,"comment_status":"open","ping_status":"open","template":"","meta":{"footnotes":""},"class_list":["post-8","page","type-page","status-publish","hentry"],"_links":{"self":[{"href":"https:\/\/blogs.ua.es\/campusaccesiblecampusigualitario\/wp-json\/wp\/v2\/pages\/8","targetHints":{"allow":["GET"]}}],"collection":[{"href":"https:\/\/blogs.ua.es\/campusaccesiblecampusigualitario\/wp-json\/wp\/v2\/pages"}],"about":[{"href":"https:\/\/blogs.ua.es\/campusaccesiblecampusigualitario\/wp-json\/wp\/v2\/types\/page"}],"author":[{"embeddable":true,"href":"https:\/\/blogs.ua.es\/campusaccesiblecampusigualitario\/wp-json\/wp\/v2\/users\/3465"}],"replies":[{"embeddable":true,"href":"https:\/\/blogs.ua.es\/campusaccesiblecampusigualitario\/wp-json\/wp\/v2\/comments?post=8"}],"version-history":[{"count":9,"href":"https:\/\/blogs.ua.es\/campusaccesiblecampusigualitario\/wp-json\/wp\/v2\/pages\/8\/revisions"}],"predecessor-version":[{"id":251,"href":"https:\/\/blogs.ua.es\/campusaccesiblecampusigualitario\/wp-json\/wp\/v2\/pages\/8\/revisions\/251"}],"wp:attachment":[{"href":"https:\/\/blogs.ua.es\/campusaccesiblecampusigualitario\/wp-json\/wp\/v2\/media?parent=8"}],"curies":[{"name":"wp","href":"https:\/\/api.w.org\/{rel}","templated":true}]}}