{"id":26,"date":"2013-01-07T10:32:59","date_gmt":"2013-01-07T10:32:59","guid":{"rendered":"https:\/\/blogs.ua.es\/casimiroros\/?page_id=26"},"modified":"2013-01-27T19:42:12","modified_gmt":"2013-01-27T19:42:12","slug":"fuentes","status":"publish","type":"page","link":"https:\/\/blogs.ua.es\/casimiroros\/fuentes\/","title":{"rendered":"Fuentes"},"content":{"rendered":"<h4>En cuanto a las fuentes consultadas, estas son de diversos tipos, aunque la m\u00e1s importante ha sido el soporte papel.<\/h4>\n<h4>Primeramente, debido a la poca informaci\u00f3n que\u00a0pose\u00edamos\u00a0de nuestro personaje y, a la falta de informaci\u00f3n que se puede\u00a0encontrar\u00a0por Internet, ya que se trata de un ilustre alicantino muy poco conocido en la red, decidimos establecer\u00a0una\u00a0b\u00fasqueda\u00a0gen\u00e9rica en el buscador <em>Google\u00a0<\/em>para saber cuanta informaci\u00f3n hab\u00eda y, as\u00ed tener una peque\u00f1a idea de qui\u00e9n fue nuestro personaje. Este recurso nos sirvi\u00f3 para hallar un poco de informaci\u00f3n sobre nuestro personaje.<\/h4>\n<h4>El siguiente recurso que utilizamos fue la fuente directa a trav\u00e9s de documentos personales. Para ello nos tuvimos que desplazar hacia el Archivo Municipal de Alicante y, tras hablar con\u00a0una\u00a0de las personas regentes del archivo, pudimos saber mucha informaci\u00f3n que nos sirvi\u00f3 para su biograf\u00eda, ya que esta persona era compa\u00f1ero suyo de cuando trabajaba en el sindicato. All\u00ed encontramos toda la informaci\u00f3n para la realizaci\u00f3n de nuestras respectivas entradas. El procedimiento fue que, al no permitirse la retirada de los fondos donados al archivo, lo que hicimos fue sacar fotos a todos los documentos que nos hicieran falta. Por eso este recurso es el m\u00e1s importante ya que, nos ha permitido la realizaci\u00f3n de las entradas para el blog.<\/h4>\n<h4>A continuaci\u00f3n y, de manera repentina, pudimos encontrar dos art\u00edculos en dos peri\u00f3dicos donde mencionaban a nuestro ilustre alicantino y que, nos ha servido para algunas entradas del blog.<\/h4>\n<h4>Finalmente otro recurso importante fue la fuente oral ya que, a trav\u00e9s de las entrevistas a dos compa\u00f1eros suyos pudimos saber mucha m\u00e1s informaci\u00f3n sobre Jos\u00e9 Casimiro Ros y as\u00ed completar la biograf\u00eda.<\/h4>\n","protected":false},"excerpt":{"rendered":"<p>En cuanto a las fuentes consultadas, estas son de diversos tipos, aunque la m\u00e1s importante ha sido el soporte papel. Primeramente, debido a la poca informaci\u00f3n que\u00a0pose\u00edamos\u00a0de nuestro personaje y, a la falta de informaci\u00f3n que se puede\u00a0encontrar\u00a0por Internet, ya que se trata de un ilustre alicantino muy poco conocido en la red, decidimos establecer\u00a0una\u00a0b\u00fasqueda\u00a0gen\u00e9rica [&hellip;]<\/p>\n","protected":false},"author":2918,"featured_media":0,"parent":0,"menu_order":0,"comment_status":"open","ping_status":"open","template":"","meta":{"footnotes":""},"class_list":["post-26","page","type-page","status-publish","hentry"],"_links":{"self":[{"href":"https:\/\/blogs.ua.es\/casimiroros\/wp-json\/wp\/v2\/pages\/26","targetHints":{"allow":["GET"]}}],"collection":[{"href":"https:\/\/blogs.ua.es\/casimiroros\/wp-json\/wp\/v2\/pages"}],"about":[{"href":"https:\/\/blogs.ua.es\/casimiroros\/wp-json\/wp\/v2\/types\/page"}],"author":[{"embeddable":true,"href":"https:\/\/blogs.ua.es\/casimiroros\/wp-json\/wp\/v2\/users\/2918"}],"replies":[{"embeddable":true,"href":"https:\/\/blogs.ua.es\/casimiroros\/wp-json\/wp\/v2\/comments?post=26"}],"version-history":[{"count":4,"href":"https:\/\/blogs.ua.es\/casimiroros\/wp-json\/wp\/v2\/pages\/26\/revisions"}],"predecessor-version":[{"id":229,"href":"https:\/\/blogs.ua.es\/casimiroros\/wp-json\/wp\/v2\/pages\/26\/revisions\/229"}],"wp:attachment":[{"href":"https:\/\/blogs.ua.es\/casimiroros\/wp-json\/wp\/v2\/media?parent=26"}],"curies":[{"name":"wp","href":"https:\/\/api.w.org\/{rel}","templated":true}]}}