{"id":45,"date":"2010-11-11T23:03:57","date_gmt":"2010-11-11T23:03:57","guid":{"rendered":"https:\/\/blogs.ua.es\/catherinearagon\/"},"modified":"2011-01-07T21:55:29","modified_gmt":"2011-01-07T21:55:29","slug":"biografia-2","status":"publish","type":"page","link":"https:\/\/blogs.ua.es\/catherinearagon\/biografia-2\/","title":{"rendered":"Biograf\u00eda"},"content":{"rendered":"<p style=\"text-align: center\"><strong><a href=\"https:\/\/blogs.ua.es\/catherinearagon\/files\/2010\/11\/cataaa.jpg\"><img loading=\"lazy\" decoding=\"async\" class=\"aligncenter\" src=\"https:\/\/blogs.ua.es\/catherinearagon\/files\/2010\/11\/cataaa-150x150.jpg\" alt=\"\" width=\"150\" height=\"150\" \/><\/a>16 diciembre 1485 Alcal\u00e1 de Henares \u2013 Enero 1536, Kimbolton.<\/strong><\/p>\n<p>Benjamina de la abundante prole fruto del matrimonio entre Isabel \u00a0I de Castilla y Fernando de Arag\u00f3n, es decir, los Reyes Cat\u00f3licos. Desde bien peque\u00f1a, fue instruida para ser una gran soberana, motivo por el cual recibi\u00f3 una educaci\u00f3n exquisita basada en la m\u00fasica, las lenguas, los bordados y las manualidades, sin olvidar, claro est\u00e1, la formaci\u00f3n religiosa.<\/p>\n<p>Fue una ni\u00f1a y m\u00e1s adelante una mujer, muy inteligente: Hablaba con soltura lat\u00edn, espa\u00f1ol, ingl\u00e9s, italiano y franc\u00e9s. Era buena en danza y m\u00fasica, as\u00ed como tambi\u00e9n aprendi\u00f3 a bordar con soltura, (siendo ejemplo de ello las ropas que le confeccionaba a su segundo esposo, Enrique VIII de Inglaterra).<\/p>\n<p>En cuanto a su f\u00edsico, decir que ten\u00eda el cabello rubio o cobrizo, que era de estatura media, aunque tendiendo m\u00e1s bien a ser baja y algo rolliza. Se dice que de sus hijas, era la m\u00e1s parecida a su madre, as\u00ed como que tambi\u00e9n ten\u00eda cierto parecido con su antepasada brit\u00e1nica perteneciente a la rama de los Lancaster.<\/p>\n<p>Por lo que respecta a su funci\u00f3n como infanta espa\u00f1ola, deber\u00edamos destacar principalmente, que fue criada para gobernar y para ser casada desde bien joven, por lo que primeramente, fue casada con Arturo Tudor, pr\u00edncipe de Gales hijo de Enrique VII. No obstante, el joven Arturo falleci\u00f3 al poco de contraer nupcias (la boda fue en 1501), y tras ese suceso, Catalina se mantuvo en Inglaterra a la espera y en malas condiciones mientras su padre y su suegro decid\u00edan qu\u00e9 hacer con ella y con su extensa dote. Casi una d\u00e9cada despu\u00e9s, la joven Catalina, se cas\u00f3 en 1509 con el segundo hijo del monarca Tudor: Enrique, quien pasar\u00eda al trono con el nombre de <strong>Enrique VIII<\/strong>.<\/p>\n<p>Pasada la boda, Catalina no fue sino un t\u00edtere o m\u00e1quina reproductora, pues, pese a que al inicio de su matrimonio su relaci\u00f3n con su marido era buena, pronto se vio la dificultad que hab\u00eda para engendrar un heredero que viviera, motivo por el cual, de los embarazos que la espa\u00f1ola tuvo, s\u00f3lo sobrevivi\u00f3 una ni\u00f1a, <strong>Mar\u00eda<\/strong>. Viendo que Catalina no alumbraba heredero var\u00f3n, Enrique VIII r\u00e1pidamente pas\u00f3 a la acci\u00f3n acost\u00e1ndose con cortesanas varias, lo que llev\u00f3 al asunto del divorcio que poco a poco, fue acabando con la vida de Catalina y que adem\u00e1s, fue un gran motivo para la creaci\u00f3n del Cisma anglicano. Catalina, acabar\u00e1 muriendo sola en Kimbolton en p\u00e9simas condiciones sin aceptar el divorcio de su marido y am\u00e1ndole con locura.<\/p>\n","protected":false},"excerpt":{"rendered":"<p>16 diciembre 1485 Alcal\u00e1 de Henares \u2013 Enero 1536, Kimbolton. Benjamina de la abundante prole fruto del matrimonio entre Isabel \u00a0I de Castilla y Fernando de Arag\u00f3n, es decir, los Reyes Cat\u00f3licos. Desde bien peque\u00f1a, fue instruida para ser una gran soberana, motivo por el cual recibi\u00f3 una educaci\u00f3n exquisita basada en la m\u00fasica, las [&hellip;]<\/p>\n","protected":false},"author":1920,"featured_media":0,"parent":0,"menu_order":2,"comment_status":"open","ping_status":"open","template":"","meta":{"footnotes":""},"class_list":["post-45","page","type-page","status-publish","hentry"],"_links":{"self":[{"href":"https:\/\/blogs.ua.es\/catherinearagon\/wp-json\/wp\/v2\/pages\/45","targetHints":{"allow":["GET"]}}],"collection":[{"href":"https:\/\/blogs.ua.es\/catherinearagon\/wp-json\/wp\/v2\/pages"}],"about":[{"href":"https:\/\/blogs.ua.es\/catherinearagon\/wp-json\/wp\/v2\/types\/page"}],"author":[{"embeddable":true,"href":"https:\/\/blogs.ua.es\/catherinearagon\/wp-json\/wp\/v2\/users\/1920"}],"replies":[{"embeddable":true,"href":"https:\/\/blogs.ua.es\/catherinearagon\/wp-json\/wp\/v2\/comments?post=45"}],"version-history":[{"count":6,"href":"https:\/\/blogs.ua.es\/catherinearagon\/wp-json\/wp\/v2\/pages\/45\/revisions"}],"predecessor-version":[{"id":298,"href":"https:\/\/blogs.ua.es\/catherinearagon\/wp-json\/wp\/v2\/pages\/45\/revisions\/298"}],"wp:attachment":[{"href":"https:\/\/blogs.ua.es\/catherinearagon\/wp-json\/wp\/v2\/media?parent=45"}],"curies":[{"name":"wp","href":"https:\/\/api.w.org\/{rel}","templated":true}]}}