{"id":14,"date":"2009-10-05T18:03:30","date_gmt":"2009-10-05T16:03:30","guid":{"rendered":"https:\/\/blogs.ua.es\/ceueah\/?page_id=14"},"modified":"2009-10-05T18:40:51","modified_gmt":"2009-10-05T16:40:51","slug":"introduccion-al-mundo-del-helado","status":"publish","type":"page","link":"https:\/\/blogs.ua.es\/ceueah\/introduccion-al-mundo-del-helado\/","title":{"rendered":"Introducci\u00f3n"},"content":{"rendered":"<p>En este primer bloque de contenido se presenta el curso y se da una visi\u00f3n hist\u00f3rica del helado y su evoluci\u00f3n con el paso del tiempo hasta llegar a la situaci\u00f3n actual. Se define el helado y sus variantes en base a la legislaci\u00f3n actualmente aplicable al sector. Se tratan los siguientes aspectos:<\/p>\n<ol>\n<li>Historia del helado.<\/li>\n<li>Tipos de helado.<\/li>\n<li>Legislaci\u00f3n aplicable.<\/li>\n<\/ol>\n","protected":false},"excerpt":{"rendered":"<p>En este primer bloque de contenido se presenta el curso y se da una visi\u00f3n hist\u00f3rica del helado y su evoluci\u00f3n con el paso del tiempo hasta llegar a la situaci\u00f3n actual. Se define el helado y sus variantes en base a la legislaci\u00f3n actualmente aplicable al sector. Se tratan los siguientes aspectos: Historia del [&hellip;]<\/p>\n","protected":false},"author":1338,"featured_media":0,"parent":0,"menu_order":0,"comment_status":"open","ping_status":"open","template":"","meta":{"footnotes":""},"class_list":["post-14","page","type-page","status-publish","hentry"],"_links":{"self":[{"href":"https:\/\/blogs.ua.es\/ceueah\/wp-json\/wp\/v2\/pages\/14","targetHints":{"allow":["GET"]}}],"collection":[{"href":"https:\/\/blogs.ua.es\/ceueah\/wp-json\/wp\/v2\/pages"}],"about":[{"href":"https:\/\/blogs.ua.es\/ceueah\/wp-json\/wp\/v2\/types\/page"}],"author":[{"embeddable":true,"href":"https:\/\/blogs.ua.es\/ceueah\/wp-json\/wp\/v2\/users\/1338"}],"replies":[{"embeddable":true,"href":"https:\/\/blogs.ua.es\/ceueah\/wp-json\/wp\/v2\/comments?post=14"}],"version-history":[{"count":4,"href":"https:\/\/blogs.ua.es\/ceueah\/wp-json\/wp\/v2\/pages\/14\/revisions"}],"predecessor-version":[{"id":34,"href":"https:\/\/blogs.ua.es\/ceueah\/wp-json\/wp\/v2\/pages\/14\/revisions\/34"}],"wp:attachment":[{"href":"https:\/\/blogs.ua.es\/ceueah\/wp-json\/wp\/v2\/media?parent=14"}],"curies":[{"name":"wp","href":"https:\/\/api.w.org\/{rel}","templated":true}]}}