{"id":2,"date":"2015-11-15T15:58:27","date_gmt":"2015-11-15T15:58:27","guid":{"rendered":"https:\/\/blogs.ua.es\/cienciarenancentista\/?page_id=2"},"modified":"2015-12-11T19:05:23","modified_gmt":"2015-12-11T19:05:23","slug":"pagina-ejemplo","status":"publish","type":"page","link":"https:\/\/blogs.ua.es\/cienciarenancentista\/pagina-ejemplo\/","title":{"rendered":"Exposici\u00f3n y motivos del Blog."},"content":{"rendered":"<p>Buenos d\u00edas, tardes o noches, queridos lectores de nuestro Blog.<\/p>\n<p>Este blog tiene un motivo fundamental que es trasladar a nuestros lectores a los avances cient\u00edficos que se dieron \u00a0en la \u00e9poca del renacimiento. Nuestra intenci\u00f3n es que el lector comprenda como se avanz\u00f3 en todos los aspectos de la vida, como pueden ser la medicina, la imprenta, la f\u00edsica y tambi\u00e9n de la muerte ya que en renacimiento se dieren los grandes avances militares que perdurar\u00edan en los siglos XVI y XVII.<\/p>\n<p>Tambi\u00e9n tenemos que mencionar que este blog lo realizamos 4 alumnos de 3\u00ba de Grado en Historia de la Universidad de Alicante como trabajo pr\u00e1ctico para la asignatura \u00a0de Los Estados Modernos hasta la Paz de Westfaliana. Y como seguimos hablando de intenciones, nuestra intenci\u00f3n es aprobar la asignatura.<\/p>\n<p>Pero bromas aparte, esperamos que os guste nuestro trabajo y que os acerqu\u00e9is un poquito a la \u00c9poca Moderna y os enganch\u00e9is tanto como lo estamos nosotros.<\/p>\n<p style=\"text-align: center\">Un saludo y muchas gracias.<\/p>\n","protected":false},"excerpt":{"rendered":"<p>Buenos d\u00edas, tardes o noches, queridos lectores de nuestro Blog. Este blog tiene un motivo fundamental que es trasladar a nuestros lectores a los avances cient\u00edficos que se dieron \u00a0en la \u00e9poca del renacimiento. Nuestra intenci\u00f3n es que el lector &hellip; <a href=\"https:\/\/blogs.ua.es\/cienciarenancentista\/pagina-ejemplo\/\">Continue reading <span class=\"meta-nav\">&rarr;<\/span><\/a><\/p>\n","protected":false},"author":3361,"featured_media":5,"parent":0,"menu_order":0,"comment_status":"closed","ping_status":"open","template":"","meta":{"footnotes":""},"class_list":["post-2","page","type-page","status-publish","has-post-thumbnail","hentry"],"_links":{"self":[{"href":"https:\/\/blogs.ua.es\/cienciarenancentista\/wp-json\/wp\/v2\/pages\/2","targetHints":{"allow":["GET"]}}],"collection":[{"href":"https:\/\/blogs.ua.es\/cienciarenancentista\/wp-json\/wp\/v2\/pages"}],"about":[{"href":"https:\/\/blogs.ua.es\/cienciarenancentista\/wp-json\/wp\/v2\/types\/page"}],"author":[{"embeddable":true,"href":"https:\/\/blogs.ua.es\/cienciarenancentista\/wp-json\/wp\/v2\/users\/3361"}],"replies":[{"embeddable":true,"href":"https:\/\/blogs.ua.es\/cienciarenancentista\/wp-json\/wp\/v2\/comments?post=2"}],"version-history":[{"count":6,"href":"https:\/\/blogs.ua.es\/cienciarenancentista\/wp-json\/wp\/v2\/pages\/2\/revisions"}],"predecessor-version":[{"id":195,"href":"https:\/\/blogs.ua.es\/cienciarenancentista\/wp-json\/wp\/v2\/pages\/2\/revisions\/195"}],"wp:featuredmedia":[{"embeddable":true,"href":"https:\/\/blogs.ua.es\/cienciarenancentista\/wp-json\/wp\/v2\/media\/5"}],"wp:attachment":[{"href":"https:\/\/blogs.ua.es\/cienciarenancentista\/wp-json\/wp\/v2\/media?parent=2"}],"curies":[{"name":"wp","href":"https:\/\/api.w.org\/{rel}","templated":true}]}}