{"id":24,"date":"2020-09-08T16:11:58","date_gmt":"2020-09-08T16:11:58","guid":{"rendered":"https:\/\/blogs.ua.es\/cienciasplanetariasuaesp\/?page_id=24"},"modified":"2024-10-22T21:47:12","modified_gmt":"2024-10-22T21:47:12","slug":"fondos","status":"publish","type":"page","link":"https:\/\/blogs.ua.es\/cienciasplanetariasuaesp\/fondos\/","title":{"rendered":"Financiaci\u00f3n"},"content":{"rendered":"<p>Contamos con el respaldo de importantes instituciones que nos permiten avanzar en nuestras investigaciones:<\/p>\n<ul>\n<li><strong>Ministerio de Ciencia e Innovaci\u00f3n de Espa\u00f1a<\/strong><br \/>\nHemos recibido financiamiento dentro del programa <em>Retos de la Sociedad<\/em> (2018), dise\u00f1ado para impulsar proyectos que aborden los grandes desaf\u00edos cient\u00edficos y tecnol\u00f3gicos de nuestro tiempo.<\/li>\n<li><strong>Consejo Europeo<\/strong><br \/>\nA trav\u00e9s del proyecto <a href=\"https:\/\/cordis.europa.eu\/project\/id\/870377\">NEO-MAPP project<\/a> (2020), financiado por la Comisi\u00f3n Europea, participamos en un consorcio internacional dedicado al estudio y la mitigaci\u00f3n de amenazas de objetos cercanos a la Tierra (NEOs), clave para la defensa planetaria.<\/li>\n<\/ul>\n","protected":false},"excerpt":{"rendered":"<p>Contamos con el respaldo de importantes instituciones que nos permiten avanzar en nuestras investigaciones: Ministerio de Ciencia e Innovaci\u00f3n de Espa\u00f1a Hemos recibido financiamiento dentro del programa Retos de la Sociedad (2018), dise\u00f1ado para impulsar proyectos que aborden los grandes &hellip; <a href=\"https:\/\/blogs.ua.es\/cienciasplanetariasuaesp\/fondos\/\">Continue reading <span class=\"meta-nav\">&rarr;<\/span><\/a><\/p>\n","protected":false},"author":4446,"featured_media":0,"parent":0,"menu_order":0,"comment_status":"closed","ping_status":"closed","template":"","meta":{"footnotes":""},"class_list":["post-24","page","type-page","status-publish","hentry"],"_links":{"self":[{"href":"https:\/\/blogs.ua.es\/cienciasplanetariasuaesp\/wp-json\/wp\/v2\/pages\/24","targetHints":{"allow":["GET"]}}],"collection":[{"href":"https:\/\/blogs.ua.es\/cienciasplanetariasuaesp\/wp-json\/wp\/v2\/pages"}],"about":[{"href":"https:\/\/blogs.ua.es\/cienciasplanetariasuaesp\/wp-json\/wp\/v2\/types\/page"}],"author":[{"embeddable":true,"href":"https:\/\/blogs.ua.es\/cienciasplanetariasuaesp\/wp-json\/wp\/v2\/users\/4446"}],"replies":[{"embeddable":true,"href":"https:\/\/blogs.ua.es\/cienciasplanetariasuaesp\/wp-json\/wp\/v2\/comments?post=24"}],"version-history":[{"count":3,"href":"https:\/\/blogs.ua.es\/cienciasplanetariasuaesp\/wp-json\/wp\/v2\/pages\/24\/revisions"}],"predecessor-version":[{"id":425,"href":"https:\/\/blogs.ua.es\/cienciasplanetariasuaesp\/wp-json\/wp\/v2\/pages\/24\/revisions\/425"}],"wp:attachment":[{"href":"https:\/\/blogs.ua.es\/cienciasplanetariasuaesp\/wp-json\/wp\/v2\/media?parent=24"}],"curies":[{"name":"wp","href":"https:\/\/api.w.org\/{rel}","templated":true}]}}