{"id":28,"date":"2020-09-08T16:13:52","date_gmt":"2020-09-08T16:13:52","guid":{"rendered":"https:\/\/blogs.ua.es\/cienciasplanetariasuaesp\/?page_id=28"},"modified":"2025-01-19T17:59:01","modified_gmt":"2025-01-19T17:59:01","slug":"misiones-espaciales-hera-y-dart","status":"publish","type":"page","link":"https:\/\/blogs.ua.es\/cienciasplanetariasuaesp\/misiones-espaciales-hera-y-dart\/","title":{"rendered":"Misiones espaciales Hera y DART"},"content":{"rendered":"<h3>La misi\u00f3n Asteroid Impact &amp; Deflection Assessment (AIDA)<\/h3>\n<p>La colaboraci\u00f3n<strong>\u00a0AIDA<\/strong> (Asteroid Impact &amp; Deflection Assessment) entre la <strong>ESA<\/strong> y la <strong>NASA<\/strong>, ha demostrado con \u00e9xito el concepto de <strong>impactador cin\u00e9tico<\/strong> para desviar asteroides, marcando un hito en la defensa planetaria. Este innovador experimento ha permitido estudiar las propiedades f\u00edsicas de los asteroides tras un impacto controlado.<\/p>\n<p>AIDA est\u00e1 compuesta por dos misiones independientes pero complementarias: el <strong>proyectil DART<\/strong> (Double Asteroid Redirection Test, de la NASA) y la nave espacial observadora <strong>Hera<\/strong> (de la ESA). Ambas misiones fueron aprobadas y lanzadas por sus respectivas agencias.<\/p>\n<p>En octubre de 2022, la misi\u00f3n <strong>DART<\/strong> logr\u00f3 impactar con \u00e9xito a <strong>Dimorphos<\/strong>, el asteroide secundario del sistema binario <strong>(65803) Didymos<\/strong>, desviando su \u00f3rbita de manera controlada. Este evento se consolid\u00f3 como la primera demostraci\u00f3n pr\u00e1ctica de la desviaci\u00f3n de un objeto cercano a la Tierra.<\/p>\n<p>La nave <strong>Hera<\/strong> fue lanzada el <strong>7 de octubre de 2024<\/strong>, y actualmente se encuentra en su trayecto hacia Didymos. El <strong>12 de marzo <\/strong>realizar\u00e1 un flyby de <strong>Marte<\/strong> tomando im\u00e1genes in\u00e9ditas del sat\u00e9lite<strong>\u00a0Deimos. <\/strong><\/p>\n<p>Se espera que llegue a su destino a f<strong>inales de 2026<\/strong>, para estudiar los efectos del impacto de DART, caracterizar las propiedades f\u00edsicas tanto de Dimorphos como de Didymos, y proporcionar datos cruciales que guiar\u00e1n futuras estrategias de defensa planetaria.<\/p>\n<p>Si deseas conocer m\u00e1s detalles sobre el dise\u00f1o de la misi\u00f3n Hera y ver parte de su lanzamiento, puedes consultar este video: <a href=\"https:\/\/www.youtube.com\/watch?v=ljPZKwAN1IY\" target=\"_new\" rel=\"noopener\">Dise\u00f1o y lanzamiento de Hera<\/a>.<\/p>\n<p>La <strong>secci\u00f3n de Ciencias Planetarias<\/strong> del grupo de investigaci\u00f3n A&amp;A de la <strong>Universidad de Alicante<\/strong> contin\u00faa colaborando en ambas misiones. <strong>Adriano Campo Bagatin<\/strong> es miembro destacado del <strong>Equipo de Investigaci\u00f3n de Hera<\/strong> (ESA) y del <strong>Comit\u00e9 de Coordinaci\u00f3n de AIDA<\/strong>. <strong>Paula Benavidez<\/strong>, <strong>Antonio Santana<\/strong>, y <strong>ACB<\/strong> formaron parte del <strong>DART Science Team<\/strong> (NASA), contribuyendo al an\u00e1lisis del impacto exitoso de DART y al seguimiento de la evoluci\u00f3n de Dimorphos.<\/p>\n<p>La mayor\u00eda de los miembros del equipo de Ciencias Planetarias forma parte de los grupos de trabajo sobre caracterizaci\u00f3n (WG4) y din\u00e1mica (WG3), del que ACB es uno de los coordinadores.<\/p>\n<p>Con <strong>Hera<\/strong> en camino, los datos que recopilar\u00e1 en 2027 ser\u00e1n fundamentales para comprender mejor los impactos cin\u00e9ticos en los asteroides y definir el futuro de las misiones de defensa planetaria.<\/p>\n<p>&nbsp;<\/p>\n<p><strong>&#8220;\u00bf\u00bfD\u00f3nde est\u00e1 Hera??&#8221;<\/strong>: Si tienes curiosidad de donde se encuentra actualmente Hera en el espacio, puedes hacer click en el siguiente enlace <a class=\"v1moz-txt-link-freetext\" href=\"https:\/\/whereis.space\/hera\/\" target=\"_blank\" rel=\"noopener noreferrer\">https:\/\/whereis.space\/hera\/<\/a><\/p>\n<p>&nbsp;<\/p>\n<p>&nbsp;<\/p>\n<p><img loading=\"lazy\" decoding=\"async\" class=\"wp-image-5 alignleft\" src=\"https:\/\/blogs.ua.es\/cienciasplanetariasuaesp\/files\/2020\/09\/Hera_mission_logo-300x300.jpg\" alt=\"\" width=\"199\" height=\"199\" srcset=\"https:\/\/blogs.ua.es\/cienciasplanetariasuaesp\/files\/2020\/09\/Hera_mission_logo-300x300.jpg 300w, https:\/\/blogs.ua.es\/cienciasplanetariasuaesp\/files\/2020\/09\/Hera_mission_logo-150x150.jpg 150w, https:\/\/blogs.ua.es\/cienciasplanetariasuaesp\/files\/2020\/09\/Hera_mission_logo-768x768.jpg 768w, https:\/\/blogs.ua.es\/cienciasplanetariasuaesp\/files\/2020\/09\/Hera_mission_logo.jpg 886w\" sizes=\"auto, (max-width: 199px) 100vw, 199px\" \/>\u00a0 \u00a0 \u00a0 <img loading=\"lazy\" decoding=\"async\" class=\"wp-image-4 alignleft\" src=\"https:\/\/blogs.ua.es\/cienciasplanetariasuaesp\/files\/2020\/09\/DART-hz-logo-multi-dark-300x100.png\" alt=\"\" width=\"291\" height=\"105\" \/><\/p>\n<p><iframe loading=\"lazy\" title=\"Hera: ESA\u2019s Planetary Defense Mission With Queen Guitarist Brian May\" width=\"584\" height=\"329\" src=\"https:\/\/www.youtube.com\/embed\/gNycsXeBwIs?feature=oembed\" frameborder=\"0\" allow=\"accelerometer; autoplay; clipboard-write; encrypted-media; gyroscope; picture-in-picture; web-share\" referrerpolicy=\"strict-origin-when-cross-origin\" allowfullscreen><\/iframe><\/p>\n","protected":false},"excerpt":{"rendered":"<p>La misi\u00f3n Asteroid Impact &amp; Deflection Assessment (AIDA) La colaboraci\u00f3n\u00a0AIDA (Asteroid Impact &amp; Deflection Assessment) entre la ESA y la NASA, ha demostrado con \u00e9xito el concepto de impactador cin\u00e9tico para desviar asteroides, marcando un hito en la defensa planetaria. &hellip; <a href=\"https:\/\/blogs.ua.es\/cienciasplanetariasuaesp\/misiones-espaciales-hera-y-dart\/\">Continue reading <span class=\"meta-nav\">&rarr;<\/span><\/a><\/p>\n","protected":false},"author":4446,"featured_media":0,"parent":0,"menu_order":0,"comment_status":"closed","ping_status":"closed","template":"","meta":{"footnotes":""},"class_list":["post-28","page","type-page","status-publish","hentry"],"_links":{"self":[{"href":"https:\/\/blogs.ua.es\/cienciasplanetariasuaesp\/wp-json\/wp\/v2\/pages\/28","targetHints":{"allow":["GET"]}}],"collection":[{"href":"https:\/\/blogs.ua.es\/cienciasplanetariasuaesp\/wp-json\/wp\/v2\/pages"}],"about":[{"href":"https:\/\/blogs.ua.es\/cienciasplanetariasuaesp\/wp-json\/wp\/v2\/types\/page"}],"author":[{"embeddable":true,"href":"https:\/\/blogs.ua.es\/cienciasplanetariasuaesp\/wp-json\/wp\/v2\/users\/4446"}],"replies":[{"embeddable":true,"href":"https:\/\/blogs.ua.es\/cienciasplanetariasuaesp\/wp-json\/wp\/v2\/comments?post=28"}],"version-history":[{"count":8,"href":"https:\/\/blogs.ua.es\/cienciasplanetariasuaesp\/wp-json\/wp\/v2\/pages\/28\/revisions"}],"predecessor-version":[{"id":491,"href":"https:\/\/blogs.ua.es\/cienciasplanetariasuaesp\/wp-json\/wp\/v2\/pages\/28\/revisions\/491"}],"wp:attachment":[{"href":"https:\/\/blogs.ua.es\/cienciasplanetariasuaesp\/wp-json\/wp\/v2\/media?parent=28"}],"curies":[{"name":"wp","href":"https:\/\/api.w.org\/{rel}","templated":true}]}}