{"id":262,"date":"2013-01-18T22:55:33","date_gmt":"2013-01-18T22:55:33","guid":{"rendered":"https:\/\/blogs.ua.es\/cienciaytecnologiasigloxvi\/?page_id=262"},"modified":"2013-01-19T00:28:45","modified_gmt":"2013-01-19T00:28:45","slug":"videos","status":"publish","type":"page","link":"https:\/\/blogs.ua.es\/cienciaytecnologiasigloxvi\/videos\/","title":{"rendered":"V\u00eddeos"},"content":{"rendered":"<p>&nbsp;<\/p>\n<p>Con los v\u00eddeos e im\u00e1genes podemos entender mejor las teor\u00edas.<\/p>\n<p>Aqu\u00ed he listado unos:<\/p>\n<p>&nbsp;<\/p>\n<h4><strong>William Harvey y la circulaci\u00f3n sangu\u00ednea<\/strong> \u00a0\u00a0<a href=\"https:\/\/www.youtube.com\/watch?v=q5YZ4W0BdUQ\">https:\/\/www.youtube.com\/watch?v=q5YZ4W0BdUQ<\/a><\/h4>\n<h4><strong>Historia del Microscopio<\/strong> \u00a0 \u00a0<a href=\"https:\/\/www.youtube.com\/watch?v=HzHAECxLjs0\">https:\/\/www.youtube.com\/watch?v=HzHAECxLjs0<\/a><\/h4>\n<h4><strong>Historia\u00a0de los telescopios<\/strong> \u00a0<a href=\"https:\/\/www.youtube.com\/watch?v=GoSUZuH2pMo\">https:\/\/www.youtube.com\/watch?v=GoSUZuH2pMo<\/a><\/h4>\n<h4><strong>Cartograf\u00eda<\/strong> \u00a0\u00a0<a href=\"https:\/\/www.youtube.com\/watch?v=FSDqwmLnFtU\">https:\/\/www.youtube.com\/watch?v=FSDqwmLnFtU<\/a><\/h4>\n<p>&nbsp;<\/p>\n<p>&nbsp;<\/p>\n<p>&nbsp;<\/p>\n","protected":false},"excerpt":{"rendered":"<p>&nbsp; Con los v\u00eddeos e im\u00e1genes podemos entender mejor las teor\u00edas. Aqu\u00ed he listado unos: &nbsp; William Harvey y la circulaci\u00f3n sangu\u00ednea \u00a0\u00a0https:\/\/www.youtube.com\/watch?v=q5YZ4W0BdUQ Historia del Microscopio \u00a0 \u00a0https:\/\/www.youtube.com\/watch?v=HzHAECxLjs0 Historia\u00a0de los telescopios \u00a0https:\/\/www.youtube.com\/watch?v=GoSUZuH2pMo Cartograf\u00eda \u00a0\u00a0https:\/\/www.youtube.com\/watch?v=FSDqwmLnFtU &nbsp; &nbsp; &nbsp;<\/p>\n","protected":false},"author":2741,"featured_media":0,"parent":0,"menu_order":0,"comment_status":"open","ping_status":"open","template":"","meta":{"footnotes":""},"class_list":["post-262","page","type-page","status-publish","hentry"],"_links":{"self":[{"href":"https:\/\/blogs.ua.es\/cienciaytecnologiasigloxvi\/wp-json\/wp\/v2\/pages\/262","targetHints":{"allow":["GET"]}}],"collection":[{"href":"https:\/\/blogs.ua.es\/cienciaytecnologiasigloxvi\/wp-json\/wp\/v2\/pages"}],"about":[{"href":"https:\/\/blogs.ua.es\/cienciaytecnologiasigloxvi\/wp-json\/wp\/v2\/types\/page"}],"author":[{"embeddable":true,"href":"https:\/\/blogs.ua.es\/cienciaytecnologiasigloxvi\/wp-json\/wp\/v2\/users\/2741"}],"replies":[{"embeddable":true,"href":"https:\/\/blogs.ua.es\/cienciaytecnologiasigloxvi\/wp-json\/wp\/v2\/comments?post=262"}],"version-history":[{"count":6,"href":"https:\/\/blogs.ua.es\/cienciaytecnologiasigloxvi\/wp-json\/wp\/v2\/pages\/262\/revisions"}],"predecessor-version":[{"id":290,"href":"https:\/\/blogs.ua.es\/cienciaytecnologiasigloxvi\/wp-json\/wp\/v2\/pages\/262\/revisions\/290"}],"wp:attachment":[{"href":"https:\/\/blogs.ua.es\/cienciaytecnologiasigloxvi\/wp-json\/wp\/v2\/media?parent=262"}],"curies":[{"name":"wp","href":"https:\/\/api.w.org\/{rel}","templated":true}]}}