{"id":166,"date":"2014-05-26T16:12:56","date_gmt":"2014-05-26T16:12:56","guid":{"rendered":"https:\/\/blogs.ua.es\/cinealicante\/?page_id=166"},"modified":"2014-05-26T17:00:55","modified_gmt":"2014-05-26T17:00:55","slug":"3-metodologia","status":"publish","type":"page","link":"https:\/\/blogs.ua.es\/cinealicante\/3-metodologia","title":{"rendered":"3 Metodolog\u00eda"},"content":{"rendered":"<p>La metodolog\u00eda para la realizaci\u00f3n de este trabajo no ha sido tan f\u00e1cil como me esperaba debido a que como ya he dicho, Agost es un pueblo peque\u00f1o, esto tiene cosas buenas, pero al tener tan poca historia &#8221;interesante&#8221; por llamarlo de alguna manera, y que no tiene una tradici\u00f3n hist\u00f3rica, poca gente se encarga de almacenar la informaci\u00f3n.<\/p>\n<p>Cuando llegu\u00e9 al ayuntamiento (Agost no tiene archivo propio) y pregunte por los libros de actas, a lo que me respondieron que no ten\u00edan ni idea de que les hablaba, me enviaron a la Casa de la Cultura a \u00a0buscar a un tal &#8221;Antonio&#8221;, una especie de sabio de la historia de Agost. Cuando le encontr\u00e9, me explico lo que ya he mencionado, nadie se ha preocupado por los documentos de archivo en este pueblo, es algo que les es muy desconocido, y la \u00fanica persona con nociones de archiv\u00edstica del pueblo (hab\u00eda sido becario de los archivos) era \u00e9l mismo, ahora conserje.<\/p>\n<p>Tras algunas llamadas logr\u00f3 darme la rese\u00f1a de lo que el cre\u00eda que ser\u00edan los libros de actas que necesitaba, fui al ayuntamiento, y me dijeron que ya sab\u00edan que ten\u00edan que darme, pero que sin el permiso del secretario (que casualmente no estar\u00eda en todo el d\u00eda) no pod\u00eda realizar fotos o fotocopias a los libros de actas.<\/p>\n<p>Regres\u00e9 el Lunes siguiente, y todo fue mucho m\u00e1s sencillo con apenas un simple &#8221;si, por supuesto&#8221; el secretario me dio permiso para analizar los dichosos libros de actas, me hicieron rellenar un papel dejando constancia de mi visita y me llevaron a una vivienda en la cual, uno de los pisos estaba destinado a almacenar los libros de actas y pude fotocopiarlos por fin.<\/p>\n<p>Quiero destacar que, a pesar de que parece que critique a los trabajadores del ayuntamiento por su &#8221;pasotismo&#8221;, no es as\u00ed, esto fue fruto del desconocimiento con respecto a cualquier tema relacionado con los archivos, una vez supieron lo que necesitaba recib\u00ed mucha colaboraci\u00f3n por su parte.<\/p>\n","protected":false},"excerpt":{"rendered":"<p>La metodolog\u00eda para la realizaci\u00f3n de este trabajo no ha sido tan f\u00e1cil como me esperaba debido a que como ya he dicho, Agost es un pueblo peque\u00f1o, esto tiene cosas buenas, pero al tener tan poca historia &#8221;interesante&#8221; por llamarlo de alguna manera, y que no tiene una tradici\u00f3n hist\u00f3rica, poca gente se encarga [&hellip;]<\/p>\n","protected":false},"author":2394,"featured_media":0,"parent":0,"menu_order":0,"comment_status":"open","ping_status":"open","template":"","meta":{"footnotes":""},"class_list":["post-166","page","type-page","status-publish","hentry"],"_links":{"self":[{"href":"https:\/\/blogs.ua.es\/cinealicante\/wp-json\/wp\/v2\/pages\/166","targetHints":{"allow":["GET"]}}],"collection":[{"href":"https:\/\/blogs.ua.es\/cinealicante\/wp-json\/wp\/v2\/pages"}],"about":[{"href":"https:\/\/blogs.ua.es\/cinealicante\/wp-json\/wp\/v2\/types\/page"}],"author":[{"embeddable":true,"href":"https:\/\/blogs.ua.es\/cinealicante\/wp-json\/wp\/v2\/users\/2394"}],"replies":[{"embeddable":true,"href":"https:\/\/blogs.ua.es\/cinealicante\/wp-json\/wp\/v2\/comments?post=166"}],"version-history":[{"count":3,"href":"https:\/\/blogs.ua.es\/cinealicante\/wp-json\/wp\/v2\/pages\/166\/revisions"}],"predecessor-version":[{"id":174,"href":"https:\/\/blogs.ua.es\/cinealicante\/wp-json\/wp\/v2\/pages\/166\/revisions\/174"}],"wp:attachment":[{"href":"https:\/\/blogs.ua.es\/cinealicante\/wp-json\/wp\/v2\/media?parent=166"}],"curies":[{"name":"wp","href":"https:\/\/api.w.org\/{rel}","templated":true}]}}