{"id":8,"date":"2012-09-25T15:31:10","date_gmt":"2012-09-25T15:31:10","guid":{"rendered":"https:\/\/blogs.ua.es\/ciudadescastellanassigloxvi\/?page_id=8"},"modified":"2013-01-13T20:34:55","modified_gmt":"2013-01-13T20:34:55","slug":"presentacion","status":"publish","type":"page","link":"https:\/\/blogs.ua.es\/ciudadescastellanassigloxvi\/presentacion\/","title":{"rendered":"Presentaci\u00f3n"},"content":{"rendered":"<p style=\"text-align: justify\">Soy Adeline Cousseau, una estudiante de Francia. Estoy de Erasmus este cuatrimestre en la Universidad de Alicante.<\/p>\n<p style=\"text-align: justify\">Estoy siguiendo la asignatura Historia Moderna de Espa\u00f1a con el profesor Antonio Carrasco Rodr\u00edguez. Tenemos que presentar un blog sobre un tema relacionado con el periodo que estudiamos, historia moderna de Espa\u00f1a. Es la primera vez que llevo un blog pero creo que es una muy buena idea para aumentar la curiosidad de los estudiantes. Para mi es el caso.<\/p>\n<p style=\"text-align: justify\">He elegido el tema siguiente: las ciudades castellanas en el siglo XVI, donde hablar\u00e9 de las ciudades m\u00e1s importantes del periodo en cuanto a la arquitectura, arte, econom\u00eda\u2026 Cultura que a\u00fan hoy sigue teniendo mucha importancia en el turismo del pa\u00eds.<\/p>\n","protected":false},"excerpt":{"rendered":"<p>Soy Adeline Cousseau, una estudiante de Francia. Estoy de Erasmus este cuatrimestre en la Universidad de Alicante. Estoy siguiendo la asignatura Historia Moderna de Espa\u00f1a con el profesor Antonio Carrasco Rodr\u00edguez. Tenemos que presentar un blog sobre un tema relacionado &hellip; <a href=\"https:\/\/blogs.ua.es\/ciudadescastellanassigloxvi\/presentacion\/\">Continue reading <span class=\"meta-nav\">&rarr;<\/span><\/a><\/p>\n","protected":false},"author":2762,"featured_media":0,"parent":0,"menu_order":1,"comment_status":"open","ping_status":"closed","template":"","meta":{"footnotes":""},"class_list":["post-8","page","type-page","status-publish","hentry"],"_links":{"self":[{"href":"https:\/\/blogs.ua.es\/ciudadescastellanassigloxvi\/wp-json\/wp\/v2\/pages\/8","targetHints":{"allow":["GET"]}}],"collection":[{"href":"https:\/\/blogs.ua.es\/ciudadescastellanassigloxvi\/wp-json\/wp\/v2\/pages"}],"about":[{"href":"https:\/\/blogs.ua.es\/ciudadescastellanassigloxvi\/wp-json\/wp\/v2\/types\/page"}],"author":[{"embeddable":true,"href":"https:\/\/blogs.ua.es\/ciudadescastellanassigloxvi\/wp-json\/wp\/v2\/users\/2762"}],"replies":[{"embeddable":true,"href":"https:\/\/blogs.ua.es\/ciudadescastellanassigloxvi\/wp-json\/wp\/v2\/comments?post=8"}],"version-history":[{"count":9,"href":"https:\/\/blogs.ua.es\/ciudadescastellanassigloxvi\/wp-json\/wp\/v2\/pages\/8\/revisions"}],"predecessor-version":[{"id":12,"href":"https:\/\/blogs.ua.es\/ciudadescastellanassigloxvi\/wp-json\/wp\/v2\/pages\/8\/revisions\/12"}],"wp:attachment":[{"href":"https:\/\/blogs.ua.es\/ciudadescastellanassigloxvi\/wp-json\/wp\/v2\/media?parent=8"}],"curies":[{"name":"wp","href":"https:\/\/api.w.org\/{rel}","templated":true}]}}