{"id":10,"date":"2010-05-21T20:10:06","date_gmt":"2010-05-21T18:10:06","guid":{"rendered":"https:\/\/blogs.ua.es\/cnc2010\/?page_id=10"},"modified":"2011-03-16T14:31:11","modified_gmt":"2011-03-16T12:31:11","slug":"conferencias-invitadas","status":"publish","type":"page","link":"https:\/\/blogs.ua.es\/cnc2010\/congreso-virtual\/conferencias-invitadas\/","title":{"rendered":"Conferencias Invitadas"},"content":{"rendered":"<p><em><strong>10:00 &#8211; 11:00 Mi\u00e9rcoles 30 de Junio de 2010<\/strong><\/em><\/p>\n<p>\u201c<strong><a href=\"ci1\/\" target=\"_self\">Dynamic colour of chromogenic materials<\/a><\/strong>\u201d<\/p>\n<p>a cargo de la <em>Dr. Marta Klanj\u0161ek Gunde<\/em>, National Institute of Chemistry, Ljubljana (Slovenia)<\/p>\n<p><!--more--><\/p>\n<p><em><strong>9.00\u00a0-10.00, Jueves 1 de Julio de 2010<\/strong><\/em><\/p>\n<p><strong>\u201c<a href=\"ci2\/\" target=\"_self\">Historia de los sistemas de ordenamiento del color desarrollados en relaci\u00f3n con la arquitectura<\/a><\/strong><strong>\u201d<\/strong><\/p>\n<p>a cargo del <em>Dr. Jos\u00e9 Lu\u00eds Caivano, Facultad de Arquitectura, Dise\u00f1o y Urbanismo, Universidad de Buenos Aires<\/em><\/p>\n<p><!--more--><\/p>\n<p><em><strong>12.00-13.00, Jueves 1 de Julio de 2010<\/strong><\/em><\/p>\n<p>\u201c<strong><a href=\"ci3\/\" target=\"_self\">Status Quo and Future of Anti-counterfeit Technologies \u2013 The Role of Colou<\/a><\/strong><strong>r<\/strong>\u201d<\/p>\n<p>a cargo del <em>Dr. Long Lin<\/em>, <em>University<\/em><em> of Leeds<\/em><\/p>\n<p><!--more--><\/p>\n<p><em><strong>9.00-10.00 Viernes 2 de Julio de 2010<\/strong><\/em><\/p>\n<p><strong>\u201c<a href=\"ci4\/\" target=\"_self\">Red Wine Color &#8211; Relating Color to Composition in Young Wines and Predicting the Color of Aged Wines<\/a><\/strong><strong>\u201d<\/strong><\/p>\n<p>a cargo del <em>Dr. Roger Boulton,<\/em> <em>Department of Viticulture and Enology, University of California<\/em><\/p>\n<p><em><!--more--><a href=\"https:\/\/blogs.ua.es\/cnc2010\/congreso-virtual\/\"><img loading=\"lazy\" decoding=\"async\" class=\"aligncenter size-full wp-image-515\" src=\"https:\/\/blogs.ua.es\/cnc2010\/files\/2010\/06\/volver.jpg\" alt=\"\" width=\"43\" height=\"11\" \/><\/a><br \/>\n<\/em><\/p>\n","protected":false},"excerpt":{"rendered":"<p>10:00 &#8211; 11:00 Mi\u00e9rcoles 30 de Junio de 2010 \u201cDynamic colour of chromogenic materials\u201d a cargo de la Dr. Marta Klanj\u0161ek Gunde, National Institute of Chemistry, Ljubljana (Slovenia)<\/p>\n","protected":false},"author":1386,"featured_media":0,"parent":3,"menu_order":1,"comment_status":"closed","ping_status":"closed","template":"","meta":{"footnotes":""},"class_list":["post-10","page","type-page","status-publish","hentry"],"_links":{"self":[{"href":"https:\/\/blogs.ua.es\/cnc2010\/wp-json\/wp\/v2\/pages\/10","targetHints":{"allow":["GET"]}}],"collection":[{"href":"https:\/\/blogs.ua.es\/cnc2010\/wp-json\/wp\/v2\/pages"}],"about":[{"href":"https:\/\/blogs.ua.es\/cnc2010\/wp-json\/wp\/v2\/types\/page"}],"author":[{"embeddable":true,"href":"https:\/\/blogs.ua.es\/cnc2010\/wp-json\/wp\/v2\/users\/1386"}],"replies":[{"embeddable":true,"href":"https:\/\/blogs.ua.es\/cnc2010\/wp-json\/wp\/v2\/comments?post=10"}],"version-history":[{"count":19,"href":"https:\/\/blogs.ua.es\/cnc2010\/wp-json\/wp\/v2\/pages\/10\/revisions"}],"predecessor-version":[{"id":12,"href":"https:\/\/blogs.ua.es\/cnc2010\/wp-json\/wp\/v2\/pages\/10\/revisions\/12"}],"up":[{"embeddable":true,"href":"https:\/\/blogs.ua.es\/cnc2010\/wp-json\/wp\/v2\/pages\/3"}],"wp:attachment":[{"href":"https:\/\/blogs.ua.es\/cnc2010\/wp-json\/wp\/v2\/media?parent=10"}],"curies":[{"name":"wp","href":"https:\/\/api.w.org\/{rel}","templated":true}]}}