{"id":110,"date":"2010-06-08T12:56:25","date_gmt":"2010-06-08T10:56:25","guid":{"rendered":"https:\/\/blogs.ua.es\/cnc2010\/?page_id=110"},"modified":"2011-04-19T09:40:27","modified_gmt":"2011-04-19T07:40:27","slug":"oa3","status":"publish","type":"page","link":"https:\/\/blogs.ua.es\/cnc2010\/congreso-virtual\/ciencia-del-color\/oa3\/","title":{"rendered":"Resultados previos de la funci\u00f3n de distribuci\u00f3n de dispersi\u00f3n bidireccional de un patr\u00f3n colorim\u00e9trico"},"content":{"rendered":"<p>12.00, Mi\u00e9rcoles, 30 de Junio de 2010<\/p>\n<p><span style=\"text-decoration: underline\"><strong>Autores:<\/strong><\/span><\/p>\n<p><em>A. M. Rabal, A. Ferrero, J. L. Fontecha, A. Pons, J. Campos, A. Corr\u00f3ns<\/em><\/p>\n<p><span style=\"text-decoration: underline\"><strong>RESUMEN:<\/strong><\/span><\/p>\n<p>Se describe el gonio-espectrofot\u00f3metro construido en el Departamento de Metrolog\u00eda del Instituto de F\u00edsica Aplicada para la medida de la Funci\u00f3n de Distribuci\u00f3n de Dispersi\u00f3n Bidireccional (BSDF) con baja incertidumbre. Se desarrolla la ecuaci\u00f3n de medida y de c\u00e1lculo de la incertidumbre asociada a los valores de la funci\u00f3n de distribuci\u00f3n BSDF y se presentan los primeros resultados obtenidos al medir la BSDF de patrones colorim\u00e9tricos basados en tejas cer\u00e1micas de brillo.<\/p>\n<p><strong><span style=\"text-decoration: underline\">Visualiza la presentaci\u00f3n:<\/span><\/strong><\/p>\n<p><a href=\"https:\/\/zebra.cpd.ua.es\/vertice\/2780\" target=\"_blank\">V\u00eddeo<\/a><\/p>\n<p><a href=\"https:\/\/docs.google.com\/viewer?a=v&amp;pid=sites&amp;srcid=ZGVmYXVsdGRvbWFpbnxwb3N0ZXJzY25jfGd4OjQ1NmJlOGNiNTZkZjdmZTk\" target=\"_blank\">Charla<\/a><\/p>\n<p><a href=\"https:\/\/blogs.ua.es\/cnc2010\/congreso-virtual\/ciencia-del-color\"><img loading=\"lazy\" decoding=\"async\" class=\"aligncenter size-full wp-image-515\" src=\"https:\/\/blogs.ua.es\/cnc2010\/files\/2010\/06\/volver.jpg\" alt=\"\" width=\"43\" height=\"11\" \/><\/a><\/p>\n","protected":false},"excerpt":{"rendered":"<p>12.00, Mi\u00e9rcoles, 30 de Junio de 2010 Autores: A. M. Rabal, A. Ferrero, J. L. Fontecha, A. Pons, J. Campos, A. Corr\u00f3ns RESUMEN: Se describe el gonio-espectrofot\u00f3metro construido en el Departamento de Metrolog\u00eda del Instituto de F\u00edsica Aplicada para la medida de la Funci\u00f3n de Distribuci\u00f3n de Dispersi\u00f3n Bidireccional (BSDF) con baja incertidumbre. Se desarrolla [&hellip;]<\/p>\n","protected":false},"author":1386,"featured_media":0,"parent":92,"menu_order":3,"comment_status":"open","ping_status":"open","template":"","meta":{"footnotes":""},"class_list":["post-110","page","type-page","status-publish","hentry"],"_links":{"self":[{"href":"https:\/\/blogs.ua.es\/cnc2010\/wp-json\/wp\/v2\/pages\/110","targetHints":{"allow":["GET"]}}],"collection":[{"href":"https:\/\/blogs.ua.es\/cnc2010\/wp-json\/wp\/v2\/pages"}],"about":[{"href":"https:\/\/blogs.ua.es\/cnc2010\/wp-json\/wp\/v2\/types\/page"}],"author":[{"embeddable":true,"href":"https:\/\/blogs.ua.es\/cnc2010\/wp-json\/wp\/v2\/users\/1386"}],"replies":[{"embeddable":true,"href":"https:\/\/blogs.ua.es\/cnc2010\/wp-json\/wp\/v2\/comments?post=110"}],"version-history":[{"count":8,"href":"https:\/\/blogs.ua.es\/cnc2010\/wp-json\/wp\/v2\/pages\/110\/revisions"}],"predecessor-version":[{"id":543,"href":"https:\/\/blogs.ua.es\/cnc2010\/wp-json\/wp\/v2\/pages\/110\/revisions\/543"}],"up":[{"embeddable":true,"href":"https:\/\/blogs.ua.es\/cnc2010\/wp-json\/wp\/v2\/pages\/92"}],"wp:attachment":[{"href":"https:\/\/blogs.ua.es\/cnc2010\/wp-json\/wp\/v2\/media?parent=110"}],"curies":[{"name":"wp","href":"https:\/\/api.w.org\/{rel}","templated":true}]}}