{"id":120,"date":"2010-06-08T13:39:15","date_gmt":"2010-06-08T11:39:15","guid":{"rendered":"https:\/\/blogs.ua.es\/cnc2010\/?page_id=120"},"modified":"2011-04-19T09:45:24","modified_gmt":"2011-04-19T07:45:24","slug":"oa6","status":"publish","type":"page","link":"https:\/\/blogs.ua.es\/cnc2010\/congreso-virtual\/ciencia-del-color\/oa6\/","title":{"rendered":"Optimizaci\u00f3n de fuentes de luz para la iluminaci\u00f3n del patrimonio art\u00edstico. Aplicaci\u00f3n a las pinturas rupestres de la cueva de \u201cEl Castillo&#8221;"},"content":{"rendered":"<p>12.45, Mi\u00e9rcoles, \u00a030 de Junio de 2010<\/p>\n<p><span style=\"text-decoration: underline\"><strong>Autores:<\/strong><\/span><\/p>\n<p><em>Jes\u00fas Zoido, Daniel V\u00e1zquez, Antonio \u00c1lvarez, Ju\u00e1n Antonio Herraez, Marian del Egido, Roberto Onta\u00f1\u00f3n<\/em><\/p>\n<p><span style=\"text-decoration: underline\"><strong>RESUMEN:<\/strong><\/span><\/p>\n<p>La iluminaci\u00f3n de obras de arte es una tarea extremadamente delicada y de fundamental importancia en lo que a la exposici\u00f3n y conservaci\u00f3n del patrimonio hist\u00f3rico respecta. Por una parte, se hace necesario recurrir a una iluminaci\u00f3n adecuada que permita al publico una correcta percepci\u00f3n crom\u00e1tica de las mismas y por otra, las normas b\u00e1sicas de conservaci\u00f3n hacen que resulte imprescindible reducir al m\u00e1ximo posible el da\u00f1o producido sobre las obras por la radiaci\u00f3n a la que se encuentran sometidas. Estas dos necesidades, aunque en principio antag\u00f3nicas, se pueden reconciliar. En este trabajo se propone un procedimiento sistem\u00e1tico para el dise\u00f1o de distribuciones espectrales de luz adecuadas para la iluminaci\u00f3n de obras de arte en general. El procedimiento propuesto se aplica a las pinturas rupestres ubicadas en la Cueva de el Castillo en Puente Viesgo (Cantabria).<\/p>\n<p><strong><span style=\"text-decoration: underline\">Visualiza la presentaci\u00f3n:<\/span><\/strong><\/p>\n<p><a href=\"https:\/\/zebra.cpd.ua.es\/vertice\/2821\" target=\"_blank\">V\u00eddeo<\/a><\/p>\n<p><a href=\"https:\/\/docs.google.com\/viewer?a=v&amp;pid=sites&amp;srcid=ZGVmYXVsdGRvbWFpbnxwb3N0ZXJzY25jfGd4OjRjMjNiOTA3YjY3NDE4ZjA\" target=\"_blank\">Charla<\/a><\/p>\n<p><a href=\"https:\/\/blogs.ua.es\/cnc2010\/congreso-virtual\/ciencia-del-color\" target=\"_self\"><img loading=\"lazy\" decoding=\"async\" class=\"aligncenter size-full wp-image-515\" src=\"https:\/\/blogs.ua.es\/cnc2010\/files\/2010\/06\/volver.jpg\" alt=\"\" width=\"43\" height=\"11\" \/><\/a><\/p>\n","protected":false},"excerpt":{"rendered":"<p>12.45, Mi\u00e9rcoles, \u00a030 de Junio de 2010 Autores: Jes\u00fas Zoido, Daniel V\u00e1zquez, Antonio \u00c1lvarez, Ju\u00e1n Antonio Herraez, Marian del Egido, Roberto Onta\u00f1\u00f3n RESUMEN: La iluminaci\u00f3n de obras de arte es una tarea extremadamente delicada y de fundamental importancia en lo que a la exposici\u00f3n y conservaci\u00f3n del patrimonio hist\u00f3rico respecta. Por una parte, se hace [&hellip;]<\/p>\n","protected":false},"author":1386,"featured_media":0,"parent":92,"menu_order":6,"comment_status":"open","ping_status":"open","template":"","meta":{"footnotes":""},"class_list":["post-120","page","type-page","status-publish","hentry"],"_links":{"self":[{"href":"https:\/\/blogs.ua.es\/cnc2010\/wp-json\/wp\/v2\/pages\/120","targetHints":{"allow":["GET"]}}],"collection":[{"href":"https:\/\/blogs.ua.es\/cnc2010\/wp-json\/wp\/v2\/pages"}],"about":[{"href":"https:\/\/blogs.ua.es\/cnc2010\/wp-json\/wp\/v2\/types\/page"}],"author":[{"embeddable":true,"href":"https:\/\/blogs.ua.es\/cnc2010\/wp-json\/wp\/v2\/users\/1386"}],"replies":[{"embeddable":true,"href":"https:\/\/blogs.ua.es\/cnc2010\/wp-json\/wp\/v2\/comments?post=120"}],"version-history":[{"count":6,"href":"https:\/\/blogs.ua.es\/cnc2010\/wp-json\/wp\/v2\/pages\/120\/revisions"}],"predecessor-version":[{"id":548,"href":"https:\/\/blogs.ua.es\/cnc2010\/wp-json\/wp\/v2\/pages\/120\/revisions\/548"}],"up":[{"embeddable":true,"href":"https:\/\/blogs.ua.es\/cnc2010\/wp-json\/wp\/v2\/pages\/92"}],"wp:attachment":[{"href":"https:\/\/blogs.ua.es\/cnc2010\/wp-json\/wp\/v2\/media?parent=120"}],"curies":[{"name":"wp","href":"https:\/\/api.w.org\/{rel}","templated":true}]}}