{"id":127,"date":"2010-06-08T13:57:47","date_gmt":"2010-06-08T11:57:47","guid":{"rendered":"https:\/\/blogs.ua.es\/cnc2010\/?page_id=127"},"modified":"2011-03-16T14:32:30","modified_gmt":"2011-03-16T12:32:30","slug":"percepcion-del-color","status":"publish","type":"page","link":"https:\/\/blogs.ua.es\/cnc2010\/congreso-virtual\/percepcion-del-color\/","title":{"rendered":"Sesi\u00f3n de Conferencias: Percepci\u00f3n del Color"},"content":{"rendered":"<p><em><strong>Moderadores: <em><span style=\"font-weight: normal\">Francisco Miguel Mart\u00ednez-Verd\u00fa y Julio Lillo<\/span><\/em><\/strong><\/em><\/p>\n<p><em><strong>Mi\u00e9rcoles, 30 de Junio de 2010<\/strong><\/em><\/p>\n<p><!--more-->13.00<strong> \u201c<a href=\"ob1\/\" target=\"_self\">B\u00fasqueda de prototipos en dicr\u00f3matas R-V: capacidad predictiva de dos modelos<\/a><\/strong><strong>\u201d<\/strong>, <em>Humberto Moreira, Julio Lillo, Leticia \u00c1lvaro, M\u00aa del Carmen Dur\u00e1n.<\/em><\/p>\n<p><!--more-->13.15\u00a0\u00a0\u00a0\u00a0 <strong>\u201c<a href=\"ob2\/\" target=\"_self\">Una verificaci\u00f3n emp\u00edrica de la mejora de la f\u00f3rmula de diferencia de color CIEDE2000 respecto a CIELAB<\/a>\u201d, <\/strong><em>M. Grosman, S. Bra\u010dko, E. Mu\u00f1oz-Ib\u00e1\u00f1ez, L. G\u00f3mez-Robledo, R. Huertas, M. Melgosa<\/em>.<\/p>\n<p><!--more-->13.30\u00a0\u00a0\u00a0\u00a0 <strong>\u201c<a href=\"ob3\/\" target=\"_self\">Un marco te\u00f3rico variacional para la correcci\u00f3n perceptual del color en im\u00e1genes digitales<\/a>\u201d, <\/strong><em>Edoardo Provenzi, Marcelo Bertalm\u00edo, Vicent Caselles.<\/em><\/p>\n<p><!--more-->13.45<strong> \u201c<a href=\"ob4\/\" target=\"_self\">La ciencia visual del color en la percepci\u00f3n, la arquitectura, los alimentos, la reproducci\u00f3n, el arte el dise\u00f1o y la educaci\u00f3n \u2013 \u00bf\u00fatil o no?<\/a>\u201d<\/strong>, <em>Karl Johan Bertilsson.<\/em><\/p>\n<p><em><!--more--><a href=\"https:\/\/blogs.ua.es\/cnc2010\/congreso-virtual\/\"><img loading=\"lazy\" decoding=\"async\" class=\"aligncenter size-full wp-image-515\" src=\"https:\/\/blogs.ua.es\/cnc2010\/files\/2010\/06\/volver.jpg\" alt=\"\" width=\"43\" height=\"11\" \/><\/a><br \/>\n<\/em><\/p>\n","protected":false},"excerpt":{"rendered":"<p>Moderadores: Francisco Miguel Mart\u00ednez-Verd\u00fa y Julio Lillo Mi\u00e9rcoles, 30 de Junio de 2010<\/p>\n","protected":false},"author":1386,"featured_media":0,"parent":3,"menu_order":3,"comment_status":"closed","ping_status":"closed","template":"","meta":{"footnotes":""},"class_list":["post-127","page","type-page","status-publish","hentry"],"_links":{"self":[{"href":"https:\/\/blogs.ua.es\/cnc2010\/wp-json\/wp\/v2\/pages\/127","targetHints":{"allow":["GET"]}}],"collection":[{"href":"https:\/\/blogs.ua.es\/cnc2010\/wp-json\/wp\/v2\/pages"}],"about":[{"href":"https:\/\/blogs.ua.es\/cnc2010\/wp-json\/wp\/v2\/types\/page"}],"author":[{"embeddable":true,"href":"https:\/\/blogs.ua.es\/cnc2010\/wp-json\/wp\/v2\/users\/1386"}],"replies":[{"embeddable":true,"href":"https:\/\/blogs.ua.es\/cnc2010\/wp-json\/wp\/v2\/comments?post=127"}],"version-history":[{"count":10,"href":"https:\/\/blogs.ua.es\/cnc2010\/wp-json\/wp\/v2\/pages\/127\/revisions"}],"predecessor-version":[{"id":151,"href":"https:\/\/blogs.ua.es\/cnc2010\/wp-json\/wp\/v2\/pages\/127\/revisions\/151"}],"up":[{"embeddable":true,"href":"https:\/\/blogs.ua.es\/cnc2010\/wp-json\/wp\/v2\/pages\/3"}],"wp:attachment":[{"href":"https:\/\/blogs.ua.es\/cnc2010\/wp-json\/wp\/v2\/media?parent=127"}],"curies":[{"name":"wp","href":"https:\/\/api.w.org\/{rel}","templated":true}]}}