{"id":137,"date":"2010-06-08T14:05:59","date_gmt":"2010-06-08T12:05:59","guid":{"rendered":"https:\/\/blogs.ua.es\/cnc2010\/?page_id=137"},"modified":"2011-04-19T15:21:10","modified_gmt":"2011-04-19T13:21:10","slug":"color-en-alimentos","status":"publish","type":"page","link":"https:\/\/blogs.ua.es\/cnc2010\/congreso-virtual\/color-en-alimentos\/","title":{"rendered":"Sesi\u00f3n de Conferencias: Color en Alimentos"},"content":{"rendered":"<p><em><strong>Moderadores:<\/strong><\/em> <em>\u00c1ngel Ignacio Negueruela y Manuel Melgosa<\/em><\/p>\n<p><em><strong>Viernes, 2 de Julio de 2010<\/strong><br \/>\n<\/em><\/p>\n<p><!--more-->10.00\u00a0<strong>\u201c<a href=\"oe1\/\" target=\"_self\">Utilizaci\u00f3n de biliprote\u00ednas como colorantes naturales en alimentaci\u00f3n<\/a><\/strong><strong>\u201d, <\/strong><em>Ruperto Bermejo<\/em>, <em>Amparo Ramos, Jos\u00e9 M. Fern\u00e1ndez, Cynthia Gonz\u00e1lez, F. Gabriel Aci\u00e9n.<\/em><strong><\/strong><\/p>\n<p><!--more-->10.15 &#8220;<strong><a href=\"oe2\/\" target=\"_self\">Aplicaci\u00f3n de la colorimetr\u00eda triest\u00edmulo al estudio del fen\u00f3meno de copigmentaci\u00f3n en vinos tintos. Influencia del factor varietal<\/a><em>\u201d, <\/em><\/strong><em>Bel\u00e9n Gordillo<strong>, <\/strong>M. Lourdes Gonz\u00e1lez-Miret, Francisco J. Heredia.<\/em><\/p>\n<p><!--more-->10.30<strong> \u201c<a href=\"oe3\/\" target=\"_self\">Predicci\u00f3n de estabilidad en emulsiones. Su aplicaci\u00f3n a f\u00f3rmulas de estructura cremigel. Comparaci\u00f3n de m\u00e9todos<\/a>\u201d<\/strong>, <em>Amadeu Bajona, M\u00f3nica Navarro, M\u00aa Carmen Gonz\u00e1lez, Susana Bascompta, Amable Bernab\u00e9, Santi Sala, Nora Ventosa.<\/em><\/p>\n<p><!--more-->10.45\u00a0<strong>\u201c<a href=\"oe4\/\" target=\"_self\">Influencia del color de la placa cromotr\u00f3pica en la captura accidental de fauna auxiliar en cultivo de pimiento bajo invernadero en el campo de Cartagena<\/a><\/strong>\u201d, <em>L\u00f3pez-Mar\u00edn, J., Gonz\u00e1lez, A., Porras, I, Conesa, A., Manera, J, <\/em><em>Mart\u00ednez-Nicol\u00e1s, J, G\u00e1lvez,A.<\/em><\/p>\n<p><em><!--more--><a href=\"https:\/\/blogs.ua.es\/cnc2010\/congreso-virtual\/\"><img loading=\"lazy\" decoding=\"async\" class=\"aligncenter size-full wp-image-515\" src=\"https:\/\/blogs.ua.es\/cnc2010\/files\/2010\/06\/volver.jpg\" alt=\"\" width=\"43\" height=\"11\" \/><\/a><br \/>\n<\/em><\/p>\n","protected":false},"excerpt":{"rendered":"<p>Moderadores: \u00c1ngel Ignacio Negueruela y Manuel Melgosa Viernes, 2 de Julio de 2010<\/p>\n","protected":false},"author":1386,"featured_media":0,"parent":3,"menu_order":6,"comment_status":"closed","ping_status":"closed","template":"","meta":{"footnotes":""},"class_list":["post-137","page","type-page","status-publish","hentry"],"_links":{"self":[{"href":"https:\/\/blogs.ua.es\/cnc2010\/wp-json\/wp\/v2\/pages\/137","targetHints":{"allow":["GET"]}}],"collection":[{"href":"https:\/\/blogs.ua.es\/cnc2010\/wp-json\/wp\/v2\/pages"}],"about":[{"href":"https:\/\/blogs.ua.es\/cnc2010\/wp-json\/wp\/v2\/types\/page"}],"author":[{"embeddable":true,"href":"https:\/\/blogs.ua.es\/cnc2010\/wp-json\/wp\/v2\/users\/1386"}],"replies":[{"embeddable":true,"href":"https:\/\/blogs.ua.es\/cnc2010\/wp-json\/wp\/v2\/comments?post=137"}],"version-history":[{"count":7,"href":"https:\/\/blogs.ua.es\/cnc2010\/wp-json\/wp\/v2\/pages\/137\/revisions"}],"predecessor-version":[{"id":574,"href":"https:\/\/blogs.ua.es\/cnc2010\/wp-json\/wp\/v2\/pages\/137\/revisions\/574"}],"up":[{"embeddable":true,"href":"https:\/\/blogs.ua.es\/cnc2010\/wp-json\/wp\/v2\/pages\/3"}],"wp:attachment":[{"href":"https:\/\/blogs.ua.es\/cnc2010\/wp-json\/wp\/v2\/media?parent=137"}],"curies":[{"name":"wp","href":"https:\/\/api.w.org\/{rel}","templated":true}]}}