{"id":139,"date":"2010-06-08T14:06:54","date_gmt":"2010-06-08T12:06:54","guid":{"rendered":"https:\/\/blogs.ua.es\/cnc2010\/?page_id=139"},"modified":"2011-04-19T15:25:19","modified_gmt":"2011-04-19T13:25:19","slug":"color-multidisciplinar","status":"publish","type":"page","link":"https:\/\/blogs.ua.es\/cnc2010\/congreso-virtual\/color-multidisciplinar\/","title":{"rendered":"Sesi\u00f3n de Conferencias: Color Multidisciplinar"},"content":{"rendered":"<p><strong><em>Moderadores: <\/em><\/strong><em>Joaqu\u00edn Campos y Enrique Hita<\/em><\/p>\n<p><em><strong>Viernes, 2 de Julio de 2010<\/strong><br \/>\n<\/em><\/p>\n<p><!--more-->11.30\u00a0<strong>\u201c<a href=\"of1\/\" target=\"_self\">Color\u00edmetro COLORLAB: Un color\u00edmetro triest\u00edmulo para aplicaciones docentes<\/a><\/strong><strong>\u201d, <\/strong><em>P. Capilla, M. J. Luque, M. D. De Fez.<\/em><\/p>\n<p><!--more-->11.45<strong> \u201c<a href=\"of2\/\" target=\"_self\">Tintes hist\u00f3ricos: hacia nuevas aplicaciones<\/a><\/strong><strong>\u201d, <\/strong><em>Ana Roquero.<\/em><\/p>\n<p><!--more-->12.00<strong> \u201c<a href=\"of3\/\" target=\"_self\">Envejecimiento con radiaci\u00f3n UV de un cart\u00f3n pluma. Estudio de su evoluci\u00f3n crom\u00e1tica y composici\u00f3n<\/a><\/strong><strong>\u201d<\/strong>, <em>M. San Andr\u00e9s, J. M. de la Roja, R. Chercoles, M. G\u00f3mez, V. G. Baonza.<\/em><\/p>\n<p><!--more-->12.15<strong> \u201c<a href=\"of4\" target=\"_self\">The colour scenario. An interdisciplinary analysis for a interdisciplinary topic<\/a><\/strong><strong>\u201d<\/strong>, <em>Valentina Vezzani, Mario Bisson.<\/em><\/p>\n<p><!--more-->12.30 \u00a0<strong>\u201c<a href=\"of5\/\" target=\"_self\">El museo de los colores<\/a><\/strong><strong>\u201d, una propuesta interdisciplinar en la especialidad de maestro de educaci\u00f3n infantil en la Universidad de Almer\u00eda, <\/strong><em>Adoraci\u00f3n S\u00e1nchez, Antonia Rodr\u00edguez, Asunci\u00f3n Bosch,<\/em><\/p>\n<p><!--more-->12.45 &#8220;<strong><a href=\"of6\/\" target=\"_self\">C\u00edrculo crom\u00e1tico: danza, vida y tecnolog\u00eda<\/a><\/strong>\u201d, <em>Catalina Quijano Silva.<\/em><\/p>\n<p><em><!--more--><a href=\"https:\/\/blogs.ua.es\/cnc2010\/congreso-virtual\/\"><img loading=\"lazy\" decoding=\"async\" class=\"aligncenter size-full wp-image-515\" src=\"https:\/\/blogs.ua.es\/cnc2010\/files\/2010\/06\/volver.jpg\" alt=\"\" width=\"43\" height=\"11\" \/><\/a><br \/>\n<\/em><\/p>\n","protected":false},"excerpt":{"rendered":"<p>Moderadores: Joaqu\u00edn Campos y Enrique Hita Viernes, 2 de Julio de 2010<\/p>\n","protected":false},"author":1386,"featured_media":0,"parent":3,"menu_order":7,"comment_status":"closed","ping_status":"closed","template":"","meta":{"footnotes":""},"class_list":["post-139","page","type-page","status-publish","hentry"],"_links":{"self":[{"href":"https:\/\/blogs.ua.es\/cnc2010\/wp-json\/wp\/v2\/pages\/139","targetHints":{"allow":["GET"]}}],"collection":[{"href":"https:\/\/blogs.ua.es\/cnc2010\/wp-json\/wp\/v2\/pages"}],"about":[{"href":"https:\/\/blogs.ua.es\/cnc2010\/wp-json\/wp\/v2\/types\/page"}],"author":[{"embeddable":true,"href":"https:\/\/blogs.ua.es\/cnc2010\/wp-json\/wp\/v2\/users\/1386"}],"replies":[{"embeddable":true,"href":"https:\/\/blogs.ua.es\/cnc2010\/wp-json\/wp\/v2\/comments?post=139"}],"version-history":[{"count":12,"href":"https:\/\/blogs.ua.es\/cnc2010\/wp-json\/wp\/v2\/pages\/139\/revisions"}],"predecessor-version":[{"id":575,"href":"https:\/\/blogs.ua.es\/cnc2010\/wp-json\/wp\/v2\/pages\/139\/revisions\/575"}],"up":[{"embeddable":true,"href":"https:\/\/blogs.ua.es\/cnc2010\/wp-json\/wp\/v2\/pages\/3"}],"wp:attachment":[{"href":"https:\/\/blogs.ua.es\/cnc2010\/wp-json\/wp\/v2\/media?parent=139"}],"curies":[{"name":"wp","href":"https:\/\/api.w.org\/{rel}","templated":true}]}}