{"id":157,"date":"2010-06-08T16:44:28","date_gmt":"2010-06-08T14:44:28","guid":{"rendered":"https:\/\/blogs.ua.es\/cnc2010\/?page_id=157"},"modified":"2011-04-19T11:41:33","modified_gmt":"2011-04-19T09:41:33","slug":"ob3","status":"publish","type":"page","link":"https:\/\/blogs.ua.es\/cnc2010\/congreso-virtual\/percepcion-del-color\/ob3\/","title":{"rendered":"Un marco te\u00f3rico variacional para la correcci\u00f3n perceptual del color en im\u00e1genes digitales"},"content":{"rendered":"<p>13.30, Mi\u00e9rcoles, 30 de Junio de 2010<\/p>\n<p><strong><span style=\"text-decoration: underline\">Autores:<\/span><\/strong><\/p>\n<p><em>Edoardo Provenzi, Marcelo Bertalm\u00edo, Vicent Caselles<\/em><\/p>\n<p><strong><span style=\"text-decoration: underline\">RESUMEN:<\/span><\/strong><\/p>\n<p>Las t\u00e9cnicas variacionales constituyen una herramienta muy \u00fatil para entender las caracter\u00edsticas de las im\u00e1genes y crear algoritmos nuevos y eficientes. Recientemente, se ha propuesto un marco te\u00f3rico variacional que incorpora las caracter\u00edsticas b\u00e1sicas de la visi\u00f3n humana y que puede abarcar varios modelos conocidos en la literatura. Aqu\u00ed discutimos los aspectos m\u00e1s relevantes de este marco te\u00f3rico y presentamos unos ejemplos notables.<\/p>\n<p><strong><span style=\"text-decoration: underline\">Visualiza la presentaci\u00f3n:<\/span><\/strong><\/p>\n<p><a href=\"https:\/\/zebra.cpd.ua.es\/vertice\/2880\" target=\"_blank\">V\u00eddeo<\/a><\/p>\n<p><a href=\"https:\/\/docs.google.com\/viewer?a=v&amp;pid=sites&amp;srcid=ZGVmYXVsdGRvbWFpbnxwb3N0ZXJzY25jfGd4OmRkZTI2YmRkNDE2NWVjNw\" target=\"_blank\">Charla<\/a><\/p>\n<p><a href=\"https:\/\/blogs.ua.es\/cnc2010\/congreso-virtual\/percepcion-del-color\" target=\"_self\"><img loading=\"lazy\" decoding=\"async\" class=\"aligncenter size-full wp-image-515\" src=\"https:\/\/blogs.ua.es\/cnc2010\/files\/2010\/06\/volver.jpg\" alt=\"\" width=\"43\" height=\"11\" \/><\/a><\/p>\n","protected":false},"excerpt":{"rendered":"<p>13.30, Mi\u00e9rcoles, 30 de Junio de 2010 Autores: Edoardo Provenzi, Marcelo Bertalm\u00edo, Vicent Caselles RESUMEN: Las t\u00e9cnicas variacionales constituyen una herramienta muy \u00fatil para entender las caracter\u00edsticas de las im\u00e1genes y crear algoritmos nuevos y eficientes. Recientemente, se ha propuesto un marco te\u00f3rico variacional que incorpora las caracter\u00edsticas b\u00e1sicas de la visi\u00f3n humana y que [&hellip;]<\/p>\n","protected":false},"author":1386,"featured_media":0,"parent":127,"menu_order":3,"comment_status":"open","ping_status":"open","template":"","meta":{"footnotes":""},"class_list":["post-157","page","type-page","status-publish","hentry"],"_links":{"self":[{"href":"https:\/\/blogs.ua.es\/cnc2010\/wp-json\/wp\/v2\/pages\/157","targetHints":{"allow":["GET"]}}],"collection":[{"href":"https:\/\/blogs.ua.es\/cnc2010\/wp-json\/wp\/v2\/pages"}],"about":[{"href":"https:\/\/blogs.ua.es\/cnc2010\/wp-json\/wp\/v2\/types\/page"}],"author":[{"embeddable":true,"href":"https:\/\/blogs.ua.es\/cnc2010\/wp-json\/wp\/v2\/users\/1386"}],"replies":[{"embeddable":true,"href":"https:\/\/blogs.ua.es\/cnc2010\/wp-json\/wp\/v2\/comments?post=157"}],"version-history":[{"count":6,"href":"https:\/\/blogs.ua.es\/cnc2010\/wp-json\/wp\/v2\/pages\/157\/revisions"}],"predecessor-version":[{"id":551,"href":"https:\/\/blogs.ua.es\/cnc2010\/wp-json\/wp\/v2\/pages\/157\/revisions\/551"}],"up":[{"embeddable":true,"href":"https:\/\/blogs.ua.es\/cnc2010\/wp-json\/wp\/v2\/pages\/127"}],"wp:attachment":[{"href":"https:\/\/blogs.ua.es\/cnc2010\/wp-json\/wp\/v2\/media?parent=157"}],"curies":[{"name":"wp","href":"https:\/\/api.w.org\/{rel}","templated":true}]}}