{"id":165,"date":"2010-06-08T18:31:30","date_gmt":"2010-06-08T16:31:30","guid":{"rendered":"https:\/\/blogs.ua.es\/cnc2010\/?page_id=165"},"modified":"2011-04-19T11:43:52","modified_gmt":"2011-04-19T09:43:52","slug":"oc1","status":"publish","type":"page","link":"https:\/\/blogs.ua.es\/cnc2010\/congreso-virtual\/arte-y-arquitectura\/oc1\/","title":{"rendered":"Colores comerciales para retoque pict\u00f3rico de lagunas en restauraci\u00f3n del patrimonio: Evaluaci\u00f3n de diferencias de color y cambios de solubilidad despu\u00e9s de procesos de envejecimiento acelerado"},"content":{"rendered":"<p>10.00 , Jueves 1 de Julio de 2010<\/p>\n<p><strong><span style=\"text-decoration: underline\">Autores:<\/span><\/strong><\/p>\n<p><em>Alicia S\u00e1nchez Ortiz, Sandra Mic\u00f3 Bor\u00f3<\/em><\/p>\n<p><strong><span style=\"text-decoration: underline\">RESUMEN:<\/span><\/strong><\/p>\n<p>El presente trabajo recoge la metodolog\u00eda, los principales resultados y las conclusiones obtenidos despu\u00e9s de evaluar cinco marcas comerciales de colores para retoque pict\u00f3rico en obras de arte: Gamblin (resina de urea-aldeh\u00eddo), Golden (resina acr\u00edlica), Maimeri (resina de alm\u00e1ciga), Maimeri (resina cet\u00f3nica), RestaurArte (resina cet\u00f3nica) y Winsor&amp;Newton (goma ar\u00e1biga), una vez sometidas las pinturas a un proceso de envejecimiento acelerado. Una paleta compuesta por diez colores, seleccionados por su frecuente uso durante la fase de reintegraci\u00f3n de lagunas por parte del restaurador, ha permitido establecer un estudio comparativo de las diferencias de color y de los cambios de solubilidad a fin de determinar cu\u00e1l de estos materiales ofrece un comportamiento m\u00e1s adecuado a las necesidades propias de esta fase de la restauraci\u00f3n.<\/p>\n<p><strong><span style=\"text-decoration: underline\">Visualiza la presentaci\u00f3n:<\/span><\/strong><\/p>\n<p><a href=\"https:\/\/zebra.cpd.ua.es\/vertice\/2961\" target=\"_blank\">V\u00eddeo<\/a><\/p>\n<p><a href=\"https:\/\/docs.google.com\/viewer?a=v&amp;pid=sites&amp;srcid=ZGVmYXVsdGRvbWFpbnxwb3N0ZXJzY25jfGd4OjEwN2RiMjYxMDA0ZmExNjA\" target=\"_blank\">Charla<\/a><\/p>\n<p><a href=\"https:\/\/blogs.ua.es\/cnc2010\/congreso-virtual\/arte-y-arquitectura\"><img loading=\"lazy\" decoding=\"async\" class=\"aligncenter size-full wp-image-515\" src=\"https:\/\/blogs.ua.es\/cnc2010\/files\/2010\/06\/volver.jpg\" alt=\"\" width=\"43\" height=\"11\" \/><\/a><\/p>\n","protected":false},"excerpt":{"rendered":"<p>10.00 , Jueves 1 de Julio de 2010 Autores: Alicia S\u00e1nchez Ortiz, Sandra Mic\u00f3 Bor\u00f3 RESUMEN: El presente trabajo recoge la metodolog\u00eda, los principales resultados y las conclusiones obtenidos despu\u00e9s de evaluar cinco marcas comerciales de colores para retoque pict\u00f3rico en obras de arte: Gamblin (resina de urea-aldeh\u00eddo), Golden (resina acr\u00edlica), Maimeri (resina de alm\u00e1ciga), [&hellip;]<\/p>\n","protected":false},"author":1386,"featured_media":0,"parent":131,"menu_order":1,"comment_status":"open","ping_status":"open","template":"","meta":{"footnotes":""},"class_list":["post-165","page","type-page","status-publish","hentry"],"_links":{"self":[{"href":"https:\/\/blogs.ua.es\/cnc2010\/wp-json\/wp\/v2\/pages\/165","targetHints":{"allow":["GET"]}}],"collection":[{"href":"https:\/\/blogs.ua.es\/cnc2010\/wp-json\/wp\/v2\/pages"}],"about":[{"href":"https:\/\/blogs.ua.es\/cnc2010\/wp-json\/wp\/v2\/types\/page"}],"author":[{"embeddable":true,"href":"https:\/\/blogs.ua.es\/cnc2010\/wp-json\/wp\/v2\/users\/1386"}],"replies":[{"embeddable":true,"href":"https:\/\/blogs.ua.es\/cnc2010\/wp-json\/wp\/v2\/comments?post=165"}],"version-history":[{"count":6,"href":"https:\/\/blogs.ua.es\/cnc2010\/wp-json\/wp\/v2\/pages\/165\/revisions"}],"predecessor-version":[{"id":554,"href":"https:\/\/blogs.ua.es\/cnc2010\/wp-json\/wp\/v2\/pages\/165\/revisions\/554"}],"up":[{"embeddable":true,"href":"https:\/\/blogs.ua.es\/cnc2010\/wp-json\/wp\/v2\/pages\/131"}],"wp:attachment":[{"href":"https:\/\/blogs.ua.es\/cnc2010\/wp-json\/wp\/v2\/media?parent=165"}],"curies":[{"name":"wp","href":"https:\/\/api.w.org\/{rel}","templated":true}]}}