{"id":175,"date":"2010-06-08T18:38:53","date_gmt":"2010-06-08T16:38:53","guid":{"rendered":"https:\/\/blogs.ua.es\/cnc2010\/?page_id=175"},"modified":"2011-04-19T11:47:49","modified_gmt":"2011-04-19T09:47:49","slug":"oc5","status":"publish","type":"page","link":"https:\/\/blogs.ua.es\/cnc2010\/congreso-virtual\/arte-y-arquitectura\/oc5\/","title":{"rendered":"El color en la arquitectura de Bruno Taut"},"content":{"rendered":"<p>11.00, Jueves, 1 de Julio de 2010<\/p>\n<p><strong><span style=\"text-decoration: underline\">Autora:<\/span><\/strong><\/p>\n<p>M\u00f3nica V\u00e1zquez Astorga<\/p>\n<p><strong><span style=\"text-decoration: underline\">RESUMEN:<\/span><\/strong><\/p>\n<p>La vinculaci\u00f3n del arquitecto Bruno Taut con los ideales que albergaba el movimiento para la reforma de la vida, desarrollado en la Alemania de Guillermo II como contraposici\u00f3n a las consecuencias del enorme desarrollo econ\u00f3mico e industrial, se materializ\u00f3, esencialmente, en la proyecci\u00f3n de ciudades jard\u00edn y\u00a0Siedlungen, en las que se refuerza el principio de cultura comunitaria. Esta pr\u00e1ctica constructiva en el \u00e1mbito de la vivienda es expresi\u00f3n de su pensamiento social e intenta hacer efectiva la idea de una \u201cnueva construcci\u00f3n\u201d acorde con las necesidades de la sociedad moderna.<\/p>\n<p><strong><span style=\"text-decoration: underline\">Visualiza la presentaci\u00f3n:<\/span><\/strong><\/p>\n<p><a href=\"https:\/\/zebra.cpd.ua.es\/vertice\/3021\" target=\"_blank\">V\u00eddeo<\/a><\/p>\n<p><a href=\"https:\/\/docs.google.com\/viewer?a=v&amp;pid=sites&amp;srcid=ZGVmYXVsdGRvbWFpbnxwb3N0ZXJzY25jMnxneDozOTA5MDI2ZGUyZjU5ODk\" target=\"_blank\">Charla<\/a><\/p>\n<p><a href=\"https:\/\/blogs.ua.es\/cnc2010\/congreso-virtual\/arte-y-arquitectura\"><img loading=\"lazy\" decoding=\"async\" class=\"aligncenter size-full wp-image-515\" src=\"https:\/\/blogs.ua.es\/cnc2010\/files\/2010\/06\/volver.jpg\" alt=\"\" width=\"43\" height=\"11\" \/><\/a><\/p>\n","protected":false},"excerpt":{"rendered":"<p>11.00, Jueves, 1 de Julio de 2010 Autora: M\u00f3nica V\u00e1zquez Astorga RESUMEN: La vinculaci\u00f3n del arquitecto Bruno Taut con los ideales que albergaba el movimiento para la reforma de la vida, desarrollado en la Alemania de Guillermo II como contraposici\u00f3n a las consecuencias del enorme desarrollo econ\u00f3mico e industrial, se materializ\u00f3, esencialmente, en la proyecci\u00f3n [&hellip;]<\/p>\n","protected":false},"author":1386,"featured_media":0,"parent":131,"menu_order":5,"comment_status":"open","ping_status":"open","template":"","meta":{"footnotes":""},"class_list":["post-175","page","type-page","status-publish","hentry"],"_links":{"self":[{"href":"https:\/\/blogs.ua.es\/cnc2010\/wp-json\/wp\/v2\/pages\/175","targetHints":{"allow":["GET"]}}],"collection":[{"href":"https:\/\/blogs.ua.es\/cnc2010\/wp-json\/wp\/v2\/pages"}],"about":[{"href":"https:\/\/blogs.ua.es\/cnc2010\/wp-json\/wp\/v2\/types\/page"}],"author":[{"embeddable":true,"href":"https:\/\/blogs.ua.es\/cnc2010\/wp-json\/wp\/v2\/users\/1386"}],"replies":[{"embeddable":true,"href":"https:\/\/blogs.ua.es\/cnc2010\/wp-json\/wp\/v2\/comments?post=175"}],"version-history":[{"count":6,"href":"https:\/\/blogs.ua.es\/cnc2010\/wp-json\/wp\/v2\/pages\/175\/revisions"}],"predecessor-version":[{"id":558,"href":"https:\/\/blogs.ua.es\/cnc2010\/wp-json\/wp\/v2\/pages\/175\/revisions\/558"}],"up":[{"embeddable":true,"href":"https:\/\/blogs.ua.es\/cnc2010\/wp-json\/wp\/v2\/pages\/131"}],"wp:attachment":[{"href":"https:\/\/blogs.ua.es\/cnc2010\/wp-json\/wp\/v2\/media?parent=175"}],"curies":[{"name":"wp","href":"https:\/\/api.w.org\/{rel}","templated":true}]}}