{"id":228,"date":"2010-06-08T20:21:27","date_gmt":"2010-06-08T18:21:27","guid":{"rendered":"https:\/\/blogs.ua.es\/cnc2010\/?page_id=228"},"modified":"2011-04-19T11:56:30","modified_gmt":"2011-04-19T09:56:30","slug":"of2","status":"publish","type":"page","link":"https:\/\/blogs.ua.es\/cnc2010\/congreso-virtual\/color-multidisciplinar\/of2\/","title":{"rendered":"Tintes hist\u00f3ricos: hacia nuevas aplicaciones"},"content":{"rendered":"<p>11.45, Viernes, 2 de Julio de 2010<\/p>\n<p><strong><span style=\"text-decoration: underline\">Autora:<\/span><\/strong><\/p>\n<p><em>Ana Roquero<\/em><\/p>\n<p><strong><span style=\"text-decoration: underline\">RESUMEN:<\/span><\/strong><\/p>\n<p>A partir de una introducci\u00f3n a los tintes hist\u00f3ricos usados en Occidente se realizar\u00e1 un prospectiva del uso actual de los colorantes naturales en diversas aplicaciones, tanto en aplicaciones en el campo de la conservaci\u00f3n y el estudio de tejidos hist\u00f3ricos y arqueol\u00f3gicos, como en su recuperaci\u00f3n y explotaci\u00f3n intensiva para fines industriales convencionales e innovadores (alimentos, cosm\u00e9tica, farmacia, etc).<\/p>\n<p><strong><span style=\"text-decoration: underline\">Visualiza la presentaci\u00f3n:<\/span><\/strong><\/p>\n<p><a href=\"https:\/\/zebra.cpd.ua.es\/vertice\/3161\" target=\"_blank\">V\u00eddeo<\/a><\/p>\n<p><a href=\"https:\/\/docs.google.com\/viewer?a=v&amp;pid=sites&amp;srcid=ZGVmYXVsdGRvbWFpbnxwb3N0ZXJzY25jMnxneDo2OTA4MTI1ZmFkNmRhZTc0\" target=\"_blank\">Charla<\/a><\/p>\n<p><a href=\"https:\/\/blogs.ua.es\/cnc2010\/congreso-virtual\/color-multidisciplinar\"><img loading=\"lazy\" decoding=\"async\" class=\"aligncenter size-full wp-image-515\" src=\"https:\/\/blogs.ua.es\/cnc2010\/files\/2010\/06\/volver.jpg\" alt=\"\" width=\"43\" height=\"11\" \/><\/a><\/p>\n","protected":false},"excerpt":{"rendered":"<p>11.45, Viernes, 2 de Julio de 2010 Autora: Ana Roquero RESUMEN: A partir de una introducci\u00f3n a los tintes hist\u00f3ricos usados en Occidente se realizar\u00e1 un prospectiva del uso actual de los colorantes naturales en diversas aplicaciones, tanto en aplicaciones en el campo de la conservaci\u00f3n y el estudio de tejidos hist\u00f3ricos y arqueol\u00f3gicos, como [&hellip;]<\/p>\n","protected":false},"author":1386,"featured_media":0,"parent":139,"menu_order":2,"comment_status":"open","ping_status":"open","template":"","meta":{"footnotes":""},"class_list":["post-228","page","type-page","status-publish","hentry"],"_links":{"self":[{"href":"https:\/\/blogs.ua.es\/cnc2010\/wp-json\/wp\/v2\/pages\/228","targetHints":{"allow":["GET"]}}],"collection":[{"href":"https:\/\/blogs.ua.es\/cnc2010\/wp-json\/wp\/v2\/pages"}],"about":[{"href":"https:\/\/blogs.ua.es\/cnc2010\/wp-json\/wp\/v2\/types\/page"}],"author":[{"embeddable":true,"href":"https:\/\/blogs.ua.es\/cnc2010\/wp-json\/wp\/v2\/users\/1386"}],"replies":[{"embeddable":true,"href":"https:\/\/blogs.ua.es\/cnc2010\/wp-json\/wp\/v2\/comments?post=228"}],"version-history":[{"count":8,"href":"https:\/\/blogs.ua.es\/cnc2010\/wp-json\/wp\/v2\/pages\/228\/revisions"}],"predecessor-version":[{"id":566,"href":"https:\/\/blogs.ua.es\/cnc2010\/wp-json\/wp\/v2\/pages\/228\/revisions\/566"}],"up":[{"embeddable":true,"href":"https:\/\/blogs.ua.es\/cnc2010\/wp-json\/wp\/v2\/pages\/139"}],"wp:attachment":[{"href":"https:\/\/blogs.ua.es\/cnc2010\/wp-json\/wp\/v2\/media?parent=228"}],"curies":[{"name":"wp","href":"https:\/\/api.w.org\/{rel}","templated":true}]}}