{"id":243,"date":"2010-06-08T20:35:18","date_gmt":"2010-06-08T18:35:18","guid":{"rendered":"https:\/\/blogs.ua.es\/cnc2010\/?page_id=243"},"modified":"2011-04-19T11:59:21","modified_gmt":"2011-04-19T09:59:21","slug":"of6","status":"publish","type":"page","link":"https:\/\/blogs.ua.es\/cnc2010\/congreso-virtual\/color-multidisciplinar\/of6\/","title":{"rendered":"C\u00edrculo crom\u00e1tico: danza, vida y tecnolog\u00eda"},"content":{"rendered":"<p>12.45, Viernes, 2 de Julio de 2010<\/p>\n<p><strong><span style=\"text-decoration: underline\">Autora:<\/span><\/strong><\/p>\n<p><em>Catalina Quijano Silva<\/em><\/p>\n<p><strong><span style=\"text-decoration: underline\">RESUMEN:<\/span><\/strong><\/p>\n<p>El contenido del texto, planteado para realizar un P\u00f3ster y una Conferencia para el IX Congreso Nacional del Color 2010 en la Universidad de Alicante, toma como referencia al proyecto de investigaci\u00f3n en curso\u00a0TreintaYD\u00f3sPuntos ; YMedio (32pts&amp;1\/2),\u00a0que trata sobre\u00a0Danza y Notaci\u00f3n Musical a trav\u00e9s del Dise\u00f1o\u00a0y que fuera uno de los ganadores de la convocatoria 2009 para la financiaci\u00f3n de proyectos de investigaci\u00f3n y de creaci\u00f3n del Departamento de Dise\u00f1o de la Universidad de Los Andes.<\/p>\n<p>Uno de los fines principales, se formaliza por un espacio de interacci\u00f3n circular que simula al c\u00edrculo crom\u00e1tico. Su visualizaci\u00f3n materializa una paleta crom\u00e1tica fotogr\u00e1fica de un entorno natural cuya elaboraci\u00f3n es el resultado de la captura fotogr\u00e1fica de un mismo entorno trazado por un recorrido circular en el pueblo de Marnay-Sur-Seine (Francia) entre los a\u00f1os 2005 y 2006 y la interfaz explora la notaci\u00f3n crom\u00e1tica generada en dos manifestaciones aparentemente opuestas pero ligadas en su relaci\u00f3n con el suelo y el equilibrio del cuerpo que se explora en la danza: 1-Una rutina cl\u00e1sica del ballet cl\u00e1sico cuyo recorrido queda planteado en una partitura gr\u00e1fica (\u00e1rboles \u201cque bailan\u201d y dejan un registro gr\u00e1fico de su movimiento). 2-Una representaci\u00f3n y relaci\u00f3n corporal de la danza butoh cuya interacci\u00f3n corporal genera la iluminaci\u00f3n y sonorizaci\u00f3n del entorno circular (espacio que resulta de la Representaci\u00f3n y Acci\u00f3n del cuerpo en escena).<\/p>\n<p><strong><span style=\"text-decoration: underline\">Visualiza la charla:<\/span><\/strong><\/p>\n<p><a href=\"https:\/\/zebra.cpd.ua.es\/vertice\/3220\" target=\"_blank\">V\u00eddeo<\/a><\/p>\n<p><a href=\"https:\/\/blogs.ua.es\/cnc2010\/congreso-virtual\/color-multidisciplinar\"><img loading=\"lazy\" decoding=\"async\" class=\"aligncenter size-full wp-image-515\" src=\"https:\/\/blogs.ua.es\/cnc2010\/files\/2010\/06\/volver.jpg\" alt=\"\" width=\"43\" height=\"11\" \/><\/a><\/p>\n","protected":false},"excerpt":{"rendered":"<p>12.45, Viernes, 2 de Julio de 2010 Autora: Catalina Quijano Silva RESUMEN: El contenido del texto, planteado para realizar un P\u00f3ster y una Conferencia para el IX Congreso Nacional del Color 2010 en la Universidad de Alicante, toma como referencia al proyecto de investigaci\u00f3n en curso\u00a0TreintaYD\u00f3sPuntos ; YMedio (32pts&amp;1\/2),\u00a0que trata sobre\u00a0Danza y Notaci\u00f3n Musical a [&hellip;]<\/p>\n","protected":false},"author":1386,"featured_media":0,"parent":139,"menu_order":6,"comment_status":"open","ping_status":"open","template":"","meta":{"footnotes":""},"class_list":["post-243","page","type-page","status-publish","hentry"],"_links":{"self":[{"href":"https:\/\/blogs.ua.es\/cnc2010\/wp-json\/wp\/v2\/pages\/243","targetHints":{"allow":["GET"]}}],"collection":[{"href":"https:\/\/blogs.ua.es\/cnc2010\/wp-json\/wp\/v2\/pages"}],"about":[{"href":"https:\/\/blogs.ua.es\/cnc2010\/wp-json\/wp\/v2\/types\/page"}],"author":[{"embeddable":true,"href":"https:\/\/blogs.ua.es\/cnc2010\/wp-json\/wp\/v2\/users\/1386"}],"replies":[{"embeddable":true,"href":"https:\/\/blogs.ua.es\/cnc2010\/wp-json\/wp\/v2\/comments?post=243"}],"version-history":[{"count":3,"href":"https:\/\/blogs.ua.es\/cnc2010\/wp-json\/wp\/v2\/pages\/243\/revisions"}],"predecessor-version":[{"id":570,"href":"https:\/\/blogs.ua.es\/cnc2010\/wp-json\/wp\/v2\/pages\/243\/revisions\/570"}],"up":[{"embeddable":true,"href":"https:\/\/blogs.ua.es\/cnc2010\/wp-json\/wp\/v2\/pages\/139"}],"wp:attachment":[{"href":"https:\/\/blogs.ua.es\/cnc2010\/wp-json\/wp\/v2\/media?parent=243"}],"curies":[{"name":"wp","href":"https:\/\/api.w.org\/{rel}","templated":true}]}}