{"id":27,"date":"2012-06-11T14:16:57","date_gmt":"2012-06-11T14:16:57","guid":{"rendered":"https:\/\/blogs.ua.es\/comunicacioneinfancia\/?page_id=27"},"modified":"2012-11-19T12:48:35","modified_gmt":"2012-11-19T12:48:35","slug":"publicidad-dirigida-a-la-infancia","status":"publish","type":"page","link":"https:\/\/blogs.ua.es\/comunicacioneinfancia\/publicidad-dirigida-a-la-infancia\/","title":{"rendered":"Publicidad dirigida a la Infancia"},"content":{"rendered":"<p><strong>\u00a0COMUNICACI\u00d3N PUBLICITARIA DIRIGIDA A LA INFANCIA<\/strong><\/p>\n<div>\n<div>\n<ul>\n<li><span style=\"color: #006600\"><span style=\"color: #333333\">Tur-Vi\u00f1es, V. y L\u00f3pez-S\u00e1nchez, C. (2012)<\/span>\u00a0<\/span>Estrategias comunicativas para los nuevos perfiles sociales de la infancia. <em>Actas del III Congreso internacional de la Asociaci\u00f3n Espa\u00f1ola de Investigaci\u00f3n de la Comunicaci\u00f3n (AE-IC)<\/em>, Tarragona, Espa\u00f1a, 18-20 de enero de 2012. \u00a0<a href=\"http:\/\/rua.ua.es\/dspace\/bitstream\/10045\/25107\/1\/Comunicacion_Completa_AE-IC_9-11-11.pdf\" target=\"_blank\">http:\/\/rua.ua.es\/dspace\/bitstream\/10045\/25107\/1\/Comunicacion_Completa_AE-IC_9-11-11.pdf<\/a>\u00a0\/\/\u00a0<a href=\"https:\/\/blogs.ua.es\/comunicacioneinfancia\/files\/2012\/06\/ESTRATEGIAS-COMUNICATIVAS-PARA-LOS-NUEVOS-PERFILES-SOCIALES-DE-LA-INFANCIA.pdf\">Texto Completo<\/a><\/li>\n<\/ul>\n<\/div>\n<div><\/div>\n<div>\n<ul>\n<li>Mart\u00ednez, E., Monserrat, J. y Tur-Vi\u00f1es V. (2012) El color en spots infantiles: Prevalencia crom\u00e1tica y relaci\u00f3n con el logotipo de marca,\u00a0<em>Revista Comunicar<\/em>, n\u00ba38, pp. 157-165.\u00a0<a href=\"http:\/\/dx.doi.org\/10.3916\/C38-2012-03-07\" target=\"_blank\">http:\/\/dx.doi.org\/10.3916\/C38-2012-03-07<\/a>\u00a0\/\/\u00a0<a href=\"https:\/\/blogs.ua.es\/comunicacioneinfancia\/files\/2012\/11\/El-color-en-espots-infantiles-Prevalencia-crom\u00e1tica-y-relaci\u00f3n-con-el-logotipo-de-marca.pdf\">Texto Completo<\/a><\/li>\n<\/ul>\n<\/div>\n<div><\/div>\n<ul>\n<li>Mart\u00ednez, L.E., Monserrat, J. &amp; Tur-Vi\u00f1es, V.\u00a0(2012).\u00a0Color in Child Espots: Chromatic Prevalence and Relation with the Brand Logo.\u00a0<em>Comunicar<\/em>, 38, 157-165.\u00a0<a href=\"https:\/\/blogs.ua.es\/comunicacioneinfancia\/files\/2012\/11\/Color-in-Child-Espots-Chromatic-Prevalence-and-Relation-with-the-Brand-Logo.pdf\">Texto Completo<\/a><\/li>\n<\/ul>\n<div><\/div>\n<ul>\n<li>Tur-Vi\u00f1es, T. (2012) Comunicando con The Now Generation.\u00a0<em>Revista UACit, Revista de Ciencia y Tecnolog\u00eda de la Universidad de Alicante,\u00a0<\/em>2, 24-25.\u00a0\u00a0<a href=\"https:\/\/blogs.ua.es\/comunicacioneinfancia\/files\/2012\/09\/Revista-UAcit_Comunicando-con-the-now-generation.pdf\">Texto Completo.<\/a><\/li>\n<\/ul>\n<div><\/div>\n<div><\/div>\n<div>\n<ul>\n<li>Mart\u00ednez, E. (2012) Verde que te quiere verde<em>, Diario Informaci\u00f3n<\/em>.\u00a0\u00a0<a href=\"https:\/\/blogs.ua.es\/comunicacioneinfancia\/files\/2012\/06\/Verde-que-te-quiere-el-ni\u00f1o-Informacion.pdf\">Texto Completo<\/a><\/li>\n<\/ul>\n<\/div>\n<div><\/div>\n<\/div>\n<div><\/div>\n<ul>\n<li>Tur-Vi\u00f1es, T. (2011) La importancia de la RSE en la formaci\u00f3n empresarial.\u00a0<em>Educaweb.<\/em>\u00a0Recuperado de\u00a0<a href=\"http:\/\/www.educaweb.com\/noticia\/2011\/11\/28\/importancia-rse-formacion-empresarial-15103.html\">http:\/\/www.educaweb.com\/noticia\/2011\/11\/28\/importancia-rse-formacion-empresarial-15103.html<\/a>. \/\/\u00a0<a href=\"https:\/\/blogs.ua.es\/comunicacioneinfancia\/files\/2012\/09\/importancia-rse-formacion-empresarial-15103.pdf\">Texto Completo.<\/a><\/li>\n<\/ul>\n<div><\/div>\n<ul>\n<li>Pueo-Ortega, B. y Tur-Vi\u00f1es, V. (2011) El sonido espacial envolvente para una comunicaci\u00f3n comercial de alto realismo,\u00a0\u00a0<em>Sphera P\u00fablica. Revista de ciencias sociales y de la\u00a0 comunicaci\u00f3n<\/em>, n\u00ba 11, pp. 183-203.\u00a0<a href=\"https:\/\/blogs.ua.es\/comunicacioneinfancia\/files\/2012\/11\/Sonido-espacial-para-una-inmersi\u00f3n-audiovisual-de-alto-realismo.pdf\">Texto Completo<\/a><\/li>\n<\/ul>\n<div><\/div>\n<ul>\n<li>\u00a0Tur- Vi\u00f1es, V. (2010): [Entrevista con RUVID,\u00a0Bolet\u00edn de Actualidad en I+D+i de las Universidades Valencianas: Nuestros hijos ser\u00e1n excelentes estrategas gracias a los videojuegos] Imagen: Victoria Tur en su Despacho. \u00a0<a href=\"http:\/\/ruvid.webs.upv.es\/inforuvid\/index.php?edi=2111&amp;con=2057&amp;sec=5\" target=\"_blank\">http:\/\/ruvid.webs.upv.es\/inforuvid\/index.php?edi=2111&amp;con=2057&amp;sec=5<\/a><\/li>\n<\/ul>\n<div><\/div>\n<ul>\n<li>Hermoso de Mendoza, C. (2010) Marketing Infantil: Ni\u00f1os, un mercado con Futuro.\u00a0<em>IP MARK, marketing + comunicaci\u00f3n<\/em>, 738, 40-43.\u00a0<a href=\"https:\/\/blogs.ua.es\/comunicacioneinfancia\/files\/2012\/06\/Ni\u00f1os-un-mercado-con-futuro.pdf\">Texto Completo<\/a><\/li>\n<\/ul>\n<div><\/div>\n<ul>\n<li>Pueo-Ortega, B.;\u00a0 Tur-Vi\u00f1es, V. (2009)\u00a0Sonido espacial para una inmersi\u00f3n audiovisual de alto realismo.\u00a0<em>REVISTA ICONO 14<\/em>, n\u00ba 13, pp. 334-345. ISSN 1697-8293.<\/li>\n<\/ul>\n<div><\/div>\n<ul>\n<li>Tur-Vi\u00f1es, T. (2008), [Entrevista con Esther Garrido, periodista de ECO \u2013 Revista Do Eixo Atl\u00e1ntico: C\u00f3mo y por qu\u00e9 compran los ni\u00f1os espa\u00f1oles] Imagen: Victoria Tur, pp. 30 -32. \u00a0<a href=\"https:\/\/blogs.ua.es\/comunicacioneinfancia\/files\/2012\/06\/Como-y-por-qu\u00e9-compran-los-ni\u00f1os-espa\u00f1oles.pdf\">Texto Completo<\/a><\/li>\n<\/ul>\n<ul>\n<li>Tur-Vi\u00f1es, T. (2008) Videojuegos y violencia: la suma que resta.\u00a0<em>Fe en Familia, Fundaci\u00f3n Claret.\u00a0<\/em><a href=\"https:\/\/blogs.ua.es\/comunicacioneinfancia\/files\/2012\/06\/videojuegos-y-violencia-la-suma-que-resta-para-fundacionclaret.pdf\">Texto Completo<\/a><\/li>\n<\/ul>\n<div><\/div>\n<ul>\n<li>Tur-Vi\u00f1es, T (2008) Expertas de la UA proponen un c\u00f3digo de iconos para catalogar programas infantiles de televisi\u00f3n,\u00a0<em>Diario Informaci\u00f3n<\/em>.\u00a0<a href=\"https:\/\/blogs.ua.es\/comunicacioneinfancia\/files\/2012\/06\/Expertas-de-la-UA-proponen-un-c\u00f3digo-de-iconos-para-catalogar-programas-infantiles-de-televisi\u00f3n-Alicante-INFORMACION1.pdf\">Texto Completo<\/a><\/li>\n<\/ul>\n<ul>\n<li>Tur-Vi\u00f1es, T. (2008) Un filtro para los menores, Diario Informaci\u00f3n.<em>\u00a0<a href=\"https:\/\/blogs.ua.es\/comunicacioneinfancia\/files\/2012\/06\/Un-filtro-para-los-menores-Alicante-INFORMACION.pdf\">Texto Completo<\/a><\/em><\/li>\n<\/ul>\n<ul>\n<li>Tur-Vi\u00f1es, V. y Ramos, I. (2007). Emerging strategies in toy marketing<strong>.\u00a0<\/strong>En\u00a0<em>14th international conference on retailing and service science.<\/em>\u00a0San Francisco, EEUU.\u00a0<a href=\"https:\/\/blogs.ua.es\/comunicacioneinfancia\/files\/2012\/06\/TUR-Y-RAMOS-2007-San-Francisco.pdf\">Texto Completo<\/a><\/li>\n<\/ul>\n<ul>\n<li>\u00a0Tur-Vi\u00f1es, V. (2006) Estrategias emergentes en la comercializaci\u00f3n de juguetes. En\u00a0<em>Jornadas sobre Estrategias de Comunicaci\u00f3n Comercial Infantil<\/em>. Murcia, Espa\u00f1a: Universidad Cat\u00f3lica San Antonio de Murcia. \u00a0<a href=\"https:\/\/blogs.ua.es\/comunicacioneinfancia\/files\/2012\/06\/Tur-para-Murcia-2006.pdf\">Texto Completo<\/a><\/li>\n<\/ul>\n<ul>\n<li>\u00a0Curiel-Yuste, J. y Tur-Vi\u00f1es, V. (2005) \u00a0Publicitat infantil, qualitat i consum. En\u00a0<em>Jornades sobre els drets dels menors i els mitjans de comunicaci\u00f3 social.\u00a0<\/em>\u00a0Palma de Mallorca, Espa\u00f1a.\u00a0<a href=\"https:\/\/blogs.ua.es\/comunicacioneinfancia\/files\/2012\/06\/Publicidad-infantil-calidad-y-consumo.pdf\">Texto Completo<\/a><\/li>\n<\/ul>\n<div><\/div>\n<ul>\n<li>\u00a0Fern\u00e1ndez-Poyatos, M. D. y Tur-Vi\u00f1es, T. (2005) El mensaje televisivo de programas y publicidad dirigido al p\u00fablico infantil: aproximaci\u00f3n a la calidad de su contenido.\u00a0<em>Revista Comunicar<\/em>. Vol. XIII, Num. 25, 2\u00ba semestre.\u00a0, ISSN: 1134-3478\/DL: H-199-93. \u00a0<a href=\"https:\/\/blogs.ua.es\/comunicacioneinfancia\/files\/2012\/06\/El-mensaje-televisivo-de-programas-y-publicidad-dirigido-al-p\u00fablico-infantil.pdf\">Texto Completo<\/a><\/li>\n<\/ul>\n<p>&nbsp;<\/p>\n","protected":false},"excerpt":{"rendered":"<p>\u00a0COMUNICACI\u00d3N PUBLICITARIA DIRIGIDA A LA INFANCIA Tur-Vi\u00f1es, V. y L\u00f3pez-S\u00e1nchez, C. (2012)\u00a0Estrategias comunicativas para los nuevos perfiles sociales de la infancia. Actas del III Congreso internacional de la Asociaci\u00f3n Espa\u00f1ola de Investigaci\u00f3n de la Comunicaci\u00f3n (AE-IC), Tarragona, Espa\u00f1a, 18-20 de &hellip; <a href=\"https:\/\/blogs.ua.es\/comunicacioneinfancia\/publicidad-dirigida-a-la-infancia\/\">Continue reading <span class=\"meta-nav\">&rarr;<\/span><\/a><\/p>\n","protected":false},"author":2406,"featured_media":0,"parent":0,"menu_order":0,"comment_status":"open","ping_status":"open","template":"","meta":{"footnotes":""},"class_list":["post-27","page","type-page","status-publish","hentry"],"_links":{"self":[{"href":"https:\/\/blogs.ua.es\/comunicacioneinfancia\/wp-json\/wp\/v2\/pages\/27","targetHints":{"allow":["GET"]}}],"collection":[{"href":"https:\/\/blogs.ua.es\/comunicacioneinfancia\/wp-json\/wp\/v2\/pages"}],"about":[{"href":"https:\/\/blogs.ua.es\/comunicacioneinfancia\/wp-json\/wp\/v2\/types\/page"}],"author":[{"embeddable":true,"href":"https:\/\/blogs.ua.es\/comunicacioneinfancia\/wp-json\/wp\/v2\/users\/2406"}],"replies":[{"embeddable":true,"href":"https:\/\/blogs.ua.es\/comunicacioneinfancia\/wp-json\/wp\/v2\/comments?post=27"}],"version-history":[{"count":20,"href":"https:\/\/blogs.ua.es\/comunicacioneinfancia\/wp-json\/wp\/v2\/pages\/27\/revisions"}],"predecessor-version":[{"id":371,"href":"https:\/\/blogs.ua.es\/comunicacioneinfancia\/wp-json\/wp\/v2\/pages\/27\/revisions\/371"}],"wp:attachment":[{"href":"https:\/\/blogs.ua.es\/comunicacioneinfancia\/wp-json\/wp\/v2\/media?parent=27"}],"curies":[{"name":"wp","href":"https:\/\/api.w.org\/{rel}","templated":true}]}}