{"id":62,"date":"2012-06-11T15:03:48","date_gmt":"2012-06-11T15:03:48","guid":{"rendered":"https:\/\/blogs.ua.es\/comunicacioneinfancia\/?page_id=62"},"modified":"2012-11-19T12:25:28","modified_gmt":"2012-11-19T12:25:28","slug":"libros","status":"publish","type":"page","link":"https:\/\/blogs.ua.es\/comunicacioneinfancia\/libros\/","title":{"rendered":"Libros"},"content":{"rendered":"<h3 style=\"text-align: center\"><\/h3>\n<h3 style=\"text-align: center\"><strong>Certificaci\u00f3n del audiovisual televisivo infantil: de los criterios a la norma (2010)<\/strong><\/h3>\n<h3 style=\"text-align: center\">En <strong>Los ni\u00f1os frente a las pantallas\u00a0<\/strong><\/h3>\n<p style=\"text-align: center\"><span style=\"color: #000000\">Tur-Vi\u00f1es, Victoria; L\u00f3pez-S\u00e1nchez, Carmen\u00a0<\/span><\/p>\n<p><a href=\"https:\/\/blogs.ua.es\/comunicacioneinfancia\/files\/2012\/06\/los-ni\u00f1os-frente-a-las-pantallas.jpg\"><img loading=\"lazy\" decoding=\"async\" class=\"alignleft  wp-image-338\" src=\"https:\/\/blogs.ua.es\/comunicacioneinfancia\/files\/2012\/06\/los-ni\u00f1os-frente-a-las-pantallas-768x1024.jpg\" alt=\"\" width=\"257\" height=\"344\" srcset=\"https:\/\/blogs.ua.es\/comunicacioneinfancia\/files\/2012\/06\/los-ni\u00f1os-frente-a-las-pantallas-768x1024.jpg 768w, https:\/\/blogs.ua.es\/comunicacioneinfancia\/files\/2012\/06\/los-ni\u00f1os-frente-a-las-pantallas-225x300.jpg 225w, https:\/\/blogs.ua.es\/comunicacioneinfancia\/files\/2012\/06\/los-ni\u00f1os-frente-a-las-pantallas.jpg 1200w\" sizes=\"auto, (max-width: 257px) 100vw, 257px\" \/><\/a>Se re\u00fanen en este volumen varias de las ponencia y comunicaciones presentadas durante la celebraci\u00f3n del Seminario Internacional de Investigadores de la UE para el estudio de la protecci\u00f3n de la infancia ante las nuevas tecnolog\u00edas organizado por el grupo PROCOTIN que comprende cinco universidades madrile\u00f1as para la ejecuci\u00f3n de un proyecto conjunto cuyo fin es la investigaci\u00f3n de los temas que ata\u00f1en a la relaci\u00f3n entre la infancia, la televisi\u00f3n y las nuevas tecnolog\u00edas.<\/p>\n<p>En el proyecto, subvencionado con cargo a las ayudas para la realizaci\u00f3n de Programas de Actividades de I+D entre Grupos de Investigaci\u00f3n de la Comunidad de Madrid, colaboran grupos de investigaci\u00f3n de las universidades Carlos III, Rey Juan Carlos, UNED, Centro Villanueva de la Universidad Complutense y la Universidad CEU San Pablo a la que corresponde la responsabilidad de la coordinaci\u00f3n del proyecto.<\/p>\n<p>En julio del 2009, el Ministerio de Ciencia e Innovaci\u00f3n (MICINN) resolvi\u00f3 favorablemente la solicitud presentada a la convocatoria del Plan Nacional de I+D en el marco de actividades del PROCOTIN, por el grupo de investigaci\u00f3n de la Universidad CEU San Pablo que me honro en dirigir, para realizar un proyecto de investigaci\u00f3n titulado \u201cLa funci\u00f3n social de la televisi\u00f3n: modelo aplicado de cumplimiento de servicio p\u00fablico en RTVE y de responsabilidad corporativa en las televisiones comerciales de cobertura naciona\u201dl.<\/p>\n<p>Como actividad adicional del proyecto se present\u00f3 a la convocatoria de ayudas complementarias del Plan Nacional la propuesta de celebrar el ya mencionado Seminario, cuyas sesiones tuvieron lugar durante los d\u00edas 2 y 3 de noviembre de acuerdo con un programa de actividades que S.A.R. La Princesa de Asturias, Do\u00f1a Letizia Ortiz de Rocasolano, tuvo la gentileza de inaugurar. Sus palabras a los asistentes se reproducen m\u00e1s adelante para introducir los textos coleccionados.<\/p>\n<p>Tur-Vi\u00f1es, V.; L\u00f3pez-S\u00e1nchez, C. (2010). Certificaci\u00f3n del audiovisual televisivo infantil: de los criterios a la norma. En BLANCO, I.; R\u00d6MER, M. (coords.) <em>Los ni\u00f1os frente a las pantallas<\/em>, pp.311-324. Madrid: Universitas. ISBN: 978-84-7991-282-6.<\/p>\n<p><a href=\"http:\/\/www.universitas.es\/index.php\/esl\/Catalogo-General-de-Editorial-Universitas\/Comunicacion\/LOS-NINOS-FRENTE-A-LAS-PANTALLAS\">Ver m\u00e1s informaci\u00f3n<\/a><\/p>\n<h3>__________________________________________________________<\/h3>\n<h3 style=\"text-align: center\"><strong>Pantallas y adicci\u00f3n \u00a0(2009)<\/strong><\/h3>\n<h3 style=\"text-align: center\"><span style=\"color: #000000\">En<\/span><strong><span style=\"color: #000000\"> \u00a0<\/span>Medios de Comunicaci\u00f3n, Publicidad y Adicciones<\/strong><\/h3>\n<h3 style=\"text-align: center\">Garc\u00eda del Castillo, Jos\u00e9 Antonio; L\u00f3pez-S\u00e1nchez, Carmen<\/h3>\n<p>&nbsp;<\/p>\n<p><a href=\"https:\/\/blogs.ua.es\/comunicacioneinfancia\/files\/2012\/06\/medios-de-comunicaci\u00f3n-publicidad-y-adicciones.jpg\"><img loading=\"lazy\" decoding=\"async\" class=\"alignleft size-full wp-image-329\" src=\"https:\/\/blogs.ua.es\/comunicacioneinfancia\/files\/2012\/06\/medios-de-comunicaci\u00f3n-publicidad-y-adicciones.jpg\" alt=\"\" width=\"200\" height=\"307\" srcset=\"https:\/\/blogs.ua.es\/comunicacioneinfancia\/files\/2012\/06\/medios-de-comunicaci\u00f3n-publicidad-y-adicciones.jpg 200w, https:\/\/blogs.ua.es\/comunicacioneinfancia\/files\/2012\/06\/medios-de-comunicaci\u00f3n-publicidad-y-adicciones-195x300.jpg 195w\" sizes=\"auto, (max-width: 200px) 100vw, 200px\" \/><\/a>Los medios de comunicaci\u00f3n albergan un gran poder de influencia social. Transmiten por distintos canales mensajes que generan opini\u00f3n, creencias y comportamientos en los receptores. Se sostienen en una peculiar simbiosis con la publicidad, que hace que muchos medios sobrevivan a su costa y tengan que equilibrar los contenidos publicitarios con los idearios propios del medio. La repercusi\u00f3n de los contenidos de los mensajes en el \u00e1mbito de las adicciones se hace patente, cel conseguir que la sociedad se haga eco de este problema pero bajo el prisma de quien lo comunica, con el riesgo de que la informaci\u00f3n suministrada no sea preventiva y, en muchos casos, se oriente hacia una apolog\u00eda del consumo.<\/p>\n<p>Este manual pretende dar una visi\u00f3n global, pero exhaustiva, desde distintos puntos de vista, acerca de c\u00f3mo influyen los mass media y la publicidad en la complicada problem\u00e1tica de las drogas y las adicciones en general, haciendo mayor \u00e9nfasis en las sustancias legales, pero sin desestimar las ilegales. Una obra imprescindible para estudiantes, educadores y profesionales. Una herramienta \u00fatil de consulta para familias y todo tipo de p\u00fablico.<\/p>\n<p>Tur-Vi\u00f1es, V.; L\u00f3pez-S\u00e1nchez, C.; Garc\u00eda del Castillo, J.A. (2009): Pantallas y adicci\u00f3n\u00a0\u00a0EN:\u00a0\u00a0\u00a0\u00a0<em>Medios de Comunicaci\u00f3n, Publicidad y Adicciones<\/em> \/ Garc\u00eda del Castillo, JA; L\u00f3pez-S\u00e1nchez, C. \/\u00a0\u00a0Edaf .pp.: 301- 322. ISBN:\u00a0\u00a0\u00a0\u00a0978-84-414-2109-7.<\/p>\n<p><a href=\"http:\/\/www.edaf.net\/es\/libro.asp?producto=1746\">Ver m\u00e1s informaci\u00f3n<\/a><\/p>\n<p>&nbsp;<\/p>\n<h3 style=\"text-align: center\">__________________________________________________________<\/h3>\n<h3 style=\"text-align: center\"><strong>Tendencias de futuro en el mercado infantil (2008)<\/strong><\/h3>\n<h3 style=\"text-align: center\">En \u00a0<strong>Tendencias de consumo y oportunidades de negocio<\/strong><\/h3>\n<h3 style=\"text-align: center\">Tur Vi\u00f1es, Victoria; Ramos Soler, Irene<\/h3>\n<p>&nbsp;<\/p>\n<p><a href=\"https:\/\/blogs.ua.es\/comunicacioneinfancia\/files\/2012\/06\/libro-Tendencias-de-Consumo-y-Oportunidades-de-Negocio.jpg\"><img loading=\"lazy\" decoding=\"async\" class=\"alignleft  wp-image-323\" src=\"https:\/\/blogs.ua.es\/comunicacioneinfancia\/files\/2012\/06\/libro-Tendencias-de-Consumo-y-Oportunidades-de-Negocio.jpg\" alt=\"\" width=\"264\" height=\"380\" srcset=\"https:\/\/blogs.ua.es\/comunicacioneinfancia\/files\/2012\/06\/libro-Tendencias-de-Consumo-y-Oportunidades-de-Negocio.jpg 330w, https:\/\/blogs.ua.es\/comunicacioneinfancia\/files\/2012\/06\/libro-Tendencias-de-Consumo-y-Oportunidades-de-Negocio-208x300.jpg 208w\" sizes=\"auto, (max-width: 264px) 100vw, 264px\" \/><\/a><\/p>\n<p style=\"text-align: left\">Esta publicaci\u00f3n ha sido editada por el Consejo de C\u00e1maras de Comercio de la Comunidad Valenciana y financiada por la Conselleria de Industria, Comercio e Innovaci\u00f3n, a trav\u00e9s del Plan de Innovaci\u00f3n Comercial 2008.<\/p>\n<p>Recoge las ponencias realizadas por los profesionales que han participado en las 4 ediciones de la Jornada sobre Tendencias de Consumo y Oportunidades de Negocio y pretende reflejar los cambios de la sociedad actual a trav\u00e9s de los consumidores.<\/p>\n<p>&nbsp;<\/p>\n<p>&nbsp;<\/p>\n<p>TUR VI\u00d1ES, V.; RAMOS SOLER, I. (2008): Tendencias de futuro en el mercado infantil\u00a0\u00a0EN:\u00a0\u00a0\u00a0<em>Tendencias de consumo y oportunidades de negocio<\/em>. Consejo de C\u00e1maras Oficiales de Comercio, Industria y Navegaci\u00f3n de la Comunidad Valenciana. Valencia: PATECO.ISBN: 978-84-935349-6-7.<\/p>\n<p><a href=\"http:\/\/www.pateco.es\/publicaciones\/publicacion.php?idPublicacion=29\">Ver m\u00e1s informaci\u00f3n<\/a><\/p>\n<p><span style=\"text-align: center\">__________________________________________________________<\/span><\/p>\n<h3 style=\"text-align: center\"><span style=\"color: #000000\"><strong>MARKETING Y NI\u00d1OS (2008)<\/strong><\/span><\/h3>\n<h3 style=\"text-align: center\"><span style=\"color: #000000\">Tur Vi\u00f1es, Victoria; Ramos Soler, Irene<\/span><\/h3>\n<p><img loading=\"lazy\" decoding=\"async\" class=\"wp-image-74 alignleft\" style=\"line-height: 18px\" src=\"https:\/\/blogs.ua.es\/comunicacioneinfancia\/files\/2012\/06\/marketing_libro.jpg\" alt=\"\" width=\"206\" height=\"298\" srcset=\"https:\/\/blogs.ua.es\/comunicacioneinfancia\/files\/2012\/06\/marketing_libro.jpg 571w, https:\/\/blogs.ua.es\/comunicacioneinfancia\/files\/2012\/06\/marketing_libro-207x300.jpg 207w\" sizes=\"auto, (max-width: 206px) 100vw, 206px\" \/><\/p>\n<p>Este libro proporciona argumentos para poder trazar con realismo el perfil del ni\u00f1o consumidor: qui\u00e9n es, c\u00f3mo es, qu\u00e9 consume, d\u00f3nde consume y para qu\u00e9. Las autoras, tras a\u00f1os de investigaci\u00f3n, cuestionan ciertas asunciones que siempre han estado latentes en la pr\u00e1ctica profesional del Marketing Infantil. Esto es: \u00bfEs \u00fatil la investigaci\u00f3n con ni\u00f1os? \u00bfLos ni\u00f1os compran cualquier cosa? \u00bfEs la televisi\u00f3n el \u00fanico medio para alcanzar a los ni\u00f1os? \u00bfDirigen las marcas la vida de los ni\u00f1os? \u00bfLos ni\u00f1os compran por capricho? \u00bfConocen los ni\u00f1os el valor del dinero?&#8230;<\/p>\n<p>Se abordan \u00e9stas y otras cuestiones de forma directa, novedosa y amena, descubriendo la importancia de considerar en las decisiones de marketing de las empresas, la dimensi\u00f3n psicosocial, que envuelve e impregna el desarrollo de este peque\u00f1o consumidor de futuro, y que facilita el entendimiento del comportamiento del ni\u00f1o.<\/p>\n<p>Este libro se dirige a todos aquellos profesionales que se enfrentan a diario con decisiones de marketing relacionadas con los ni\u00f1os y que necesitan contemplar, desde m\u00faltiples perspectivas, los constantes desaf\u00edos que emergen en el seno de este din\u00e1mico y apasionante mercado.<\/p>\n<p>Las autoras: Victoria Tur es doctora en sociolog\u00eda y profesora titular del dpto. de comunicaci\u00f3n y psicolog\u00eda social de la Universidad de Alicante. Irene Ramos es doctora en sociolog\u00eda y\u00a0profesora e investigadora en la Universidad de Alicante.<\/p>\n<p><a href=\"http:\/\/www.esic.es\/editorial\/editorial_producto.php?isbn=9788473565424\">Ver m\u00e1s informaci\u00f3n<\/a><\/p>\n<p>_______________________________________________________________<\/p>\n<h3 style=\"text-align: center\"><strong>Comunicaci\u00f3n publicitaria de juguetes en televisi\u00f3n (2004)<\/strong><\/h3>\n<h3 style=\"text-align: center\">Tur Vi\u00f1es, Victoria<\/h3>\n<p>&nbsp;<\/p>\n<p><a href=\"https:\/\/blogs.ua.es\/comunicacioneinfancia\/files\/2012\/06\/Comunicaci\u00f3n-publicitaria_libro.gif\"><img loading=\"lazy\" decoding=\"async\" class=\"alignleft size-full wp-image-76\" src=\"https:\/\/blogs.ua.es\/comunicacioneinfancia\/files\/2012\/06\/Comunicaci\u00f3n-publicitaria_libro.gif\" alt=\"\" width=\"172\" height=\"238\" \/><\/a><\/p>\n<p>Fruto de varios a\u00f1os de trabajo, esta monograf\u00eda afronta el estudio de los usos y pr\u00e1cticas que el sector econ\u00f3mico del juguete realiza del medio audiovisual m\u00e1s poderoso, la televisi\u00f3n. Mediante el an\u00e1lisis de una pieza concreta como el spot, la autora realiza un estudio de los mensajes publicitarios dirigidos a los ni\u00f1os desde una perspectiva multidisciplinar y desde dos frentes: el an\u00e1lisis cualitativo, que se ocupa de los elementos que componen dicho mensaje y de su impacto en un p\u00fablico tan particular como los ni\u00f1os de 4 a 12 a\u00f1os, y un an\u00e1lisis cuantitativo, necesario a la hora de establecer las conclusiones. Adem\u00e1s se efect\u00faa una revisi\u00f3n bibliogr\u00e1fica de los m\u00e1s recientes estudios anglosajones\u00a0sobre publicidad, televisi\u00f3n y ni\u00f1os.<\/p>\n<p>Victoria Tur Vi\u00f1es es doctora en Sociolog\u00eda, Psicolog\u00eda y profesora de Creatividad en la Universidad de Alicante, a lo que suma una amplia experiencia en el mundo de la publicidad de juguetes. En la actualidad, dirige el proyecto de investigaci\u00f3n &#8220;Indicadores de calidad en los contenidos audiovisuales -program\u00e1ticos y publicitarios- dirigidos a la infancia&#8221;, y colabora en la actualizaci\u00f3n del c\u00f3digo deontol\u00f3gico para publicidad infantil.<\/p>\n<p>&nbsp;<\/p>\n","protected":false},"excerpt":{"rendered":"<p>Certificaci\u00f3n del audiovisual televisivo infantil: de los criterios a la norma (2010) En Los ni\u00f1os frente a las pantallas\u00a0 Tur-Vi\u00f1es, Victoria; L\u00f3pez-S\u00e1nchez, Carmen\u00a0 Se re\u00fanen en este volumen varias de las ponencia y comunicaciones presentadas durante la celebraci\u00f3n del Seminario &hellip; <a href=\"https:\/\/blogs.ua.es\/comunicacioneinfancia\/libros\/\">Continue reading <span class=\"meta-nav\">&rarr;<\/span><\/a><\/p>\n","protected":false},"author":2406,"featured_media":0,"parent":0,"menu_order":0,"comment_status":"open","ping_status":"open","template":"","meta":{"footnotes":""},"class_list":["post-62","page","type-page","status-publish","hentry"],"_links":{"self":[{"href":"https:\/\/blogs.ua.es\/comunicacioneinfancia\/wp-json\/wp\/v2\/pages\/62","targetHints":{"allow":["GET"]}}],"collection":[{"href":"https:\/\/blogs.ua.es\/comunicacioneinfancia\/wp-json\/wp\/v2\/pages"}],"about":[{"href":"https:\/\/blogs.ua.es\/comunicacioneinfancia\/wp-json\/wp\/v2\/types\/page"}],"author":[{"embeddable":true,"href":"https:\/\/blogs.ua.es\/comunicacioneinfancia\/wp-json\/wp\/v2\/users\/2406"}],"replies":[{"embeddable":true,"href":"https:\/\/blogs.ua.es\/comunicacioneinfancia\/wp-json\/wp\/v2\/comments?post=62"}],"version-history":[{"count":25,"href":"https:\/\/blogs.ua.es\/comunicacioneinfancia\/wp-json\/wp\/v2\/pages\/62\/revisions"}],"predecessor-version":[{"id":67,"href":"https:\/\/blogs.ua.es\/comunicacioneinfancia\/wp-json\/wp\/v2\/pages\/62\/revisions\/67"}],"wp:attachment":[{"href":"https:\/\/blogs.ua.es\/comunicacioneinfancia\/wp-json\/wp\/v2\/media?parent=62"}],"curies":[{"name":"wp","href":"https:\/\/api.w.org\/{rel}","templated":true}]}}