{"id":401,"date":"2011-11-29T17:48:40","date_gmt":"2011-11-29T16:48:40","guid":{"rendered":"https:\/\/blogs.ua.es\/comunicacionypublicosespecificos\/?page_id=401"},"modified":"2017-07-18T09:35:05","modified_gmt":"2017-07-18T08:35:05","slug":"lineas-de-investigacion","status":"publish","type":"page","link":"https:\/\/blogs.ua.es\/comunicacionypublicosespecificos\/lineas-de-investigacion\/","title":{"rendered":"L\u00edneas de Investigaci\u00f3n"},"content":{"rendered":"<p><strong>L\u00edneas de Investigaci\u00f3n:<\/strong><\/p>\n<table border=\"0\">\n<tbody>\n<tr>\n<td><a href=\"http:\/\/web.ua.es\/es\/comunicacioneinfancia\/\">Comunicaci\u00f3n e Infancia<\/a><\/td>\n<td>&#8211; Calidad y contenidos audiovisuales (televisi\u00f3n, cine y videojuegos).- Marketing infantil: m\u00e9todos de investigaci\u00f3n, consumo infantil, comunicaci\u00f3n e infancia.- Bienestar, felicidad, infancia y primer mundo.<\/td>\n<\/tr>\n<tr>\n<td><a href=\"https:\/\/blogs.ua.es\/comunicacionymayores\/\">Comunicaci\u00f3n y Mayores<\/a><\/td>\n<td>&#8211; An\u00e1lisis y efectos del uso de la imagen de las personas mayores en los medios de comunicaci\u00f3n y en la publicidad.- H\u00e1bitos de consumo de medios de comunicaci\u00f3n de las personas mayores.- Comunicaci\u00f3n, Mayores y Estilos de Vida.- Estrategias de comunicaci\u00f3n publicitaria y de relaciones p\u00fablicas dirigidas a las personas mayores: an\u00e1lisis, eficacia y efectos.<\/p>\n<p>&#8211; Nuevas tendencias en comunicaci\u00f3n: \u00a0TICs, Social Media y mayores.<\/p>\n<p>&#8211; Mayores, responsabilidad social y comunicaci\u00f3n.<\/td>\n<\/tr>\n<tr>\n<td><a href=\"http:\/\/web.ua.es\/es\/comunicacionyfranquicia\/\">Comunicaci\u00f3n Empresarial, Franquicia y Centros Comerciales<\/a><\/td>\n<td>&#8211; An\u00e1lisis y diagn\u00f3stico de las estrategias de comunicaci\u00f3n empresarial en franquicia y\/o centros comerciales.- Estructuras y procesos de comunicaci\u00f3n comercial en anunciantes, franquiciadores, y centros comerciales.- La comunicaci\u00f3n 2.0 en la empresa, la empresa de franquicia y en los centros comerciales.<!--EndFragment-->\u00a0&#8211;\u00a0An\u00e1lisis de los p\u00fablicos espec\u00edficos a los que se dirige la comunicaci\u00f3n de las franquicias y los centros comerciales.<\/td>\n<\/tr>\n<tr>\n<td><a href=\"https:\/\/blogs.ua.es\/comunicacionydifusioncientifica\/\">Comunicaci\u00f3n y Difusi\u00f3n Cient\u00edficas<\/a><\/td>\n<td>&#8211; Gesti\u00f3n de la comunicaci\u00f3n en los grupos de investigaci\u00f3n acad\u00e9mica.- Comunicaci\u00f3n de los resultados de la investigaci\u00f3n. Difusi\u00f3n cient\u00edfica.- Biblioteconom\u00eda en comunicaci\u00f3n. Calidad e impacto editorial. Revista Mediterr\u00e1nea de Comunicaci\u00f3n.<\/td>\n<\/tr>\n<tr>\n<td><a href=\"https:\/\/blogs.ua.es\/comunicacionydesarrollolocal\/\">Comunicaci\u00f3n y\u00a0organizaciones p\u00fablicas y privadas<\/a><\/td>\n<td>&#8211; Comunicaci\u00f3n y desarrollo\/administraci\u00f3n local (comunicaci\u00f3n de, sobre y para el desarrollo integral local y el empleo).- Responsabilidad Social, Relaciones P\u00fablicas y mejora de la sensibilizaci\u00f3n.- Gobierno abierto y ciudadan\u00eda digital.- Cuarta cultura y divulgaci\u00f3n cient\u00edfica de proximidad.<\/p>\n<p>&#8211; Innovaci\u00f3n relacional e innovaci\u00f3n social<\/p>\n<p>&#8211; Participaci\u00f3n ciudadana y marketing relacional local.<\/td>\n<\/tr>\n<tr>\n<td>\u00a0Estudios de percepci\u00f3n e influencia en los p\u00fablicos y marketing de salud.<!--EndFragment--><\/td>\n<td>&#8211; An\u00e1lisis diferencial de g\u00e9nero atendiendo al impacto, recuerdo y presencia \u00a0de modelos en los medios de comunicaci\u00f3n y la publicidad.- Influencia de los medios de comunicaci\u00f3n, nuevas tecnolog\u00edas y publicidad en las actitudes, valores\u00a0\u00a0y conductas de la poblaci\u00f3n.- Marketing de salud: prevenci\u00f3n de las conductas adictivas en la infancia, la adolescencia, la juventud y la edad adulta. Estudios de promoci\u00f3n de la salud desde los medios de comunicaci\u00f3n.- An\u00e1lisis psicosocial de la publicidad y medios de comunicaci\u00f3n social. Estrategias de persuasi\u00f3n publicitarias.<\/p>\n<p><!--EndFragment-->&#8211; Uso y abuso de pantallas en la poblaci\u00f3n infantil y juvenil. Educaci\u00f3n en pantallas.<\/td>\n<\/tr>\n<tr>\n<td>Nuevas tendencias de comunicaci\u00f3n<\/td>\n<td>&#8211; <a href=\"http:\/\/www.comunicacionencambio.com\" target=\"_blank\">Observatorio Comunicaci\u00f3n en Cambio<\/a><\/td>\n<\/tr>\n<\/tbody>\n<\/table>\n","protected":false},"excerpt":{"rendered":"<p>L\u00edneas de Investigaci\u00f3n: Comunicaci\u00f3n e Infancia &#8211; Calidad y contenidos audiovisuales (televisi\u00f3n, cine y videojuegos).- Marketing infantil: m\u00e9todos de investigaci\u00f3n, consumo infantil, comunicaci\u00f3n e infancia.- Bienestar, felicidad, infancia y primer mundo. Comunicaci\u00f3n y Mayores &#8211; An\u00e1lisis y efectos del uso &hellip; <a href=\"https:\/\/blogs.ua.es\/comunicacionypublicosespecificos\/lineas-de-investigacion\/\">Continue reading <span class=\"meta-nav\">&rarr;<\/span><\/a><\/p>\n","protected":false},"author":2406,"featured_media":0,"parent":0,"menu_order":1,"comment_status":"closed","ping_status":"closed","template":"","meta":{"footnotes":""},"class_list":["post-401","page","type-page","status-publish","hentry"],"_links":{"self":[{"href":"https:\/\/blogs.ua.es\/comunicacionypublicosespecificos\/wp-json\/wp\/v2\/pages\/401","targetHints":{"allow":["GET"]}}],"collection":[{"href":"https:\/\/blogs.ua.es\/comunicacionypublicosespecificos\/wp-json\/wp\/v2\/pages"}],"about":[{"href":"https:\/\/blogs.ua.es\/comunicacionypublicosespecificos\/wp-json\/wp\/v2\/types\/page"}],"author":[{"embeddable":true,"href":"https:\/\/blogs.ua.es\/comunicacionypublicosespecificos\/wp-json\/wp\/v2\/users\/2406"}],"replies":[{"embeddable":true,"href":"https:\/\/blogs.ua.es\/comunicacionypublicosespecificos\/wp-json\/wp\/v2\/comments?post=401"}],"version-history":[{"count":18,"href":"https:\/\/blogs.ua.es\/comunicacionypublicosespecificos\/wp-json\/wp\/v2\/pages\/401\/revisions"}],"predecessor-version":[{"id":506,"href":"https:\/\/blogs.ua.es\/comunicacionypublicosespecificos\/wp-json\/wp\/v2\/pages\/401\/revisions\/506"}],"wp:attachment":[{"href":"https:\/\/blogs.ua.es\/comunicacionypublicosespecificos\/wp-json\/wp\/v2\/media?parent=401"}],"curies":[{"name":"wp","href":"https:\/\/api.w.org\/{rel}","templated":true}]}}