{"id":7,"date":"2008-12-02T12:16:47","date_gmt":"2008-12-02T11:16:47","guid":{"rendered":"https:\/\/blogs.ua.es\/concurso08\/?page_id=7"},"modified":"2008-12-17T11:59:02","modified_gmt":"2008-12-17T10:59:02","slug":"premios","status":"publish","type":"page","link":"https:\/\/blogs.ua.es\/concurso08\/premios\/","title":{"rendered":"Premios"},"content":{"rendered":"<p>Hi haur\u00e0 un primer i un segon premi per a cada una de les dos categories a qu\u00e8 pots presentar el teu blog:<\/p>\n<ul>\n<li>Categoria General<\/li>\n<li>Categoria Educativa<\/li>\n<\/ul>\n<p>Els premis seran els seg\u00fcents:<\/p>\n<ul>\n<li><strong>Primer Premi:<\/strong> iPod Touch 16Gb o semblant<\/li>\n<li><strong>Segon Premi:<\/strong> iPod Touch 8Gb o semblant<\/li>\n<\/ul>\n<p>&#8212;<\/p>\n<p>Habr\u00e1 un primer y un segundo premio para cada una de las dos categor\u00edas a las que puedes presentar tu blog:<\/p>\n<ul>\n<li>Categor\u00eda General<\/li>\n<li>Categor\u00eda Educativa<\/li>\n<\/ul>\n<p>Los premios ser\u00e1n los siguientes:<\/p>\n<ul>\n<li><strong>Primer Premio:<\/strong> iPod Touch 16Gb o similar<\/li>\n<li><strong>Segundo Premio:<\/strong> iPod Touch 8Gb o similar<\/li>\n<\/ul>\n","protected":false},"excerpt":{"rendered":"<p>Hi haur\u00e0 un primer i un segon premi per a cada una de les dos categories a qu\u00e8 pots presentar el teu blog: Categoria General Categoria Educativa Els premis seran els seg\u00fcents: Primer Premi: iPod Touch 16Gb o semblant Segon Premi: iPod Touch 8Gb o semblant &#8212; Habr\u00e1 un primer y un segundo premio para [&hellip;]<\/p>\n","protected":false},"author":59,"featured_media":0,"parent":0,"menu_order":3,"comment_status":"closed","ping_status":"closed","template":"","meta":{"footnotes":""},"class_list":["post-7","page","type-page","status-publish","hentry"],"_links":{"self":[{"href":"https:\/\/blogs.ua.es\/concurso08\/wp-json\/wp\/v2\/pages\/7","targetHints":{"allow":["GET"]}}],"collection":[{"href":"https:\/\/blogs.ua.es\/concurso08\/wp-json\/wp\/v2\/pages"}],"about":[{"href":"https:\/\/blogs.ua.es\/concurso08\/wp-json\/wp\/v2\/types\/page"}],"author":[{"embeddable":true,"href":"https:\/\/blogs.ua.es\/concurso08\/wp-json\/wp\/v2\/users\/59"}],"replies":[{"embeddable":true,"href":"https:\/\/blogs.ua.es\/concurso08\/wp-json\/wp\/v2\/comments?post=7"}],"version-history":[{"count":5,"href":"https:\/\/blogs.ua.es\/concurso08\/wp-json\/wp\/v2\/pages\/7\/revisions"}],"predecessor-version":[{"id":42,"href":"https:\/\/blogs.ua.es\/concurso08\/wp-json\/wp\/v2\/pages\/7\/revisions\/42"}],"wp:attachment":[{"href":"https:\/\/blogs.ua.es\/concurso08\/wp-json\/wp\/v2\/media?parent=7"}],"curies":[{"name":"wp","href":"https:\/\/api.w.org\/{rel}","templated":true}]}}