{"id":21,"date":"2009-10-29T11:13:22","date_gmt":"2009-10-29T09:13:22","guid":{"rendered":"https:\/\/blogs.ua.es\/concurso09\/?page_id=21"},"modified":"2009-12-25T11:57:00","modified_gmt":"2009-12-25T09:57:00","slug":"blogs-de-caracter-general","status":"publish","type":"page","link":"https:\/\/blogs.ua.es\/concurso09\/blogs-concursantes\/blogs-de-caracter-general\/","title":{"rendered":"Categor\u00eda: General"},"content":{"rendered":"<p>Inscriu-te al II Concurs de blogs.ua.es i el teu blog apareixer\u00e0 anunciat en aquesta secci\u00f3.<\/p>\n<p>&#8212;<\/p>\n<p>Inscr\u00edbete al II Concurso de blogs.ua.es y tu blog aparecer\u00e1 anunciado en esta secci\u00f3n.<\/p>\n<table border=\"1\" cellspacing=\"0\" cellpadding=\"2\">\n<tbody>\n<tr>\n<td><a href=\"https:\/\/blogs.ua.es\/adrian\"><strong>Bit Banger<\/strong><\/a>Cat. General<\/td>\n<td><a href=\"https:\/\/blogs.ua.es\/diversitatfuncional\/\"><strong>Diversitat Funcional o la autogesti\u00f3 a les nostres vides<\/strong><\/a><\/td>\n<\/tr>\n<tr>\n<td><a href=\"https:\/\/blogs.ua.es\/adrian\"><img decoding=\"async\" src=\"https:\/\/blogs.ua.es\/concurso09\/files\/2009\/11\/Adrian.PNG\" alt=\"\" width=\"200\" \/><\/a><\/td>\n<td><a href=\"https:\/\/blogs.ua.es\/diversitatfuncional\/\"><img decoding=\"async\" src=\"https:\/\/blogs.ua.es\/concurso09\/files\/2009\/11\/EnricRubio.PNG\" alt=\"\" width=\"200\" \/><\/a><\/td>\n<\/tr>\n<tr>\n<td>Blog inclasificable de un programador de videojuegos<br \/>\nbastante impresentable.<\/td>\n<td>Diversidad funcional, Vida Independiente<\/td>\n<\/tr>\n<tr>\n<td><a href=\"https:\/\/blogs.ua.es\/concurso09\/2009\/11\/26\/%C2%A1%C2%A1-nuevo-concursante-4\/\">Comentar<\/a><\/td>\n<td><a href=\"https:\/\/blogs.ua.es\/concurso09\/2009\/11\/27\/%C2%A1%C2%A1-nuevo-concursante-5\/\">Comentar<\/a><\/td>\n<\/tr>\n<tr>\n<td><\/td>\n<td><\/td>\n<\/tr>\n<tr>\n<td><a href=\"https:\/\/blogs.ua.es\/nosoyfriky\/\"><strong>No soy friky<\/strong><\/a>Cat. General<\/td>\n<td><a href=\"https:\/\/blogs.ua.es\/angelpuado\/\"><strong>En lo que se escribe est\u00e1 lo que uno es<\/strong><\/a><\/td>\n<\/tr>\n<tr>\n<td><a href=\"https:\/\/blogs.ua.es\/nosoyfriky\/\"><img decoding=\"async\" src=\"https:\/\/blogs.ua.es\/concurso09\/files\/2009\/12\/CamiloGaliana.PNG\" alt=\"\" width=\"200\" \/><\/a><\/td>\n<td><a href=\"https:\/\/blogs.ua.es\/angelpuado\/\"><img decoding=\"async\" src=\"https:\/\/blogs.ua.es\/concurso09\/files\/2009\/12\/AngelPuado.PNG\" alt=\"\" width=\"200\" \/><\/a><\/td>\n<\/tr>\n<tr>\n<td>Es un blog que no tienen tematica en concreto. Normalmente escribo sobre cosas ralacionadas con la informatica, programacion de videojuegos con XNA, cosas ralacionadas con la universidad, cosas interesantes que encuentro por internet, etc\u2026<\/td>\n<td>Este blog no tiene una tem\u00e1tica clara, se creo como bitacora de un viaje por diferentes paises de Centroam\u00e9rica, pero si que podr\u00eda claramente centrar su contenido en Cortometrajes y relatos cortos<\/td>\n<\/tr>\n<tr>\n<td><a href=\"https:\/\/blogs.ua.es\/concurso09\/2009\/12\/01\/%C2%A1%C2%A1-nuevo-concursante-12\/\">Comentar<\/a><\/td>\n<td><a href=\"https:\/\/blogs.ua.es\/concurso09\/2009\/12\/01\/%C2%A1%C2%A1-nuevo-concursante-13\/\">Comentar<\/a><\/td>\n<\/tr>\n<tr>\n<td><\/td>\n<td><\/td>\n<\/tr>\n<tr>\n<td><a href=\"https:\/\/blogs.ua.es\/tiendaonline\/\"><strong>Acceso E-commerce<\/strong><\/a>Cat. General<\/td>\n<td><a href=\"https:\/\/blogs.ua.es\/pilotari\/\"><strong>Pilotari<\/strong><\/a><\/td>\n<\/tr>\n<tr>\n<td><a href=\"https:\/\/blogs.ua.es\/tiendaonline\/\"><img decoding=\"async\" src=\"https:\/\/blogs.ua.es\/concurso09\/files\/2009\/12\/JMGalvez.PNG\" alt=\"\" width=\"200\" \/><\/a><\/td>\n<td><a href=\"https:\/\/blogs.ua.es\/pilotari\/\"><img decoding=\"async\" src=\"https:\/\/blogs.ua.es\/concurso09\/files\/2009\/12\/FJBernardo.PNG\" alt=\"\" width=\"200\" \/><\/a><\/td>\n<\/tr>\n<tr>\n<td>Historias y leyendas de Lapeza, contadas por Maria, Reina de Los mares, una ni\u00f1a nacida en La Peza en 1945 entre coplas, refranes y canciones populares.<\/td>\n<td>Trata sobre el mundo de la pelota valenciana, est\u00e1 enfocado para todos aquellos que interesados en el mundo de la pelota valenciana de una manera pedag\u00f3gica y sencilla para descubrir todo aquello que lo rodea.\n<\/td>\n<\/tr>\n<tr>\n<td><a href=\"https:\/\/blogs.ua.es\/concurso09\/2009\/12\/02\/%C2%A1%C2%A1-nuevo-concursante-14\/\">Comentar<\/a><\/td>\n<td><a href=\"https:\/\/blogs.ua.es\/concurso09\/2009\/12\/04\/%C2%A1%C2%A1-nuevo-concursante-18\/\">Comentar<\/a><\/td>\n<\/tr>\n<tr>\n<td><\/td>\n<td><\/td>\n<\/tr>\n<tr>\n<td><a href=\"https:\/\/blogs.ua.es\/miqueltari\/\"><strong>Econom\u00eda y globalizaci\u00f3n<\/strong><\/a>Cat. General<\/td>\n<td><a href=\"https:\/\/blogs.ua.es\/linkin\/\"><strong>Mi Regalo para Tierra<\/strong><\/a><\/td>\n<\/tr>\n<tr>\n<td><a href=\"https:\/\/blogs.ua.es\/miqueltari\/\"><img decoding=\"async\" src=\"https:\/\/blogs.ua.es\/concurso09\/files\/2009\/12\/MiquelTari.PNG\" alt=\"\" width=\"200\" \/><\/a><\/td>\n<td><a href=\"https:\/\/blogs.ua.es\/linkin\/\"><img decoding=\"async\" src=\"https:\/\/blogs.ua.es\/concurso09\/files\/2009\/12\/PabloSantaolalla.PNG\" alt=\"\" width=\"200\" \/><\/a><\/td>\n<\/tr>\n<tr>\n<td>Es un blog que habla de la actualidad econ\u00f3mica y<br \/>\npol\u00edtica, enmarcada en el contexto global, etc.<\/td>\n<td>Mi blog nace como un blog dedicado entaramente a la tierra. Estas navidades he pedido una bicicleta para ir a la universidad en lugar de utilizar<br \/>\nel coche. Se me ocurri\u00f3 que si cada persona del mundo pidiese alg\u00fan regalo<br \/>\ndirectamente para s\u00ed e indirectamente para la tierra, tal vez conseguir\u00edamos<br \/>\nretrasar e incluso acabar poco a poco la enfermedad que ahora mismo sufre el suelo que pisamos.<br \/>\nEn \u00e9l se pueden dejar fotos de gente con el planeta, los regalos que hemos<br \/>\npedido para que quede constancia, textos dedicados a la madre tierra y enlaces de grupos que llevan muchos a\u00f1os dedic\u00e1ndose a \u00e9sto.<br \/>\nEs muy reciente el blog y todav\u00eda no ha madurado y poca gente lo conoce, pero espero que poco apoco sea una p\u00e1gina cargada de regalos para el planeta.<\/td>\n<\/tr>\n<tr>\n<td><a href=\"https:\/\/blogs.ua.es\/concurso09\/2009\/12\/09\/%C2%A1%C2%A1-nuevo-concursante-20\">Comentar<\/a><\/td>\n<td><a href=\"https:\/\/blogs.ua.es\/concurso09\/2009\/12\/21\/%C2%A1%C2%A1nuevo-concursante\/\">Comentar<\/a><\/td>\n<\/tr>\n<tr>\n<td><\/td>\n<td><\/td>\n<\/tr>\n<tr>\n<td><a href=\"https:\/\/blogs.ua.es\/verderol\/\"><strong>Escaleras Circulares<\/strong><\/a>Cat. General<\/td>\n<td><a href=\"https:\/\/blogs.ua.es\/elinformatico\/\"><strong>Friki &#8211; Inform\u00e1tico<\/strong><\/a><\/td>\n<\/tr>\n<tr>\n<td><a href=\"https:\/\/blogs.ua.es\/verderol\/\"><img decoding=\"async\" src=\"https:\/\/blogs.ua.es\/concurso09\/files\/2009\/12\/DemetrioFernandez.PNG\" alt=\"\" width=\"200\" \/><\/a><\/td>\n<td><a href=\"https:\/\/blogs.ua.es\/elinformatico\/\"><img decoding=\"async\" src=\"https:\/\/blogs.ua.es\/concurso09\/files\/2009\/12\/ErnestoTomas.PNG\" alt=\"\" width=\"200\" \/><\/a><\/td>\n<\/tr>\n<tr>\n<td>Mi blog pretender\u00e1 contar mis experiencias<br \/>\npersonales a lo largo de los d\u00edas<\/td>\n<td>Explicar mi experiencia personal y profesional como estudiante de la<br \/>\ncarrera \u201cIngenier\u00eda T\u00e9cnica en Inform\u00e1tica de Gesti\u00f3n\u201d, desde que inici\u00e9 la misma en el a\u00f1o 1.993 hasta la fecha (A\u00f1o 2.009) y contar mi experiencia como Emprendedor con una empresa creada en el 2007. Resumiendo explicar como se siente un FRIKI como yo en la universidad tras dejarla aparcada m\u00e1s de 4 a\u00f1os.<\/td>\n<\/tr>\n<tr>\n<td><a href=\"https:\/\/blogs.ua.es\/concurso09\/2009\/12\/25\/%C2%A1%C2%A1-nuevo-concursante-27\/\">Comentar<\/a><\/td>\n<td><a href=\"https:\/\/blogs.ua.es\/concurso09\/2009\/12\/25\/%C2%A1%C2%A1-nuevo-concursante-28\/\">Comentar<\/a><\/td>\n<\/tr>\n<tr>\n<td><\/td>\n<td><\/td>\n<\/tr>\n<\/tbody>\n<\/table>\n","protected":false},"excerpt":{"rendered":"<p>Inscriu-te al II Concurs de blogs.ua.es i el teu blog apareixer\u00e0 anunciat en aquesta secci\u00f3. &#8212; Inscr\u00edbete al II Concurso de blogs.ua.es y tu blog aparecer\u00e1 anunciado en esta secci\u00f3n. Bit BangerCat. General Diversitat Funcional o la autogesti\u00f3 a les nostres vides Blog inclasificable de un programador de videojuegos bastante impresentable. Diversidad funcional, Vida Independiente [&hellip;]<\/p>\n","protected":false},"author":59,"featured_media":0,"parent":15,"menu_order":0,"comment_status":"closed","ping_status":"closed","template":"","meta":{"footnotes":""},"class_list":["post-21","page","type-page","status-publish","hentry"],"_links":{"self":[{"href":"https:\/\/blogs.ua.es\/concurso09\/wp-json\/wp\/v2\/pages\/21","targetHints":{"allow":["GET"]}}],"collection":[{"href":"https:\/\/blogs.ua.es\/concurso09\/wp-json\/wp\/v2\/pages"}],"about":[{"href":"https:\/\/blogs.ua.es\/concurso09\/wp-json\/wp\/v2\/types\/page"}],"author":[{"embeddable":true,"href":"https:\/\/blogs.ua.es\/concurso09\/wp-json\/wp\/v2\/users\/59"}],"replies":[{"embeddable":true,"href":"https:\/\/blogs.ua.es\/concurso09\/wp-json\/wp\/v2\/comments?post=21"}],"version-history":[{"count":16,"href":"https:\/\/blogs.ua.es\/concurso09\/wp-json\/wp\/v2\/pages\/21\/revisions"}],"predecessor-version":[{"id":81,"href":"https:\/\/blogs.ua.es\/concurso09\/wp-json\/wp\/v2\/pages\/21\/revisions\/81"}],"up":[{"embeddable":true,"href":"https:\/\/blogs.ua.es\/concurso09\/wp-json\/wp\/v2\/pages\/15"}],"wp:attachment":[{"href":"https:\/\/blogs.ua.es\/concurso09\/wp-json\/wp\/v2\/media?parent=21"}],"curies":[{"name":"wp","href":"https:\/\/api.w.org\/{rel}","templated":true}]}}