{"id":24,"date":"2010-10-22T14:35:36","date_gmt":"2010-10-22T12:35:36","guid":{"rendered":"https:\/\/blogs.ua.es\/concurso10\/"},"modified":"2010-12-09T17:27:15","modified_gmt":"2010-12-09T15:27:15","slug":"categoria-institucional","status":"publish","type":"page","link":"https:\/\/blogs.ua.es\/concurso10\/blogs-concursantes\/categoria-institucional\/","title":{"rendered":"Categor\u00eda: Institucional"},"content":{"rendered":"<p>Inscriu-te al III Concurs de blogs.ua.es i el teu blog apareixer\u00e0 anunciat en aquesta secci\u00f3.<\/p>\n<p>&#8212;<\/p>\n<p>Inscr\u00edbete al III Concurso de blogs.ua.es y tu blog aparecer\u00e1 anunciado en esta secci\u00f3n.<\/p>\n","protected":false},"excerpt":{"rendered":"<p>Inscriu-te al III Concurs de blogs.ua.es i el teu blog apareixer\u00e0 anunciat en aquesta secci\u00f3. &#8212; Inscr\u00edbete al III Concurso de blogs.ua.es y tu blog aparecer\u00e1 anunciado en esta secci\u00f3n.<\/p>\n","protected":false},"author":59,"featured_media":0,"parent":13,"menu_order":4,"comment_status":"closed","ping_status":"closed","template":"","meta":{"footnotes":""},"class_list":["post-24","page","type-page","status-publish","hentry"],"_links":{"self":[{"href":"https:\/\/blogs.ua.es\/concurso10\/wp-json\/wp\/v2\/pages\/24","targetHints":{"allow":["GET"]}}],"collection":[{"href":"https:\/\/blogs.ua.es\/concurso10\/wp-json\/wp\/v2\/pages"}],"about":[{"href":"https:\/\/blogs.ua.es\/concurso10\/wp-json\/wp\/v2\/types\/page"}],"author":[{"embeddable":true,"href":"https:\/\/blogs.ua.es\/concurso10\/wp-json\/wp\/v2\/users\/59"}],"replies":[{"embeddable":true,"href":"https:\/\/blogs.ua.es\/concurso10\/wp-json\/wp\/v2\/comments?post=24"}],"version-history":[{"count":3,"href":"https:\/\/blogs.ua.es\/concurso10\/wp-json\/wp\/v2\/pages\/24\/revisions"}],"predecessor-version":[{"id":44,"href":"https:\/\/blogs.ua.es\/concurso10\/wp-json\/wp\/v2\/pages\/24\/revisions\/44"}],"up":[{"embeddable":true,"href":"https:\/\/blogs.ua.es\/concurso10\/wp-json\/wp\/v2\/pages\/13"}],"wp:attachment":[{"href":"https:\/\/blogs.ua.es\/concurso10\/wp-json\/wp\/v2\/media?parent=24"}],"curies":[{"name":"wp","href":"https:\/\/api.w.org\/{rel}","templated":true}]}}