{"id":83,"date":"2011-12-30T12:09:18","date_gmt":"2011-12-30T12:09:18","guid":{"rendered":"https:\/\/blogs.ua.es\/conjuntosarqueologicosalicante\/?page_id=83"},"modified":"2012-03-04T18:57:55","modified_gmt":"2012-03-04T18:57:55","slug":"tematica","status":"publish","type":"page","link":"https:\/\/blogs.ua.es\/conjuntosarqueologicosalicante\/tematica\/","title":{"rendered":"Tem\u00e1tica"},"content":{"rendered":"<p>La tem\u00e1tica de nuestro blog es la arqueolog\u00eda. La arqueolog\u00eda es una disciplina de la ciencia hist\u00f3rica\u00a0muy importante para el conocimiento de la cultura material del pasado, tanto reciente como milenario.<\/p>\n<p>En este blog, nos centramos en los conjuntos arqueol\u00f3gicos de la Provincia de Alicante, lo que nos ofrece una gran oportunidad de mostrar al p\u00fablico que visite este blog una s\u00edntesis de los que a nuestro juicio son los mejores conjuntos arqueol\u00f3gicos de la provincia en la que vivimos. Por tanto, nuestro blog engloba todos los conjuntos que son susceptibles de ser intervenidos mediante el llamado <em>m\u00e9todo arqueol\u00f3gico<\/em>, con independencia del per\u00edodo hist\u00f3rico al que pertenezcan; es por eso por lo que en nuestro blog hay entradas dedicadas a Iglesias y Catedrales y a yacimientos del Neol\u00edtico o \u00edberos.<\/p>\n","protected":false},"excerpt":{"rendered":"<p>La tem\u00e1tica de nuestro blog es la arqueolog\u00eda. La arqueolog\u00eda es una disciplina de la ciencia hist\u00f3rica\u00a0muy importante para el conocimiento de la cultura material del pasado, tanto reciente como milenario. En este blog, nos centramos en los conjuntos arqueol\u00f3gicos &hellip; <a href=\"https:\/\/blogs.ua.es\/conjuntosarqueologicosalicante\/tematica\/\">Continue reading <span class=\"meta-nav\">&rarr;<\/span><\/a><\/p>\n","protected":false},"author":2351,"featured_media":0,"parent":0,"menu_order":0,"comment_status":"open","ping_status":"open","template":"","meta":{"footnotes":""},"class_list":["post-83","page","type-page","status-publish","hentry"],"_links":{"self":[{"href":"https:\/\/blogs.ua.es\/conjuntosarqueologicosalicante\/wp-json\/wp\/v2\/pages\/83","targetHints":{"allow":["GET"]}}],"collection":[{"href":"https:\/\/blogs.ua.es\/conjuntosarqueologicosalicante\/wp-json\/wp\/v2\/pages"}],"about":[{"href":"https:\/\/blogs.ua.es\/conjuntosarqueologicosalicante\/wp-json\/wp\/v2\/types\/page"}],"author":[{"embeddable":true,"href":"https:\/\/blogs.ua.es\/conjuntosarqueologicosalicante\/wp-json\/wp\/v2\/users\/2351"}],"replies":[{"embeddable":true,"href":"https:\/\/blogs.ua.es\/conjuntosarqueologicosalicante\/wp-json\/wp\/v2\/comments?post=83"}],"version-history":[{"count":6,"href":"https:\/\/blogs.ua.es\/conjuntosarqueologicosalicante\/wp-json\/wp\/v2\/pages\/83\/revisions"}],"predecessor-version":[{"id":271,"href":"https:\/\/blogs.ua.es\/conjuntosarqueologicosalicante\/wp-json\/wp\/v2\/pages\/83\/revisions\/271"}],"wp:attachment":[{"href":"https:\/\/blogs.ua.es\/conjuntosarqueologicosalicante\/wp-json\/wp\/v2\/media?parent=83"}],"curies":[{"name":"wp","href":"https:\/\/api.w.org\/{rel}","templated":true}]}}