{"id":85,"date":"2011-12-30T12:09:35","date_gmt":"2011-12-30T12:09:35","guid":{"rendered":"https:\/\/blogs.ua.es\/conjuntosarqueologicosalicante\/?page_id=85"},"modified":"2012-03-04T18:57:55","modified_gmt":"2012-03-04T18:57:55","slug":"fuentes","status":"publish","type":"page","link":"https:\/\/blogs.ua.es\/conjuntosarqueologicosalicante\/fuentes\/","title":{"rendered":"Fuentes"},"content":{"rendered":"<p>En general se ha recurrido a recursos de la red para obtener la informaci\u00f3n que posteriormente ha sido redactada en cada una de las entradas del presente blog.<\/p>\n<p>Entre las fuentes utilizadas hemos reiterado nuestras consultas especialmente en dos: Wikipedia y la Web Oficial del MARQ<\/p>\n<p>Tambi\u00e9n hemos utilizado fuentes presenciales, como por ejemplo en el informe sobre los graffitis del castillo de Santa B\u00e1rbara.<\/p>\n<p>Pero adem\u00e1s de esas fuentes m\u00e1s gen\u00e9ricas, hemos acudido tambien a diversos repositorios institucionales como Dialnet o el RUA de la Universidad de Alicante, utilizando la b\u00fasqueda avanzada y buscando por los campos de t\u00edtulo o materia, para encontrar informaci\u00f3n m\u00e1s espec\u00edfica y profesional de un determinado yacimiento arqueol\u00f3gico.<\/p>\n<p>Tambien hemos buscado directorios o \u00edndices de links a yacimientos arqueol\u00f3gicos de la Provincia de Alicante, como por ejemplo: <a href=\"http:\/\/www.terra.es\/personal2\/ameliajose\/arqueologia.htm\">http:\/\/www.terra.es\/personal2\/ameliajose\/arqueologia.htm<\/a><\/p>\n","protected":false},"excerpt":{"rendered":"<p>En general se ha recurrido a recursos de la red para obtener la informaci\u00f3n que posteriormente ha sido redactada en cada una de las entradas del presente blog. Entre las fuentes utilizadas hemos reiterado nuestras consultas especialmente en dos: Wikipedia &hellip; <a href=\"https:\/\/blogs.ua.es\/conjuntosarqueologicosalicante\/fuentes\/\">Continue reading <span class=\"meta-nav\">&rarr;<\/span><\/a><\/p>\n","protected":false},"author":2351,"featured_media":0,"parent":0,"menu_order":0,"comment_status":"open","ping_status":"open","template":"","meta":{"footnotes":""},"class_list":["post-85","page","type-page","status-publish","hentry"],"_links":{"self":[{"href":"https:\/\/blogs.ua.es\/conjuntosarqueologicosalicante\/wp-json\/wp\/v2\/pages\/85","targetHints":{"allow":["GET"]}}],"collection":[{"href":"https:\/\/blogs.ua.es\/conjuntosarqueologicosalicante\/wp-json\/wp\/v2\/pages"}],"about":[{"href":"https:\/\/blogs.ua.es\/conjuntosarqueologicosalicante\/wp-json\/wp\/v2\/types\/page"}],"author":[{"embeddable":true,"href":"https:\/\/blogs.ua.es\/conjuntosarqueologicosalicante\/wp-json\/wp\/v2\/users\/2351"}],"replies":[{"embeddable":true,"href":"https:\/\/blogs.ua.es\/conjuntosarqueologicosalicante\/wp-json\/wp\/v2\/comments?post=85"}],"version-history":[{"count":7,"href":"https:\/\/blogs.ua.es\/conjuntosarqueologicosalicante\/wp-json\/wp\/v2\/pages\/85\/revisions"}],"predecessor-version":[{"id":268,"href":"https:\/\/blogs.ua.es\/conjuntosarqueologicosalicante\/wp-json\/wp\/v2\/pages\/85\/revisions\/268"}],"wp:attachment":[{"href":"https:\/\/blogs.ua.es\/conjuntosarqueologicosalicante\/wp-json\/wp\/v2\/media?parent=85"}],"curies":[{"name":"wp","href":"https:\/\/api.w.org\/{rel}","templated":true}]}}