{"id":181,"date":"2011-01-24T23:19:16","date_gmt":"2011-01-24T21:19:16","guid":{"rendered":"https:\/\/blogs.ua.es\/contrarreforma\/"},"modified":"2011-01-24T23:19:16","modified_gmt":"2011-01-24T21:19:16","slug":"el-concilio-de-trento","status":"publish","type":"page","link":"https:\/\/blogs.ua.es\/contrarreforma\/el-concilio-de-trento\/","title":{"rendered":"El Concilio de Trento"},"content":{"rendered":"<p style=\"text-align: justify\">El <strong>Concilio de Trento<\/strong> tuvo especial importancia en el paso del <a href=\"http:\/\/es.wikipedia.org\/wiki\/Edad_Media\" target=\"_blank\">Medioevo<\/a> a la <a href=\"http:\/\/es.wikipedia.org\/wiki\/Edad_Moderna\" target=\"_blank\">Edad Moderna<\/a>. Fue un concilio ecum\u00e9nico, esto es, una <strong>reuni\u00f3n de los principales cargos de la Iglesia para tratar temas eclesi\u00e1sticos convocado por el Papa y que repercut\u00eda a toda la cristiandad<\/strong>. Concretamente lo convoc\u00f3 el Papa <a href=\"http:\/\/es.wikipedia.org\/wiki\/Paulo_III\" target=\"_blank\">Paulo III<\/a>, <strong>no s\u00f3lo para responder a la <\/strong><a href=\"http:\/\/es.wikipedia.org\/wiki\/Reforma_Protestante\" target=\"_blank\">Reforma protestante<\/a> <strong>sino tambi\u00e9n para fijar el dogma cat\u00f3lico<\/strong> tras la degradaci\u00f3n y crisis a que hab\u00eda llegado la Iglesia cat\u00f3lica en el siglo XVI.<\/p>\n<p style=\"text-align: justify\">El Concilio se desarroll\u00f3 entre 1545 y 1563, pero no de forma seguida, sino con interrupciones, que permiten dividirlo en <strong>tres etapas<\/strong>:<\/p>\n<ul>\n<li>De 1545 a 1547. Se inaugura el Concilio, donde destaca, pese a la mayor\u00eda italiana, la representaci\u00f3n espa\u00f1ola y su formaci\u00f3n. La amenaza de una epidemia de peste obliga a suspender la reuni\u00f3n.<\/li>\n<li>De 1551 a 1552. Con <a href=\"http:\/\/es.wikipedia.org\/wiki\/Julio_III\" target=\"_blank\">Julio III<\/a>. Destaca la numerosa presencia alemana. Carlos V sufre la traici\u00f3n de su aliado <a href=\"http:\/\/es.wikipedia.org\/wiki\/Mauricio_de_Sajonia\" target=\"_blank\">Mauricio de Sajonia<\/a>, que se al\u00eda con los protestantes y ataca al emperador en <a href=\"http:\/\/es.wikipedia.org\/wiki\/Innsbruck\" target=\"_blank\">Innsbruck<\/a>, por lo que se vuelve a suspender la reuni\u00f3n conciliar.<\/li>\n<li>De 1562 a 1563. Con <a href=\"http:\/\/es.wikipedia.org\/wiki\/P%C3%ADo_IV\" target=\"_blank\">P\u00edo IV<\/a>. Ya no hay representaci\u00f3n alemana ni reformista y se concluyen los temas.<\/li>\n<\/ul>\n<p style=\"text-align: justify\">En el Concilio hab\u00eda <strong>dos posturas enfrentadas<\/strong>: una, que propon\u00eda una actitud conciliadora hacia los protestantes para llegar a un acuerdo, y otra, la intransigente, que acab\u00f3 por ganar.<\/p>\n<p style=\"text-align: justify\">Los dogmas concluidos, si bien no eran nuevos, s\u00ed se perfilaron y aclararon con respecto a ambig\u00fcedades anteriores, aportando una mayor unidad a la doctrina cat\u00f3lica y oponi\u00e9ndose a las ideas protestantes, con lo que el Concilio result\u00f3 la ruptura definitiva de ambas tendencias. Algunos de los <strong>dogmas o medidas a aplicar<\/strong> fueron:<\/p>\n<ul style=\"text-align: justify\">\n<li>La idea de la salvaci\u00f3n del ser humano tanto por la fe como por las buenas obras.<\/li>\n<li>Una mayor moralizaci\u00f3n del clero.<\/li>\n<li>La consideraci\u00f3n de la presencia real de Cristo en el sacramento de la Eucarist\u00eda.<\/li>\n<li>El control de la acumulaci\u00f3n de los altos cargos en la jerarqu\u00eda eclesi\u00e1stica.<\/li>\n<li>El control de las indulgencias en detrimento de su abuso.<\/li>\n<li>La <a href=\"http:\/\/es.wikipedia.org\/wiki\/Vulgata\" target=\"_blank\"><em>Vulgata<\/em><\/a> de San Jer\u00f3nimo como texto oficial de la Biblia.<\/li>\n<li>La interpretaci\u00f3n de las Sagradas Escrituras reservada a la Iglesia cat\u00f3lica.<\/li>\n<li>La sistematizaci\u00f3n de las ceremonias lit\u00fargicas.<\/li>\n<li>La veneraci\u00f3n a la Virgen y a los santos.<\/li>\n<li>La creaci\u00f3n de seminarios diocesanos.<\/li>\n<li>La creaci\u00f3n de los archivos parroquiales.<\/li>\n<\/ul>\n","protected":false},"excerpt":{"rendered":"<p>El Concilio de Trento tuvo especial importancia en el paso del Medioevo a la Edad Moderna. Fue un concilio ecum\u00e9nico, esto es, una reuni\u00f3n de los principales cargos de la Iglesia para tratar temas eclesi\u00e1sticos convocado por el Papa y que repercut\u00eda a toda la cristiandad. Concretamente lo convoc\u00f3 el Papa Paulo III, no s\u00f3lo [&hellip;]<\/p>\n","protected":false},"author":1780,"featured_media":0,"parent":0,"menu_order":0,"comment_status":"open","ping_status":"open","template":"","meta":{"footnotes":""},"class_list":["post-181","page","type-page","status-publish","hentry"],"_links":{"self":[{"href":"https:\/\/blogs.ua.es\/contrarreforma\/wp-json\/wp\/v2\/pages\/181","targetHints":{"allow":["GET"]}}],"collection":[{"href":"https:\/\/blogs.ua.es\/contrarreforma\/wp-json\/wp\/v2\/pages"}],"about":[{"href":"https:\/\/blogs.ua.es\/contrarreforma\/wp-json\/wp\/v2\/types\/page"}],"author":[{"embeddable":true,"href":"https:\/\/blogs.ua.es\/contrarreforma\/wp-json\/wp\/v2\/users\/1780"}],"replies":[{"embeddable":true,"href":"https:\/\/blogs.ua.es\/contrarreforma\/wp-json\/wp\/v2\/comments?post=181"}],"version-history":[{"count":17,"href":"https:\/\/blogs.ua.es\/contrarreforma\/wp-json\/wp\/v2\/pages\/181\/revisions"}],"predecessor-version":[{"id":541,"href":"https:\/\/blogs.ua.es\/contrarreforma\/wp-json\/wp\/v2\/pages\/181\/revisions\/541"}],"wp:attachment":[{"href":"https:\/\/blogs.ua.es\/contrarreforma\/wp-json\/wp\/v2\/media?parent=181"}],"curies":[{"name":"wp","href":"https:\/\/api.w.org\/{rel}","templated":true}]}}