{"id":241,"date":"2009-11-10T14:40:10","date_gmt":"2009-11-10T12:40:10","guid":{"rendered":"https:\/\/blogs.ua.es\/copla\/?page_id=241"},"modified":"2009-11-10T14:40:10","modified_gmt":"2009-11-10T12:40:10","slug":"que-es-copla","status":"publish","type":"page","link":"https:\/\/blogs.ua.es\/copla\/que-es-copla\/","title":{"rendered":"Qu\u00e8 \u00e9s COPLA?"},"content":{"rendered":"<p><span style=\"color: #003366\">El projecte COPLA (Coneixement Obert i Programari Lliure a la Universitat d&#8217;Alacant) \u00e9s una iniciativa del Vicerectorat de Tecnologia i Innovaci\u00f3 Educativa de la Universitat d&#8217;Alacant, que naix amb la idea d&#8217;impulsar iniciatives per a promoure el coneixement obert i el programari lliure.<\/span><\/p>\n<p><span style=\"color: #003366\">\u00c9s un conjunt d&#8217;intencions, que aposta per una lliure distribuci\u00f3 del coneixement. Des d&#8217;este projecte es pretenen desenvolupar m\u00faltiples iniciatives per a donar a con\u00e9ixer i fomentar el coneixement obert i l&#8217;\u00fas del programari lliure en l&#8217;entorn de la universitat.<\/span><\/p>\n<p><span style=\"color: #003366\"><strong>Objectius<\/strong><br \/>\nEl projecte COPLA tindr\u00e0 com a principal objectiu la difusi\u00f3 del coneixement obert, en general, i del programari lliure, en particular. Els seus principals objectius s\u00f3n:<\/span><\/p>\n<ul>\n<li><span style=\"color: #003366\">Promoure els valors que fomenta el coneixement obert com la col\u00b7laboraci\u00f3, comprom\u00eds i solidaritat.<\/span><\/li>\n<li><span style=\"color: #003366\">Fomentar canvis, no sols en l&#8217;\u00e0mbit tecnol\u00f2gic i metodologia de treball, sin\u00f3 tamb\u00e9 fomentar canvis de filosofia en estudiants i personal de la universitat.<\/span><\/li>\n<li><span style=\"color: #003366\">Realitzar convenis de col\u00b7laboraci\u00f3 per a recolzar el coneixement obert.<\/span><\/li>\n<li><span style=\"color: #003366\">Fomentar l&#8217;\u00fas de formats oberts i programari lliure en estudiants i professors. Promovent el seu \u00fas per a la doc\u00e8ncia i investigaci\u00f3.<\/span><\/li>\n<li><span style=\"color: #003366\">Augmentar el coneixement sobre formats oberts i programari lliure.<\/span><\/li>\n<li><span style=\"color: #003366\">Recolzar la difusi\u00f3 del coneixement. Promoure el desenvolupament del coneixement obert i del programari lliure per part d&#8217;alumnes i personal, per a que publiquen per mitj\u00e0 de llic\u00e8ncies lliures les seues investigacions i treballs.<\/span><\/li>\n<\/ul>\n<p><span style=\"color: #003366\"><strong>Iniciatives<\/strong><br \/>\nPer a aconseguir estos objectius, el projecte COPLA posar\u00e0 en marxa una s\u00e8rie d&#8217;iniciatives:<\/span><\/p>\n<ul>\n<li><span style=\"color: #003366\">Desenvolupament de campanyes informatives per a donar a con\u00e9ixer el coneixement obert i els avantatges que comporta el seu \u00fas i distribuci\u00f3.<\/span><\/li>\n<li><span style=\"color: #003366\">Suport a esdeveniments relacionats amb la promoci\u00f3 del coneixement obert i programari lliure.<\/span><\/li>\n<li><span style=\"color: #003366\">Fomentar convenis de col\u00b7laboraci\u00f3 amb altres universitats, institucions, empreses, etc. per al suport d&#8217;iniciatives relacionades amb la distribuci\u00f3 de coneixement i formats oberts.<\/span><\/li>\n<li><span style=\"color: #003366\">Organitzaci\u00f3 i desenvolupament de cursos, seminaris, jornades i congressos per a promocionar el coneixement obert i l&#8217;\u00fas de programari lliure.<\/span><\/li>\n<li><span style=\"color: #003366\">Disposar d&#8217;un espai en la Web corporativa de la Universitat d&#8217;Alacant on recolzar el coneixement obert i el programari lliure, amb llistes de aplicacions equivalents a les aplicacions propiet\u00e0ries, materials de formaci\u00f3 i suport de programari lliure i cat\u00e0leg d&#8217;aplicacions lliures per a descarregar.<\/span><\/li>\n<li><span style=\"color: #003366\">Suport a tallers per a alumnes, PDI i PAS que ajuden a la instal\u00b7laci\u00f3 de programari lliure.<\/span><\/li>\n<li><span style=\"color: #003366\">Promoure l&#8217;\u00fas del programari lliure, amb la distribuci\u00f3, entre estudiants i personal de la universitat, d&#8217;aplicacions lliures.<\/span><\/li>\n<li><span style=\"color: #003366\">Treballar coordinadament amb els distints centres de la universitat per a adaptar estes iniciatives a totes les titulacions.<\/span><\/li>\n<li><span style=\"color: #003366\">Creaci\u00f3 d&#8217;un consell per a l&#8217;assessorament dels usuaris de programari lliure.<\/span><\/li>\n<\/ul>\n<p><span style=\"color: #003366\"><strong>Fases del projecte COPLA<\/strong><br \/>\nLes accions a dur a terme des del projecte COPLA es dividixen en diferents fases, cada una d&#8217;elles composta d&#8217;un conjunt d&#8217;iniciatives.<\/span><\/p>\n<p><span style=\"color: #003366\"><strong>Fase 0 (Any 2005)<\/strong><\/span><\/p>\n<ul>\n<li><span style=\"color: #003366\">Llan\u00e7ament del projecte COPLA.<\/span><\/li>\n<li><span style=\"color: #003366\">Creaci\u00f3 d&#8217;un portal Web institucional per a la distribuci\u00f3 de coneixement obert i programari lliure.<\/span><\/li>\n<li><span style=\"color: #003366\">Organitzaci\u00f3 i desenvolupament de les &#8220;I Jornades pel Coneixement Obert i Programari Lliure a la Universitat d&#8217;Alacant&#8221;.<\/span><\/li>\n<li><span style=\"color: #003366\">Desenvolupament d&#8217;iniciatives per a donar a con\u00e9ixer el projecte COPLA a alumnes i personal de la universitat d&#8217;Alacant, a altres universitats i a la societat alacantina en general.<\/span><\/li>\n<li><span style=\"color: #003366\">Creaci\u00f3 d&#8217;un consell per a l&#8217;assessorament dels usuaris de programari lliure.<\/span><\/li>\n<\/ul>\n<p><span style=\"color: #003366\"><strong>Fase 1 (Any 2006)<\/strong><\/span><\/p>\n<ul>\n<li><span style=\"color: #003366\">Desenvolupament d&#8217;iniciatives per a promoure el coneixement obert.<\/span><\/li>\n<li><span style=\"color: #003366\">Desenvolupament d&#8217;iniciatives per a promoure l&#8217;\u00fas del programari lliure entre alumnes i personal de la universitat. <\/span>\n<ul>\n<li><span style=\"color: #003366\">Creaci\u00f3 d&#8217;un cat\u00e0leg d&#8217;aplicacions lliures.<\/span><\/li>\n<li><span style=\"color: #003366\">Distribuci\u00f3 d&#8217;aplicacions lliures d&#8217;\u00fas general.<\/span><\/li>\n<\/ul>\n<\/li>\n<\/ul>\n<li><span style=\"color: #003366\">Desenvolupament de seminaris, cursos i tallers de formaci\u00f3. <\/span>\n<ul>\n<li><span style=\"color: #003366\">Cursos d&#8217;aplicacions lliures generals.<\/span><\/li>\n<li><span style=\"color: #003366\">Seminaris de formaci\u00f3 en Linux.<\/span><\/li>\n<\/ul>\n<\/li>\n<li><span style=\"color: #003366\">Instal\u00b7laci\u00f3 d&#8217;aplicacions lliures alternatives en aules de la universitat.<\/span><\/li>\n<p><span style=\"color: #003366\"><strong>Fase 2 (Anys 2007 &#8211; 2008)<\/strong><\/span><\/p>\n<ul>\n<li><span style=\"color: #003366\">CContinuaci\u00f3 de la campanya de conscienciaci\u00f3, difusi\u00f3 i formaci\u00f3 sobre formats oberts i programari lliure.<\/span><\/li>\n<li><span style=\"color: #003366\">Substituci\u00f3 progressiva d&#8217;aplicacions propiet\u00e0ries amb alternatives lliures.<\/span><\/li>\n<li><span style=\"color: #003366\">Migraci\u00f3 a Linux d&#8217;algunes aules d&#8217;\u00fas lliure de la universitat.<\/span><\/li>\n<\/ul>\n","protected":false},"excerpt":{"rendered":"<p>El projecte COPLA (Coneixement Obert i Programari Lliure a la Universitat d&#8217;Alacant) \u00e9s una iniciativa del Vicerectorat de Tecnologia i Innovaci\u00f3 Educativa de la Universitat d&#8217;Alacant, que naix amb la idea d&#8217;impulsar iniciatives per a promoure el coneixement obert i el programari lliure. \u00c9s un conjunt d&#8217;intencions, que aposta per una lliure distribuci\u00f3 del coneixement. [&hellip;]<\/p>\n","protected":false},"author":1465,"featured_media":0,"parent":0,"menu_order":0,"comment_status":"closed","ping_status":"closed","template":"","meta":{"footnotes":""},"class_list":["post-241","page","type-page","status-publish","hentry"],"_links":{"self":[{"href":"https:\/\/blogs.ua.es\/copla\/wp-json\/wp\/v2\/pages\/241","targetHints":{"allow":["GET"]}}],"collection":[{"href":"https:\/\/blogs.ua.es\/copla\/wp-json\/wp\/v2\/pages"}],"about":[{"href":"https:\/\/blogs.ua.es\/copla\/wp-json\/wp\/v2\/types\/page"}],"author":[{"embeddable":true,"href":"https:\/\/blogs.ua.es\/copla\/wp-json\/wp\/v2\/users\/1465"}],"replies":[{"embeddable":true,"href":"https:\/\/blogs.ua.es\/copla\/wp-json\/wp\/v2\/comments?post=241"}],"version-history":[{"count":2,"href":"https:\/\/blogs.ua.es\/copla\/wp-json\/wp\/v2\/pages\/241\/revisions"}],"predecessor-version":[{"id":243,"href":"https:\/\/blogs.ua.es\/copla\/wp-json\/wp\/v2\/pages\/241\/revisions\/243"}],"wp:attachment":[{"href":"https:\/\/blogs.ua.es\/copla\/wp-json\/wp\/v2\/media?parent=241"}],"curies":[{"name":"wp","href":"https:\/\/api.w.org\/{rel}","templated":true}]}}