{"id":249,"date":"2009-11-10T15:06:31","date_gmt":"2009-11-10T13:06:31","guid":{"rendered":"https:\/\/blogs.ua.es\/copla\/?page_id=249"},"modified":"2009-11-10T15:06:31","modified_gmt":"2009-11-10T13:06:31","slug":"coneixement-obert","status":"publish","type":"page","link":"https:\/\/blogs.ua.es\/copla\/coneixement-obert\/","title":{"rendered":"Coneixement Obert"},"content":{"rendered":"<p><span style=\"color: #003366\"><strong>Responsables:<\/strong><\/span><\/p>\n<ul>\n<li><span style=\"color: #003366\">Juan Jos\u00e9 Bayona Gim\u00e9nez<\/span><\/li>\n<li><span style=\"color: #003366\">Jos\u00e9 Mar\u00eda Garc\u00eda Avil\u00e9s<\/span><\/li>\n<li><span style=\"color: #003366\">Salvador S\u00e1nchez<\/span><\/li>\n<\/ul>\n<p><span style=\"color: #003366\"><strong>Descripci\u00f3:<\/strong><br \/>\nAquest eix, seguint els principis de la Declaraci\u00f3 de Berl\u00edn, s&#8217;encarrega de fomentar la recopilaci\u00f3, gesti\u00f3 i difusi\u00f3 dels coneixements en obert creats o depositats en la Universitat d&#8217;Alacant, tant en doc\u00e8ncia com en investigaci\u00f3. Per a aix\u00f2 comptar\u00e0 amb les ferramentes tecnol\u00f2giques i els servicis adequats que permeten posar a disposici\u00f3 tant de la comunitat universit\u00e0ria com del p\u00fablic en general les aportacions generades pels membres de la nostra Universitat.<\/span><\/p>\n<p><span style=\"color: #003366\"><strong>Accions:<\/strong><\/span><\/p>\n<ul>\n<li><span style=\"color: #003366\">Substituci\u00f3 progressiva del programari propietari per programari lliure en el Servici de Biblioteca de la UA<\/span><\/li>\n<li><span style=\"color: #003366\">Creaci\u00f3 d&#8217;una fonoteca utilitzant programari lliure. El Servici de Biblioteca administra una donaci\u00f3 de m\u00e9s de 40.000 discos de vinil procedents de la cadena SER.<\/span><\/li>\n<li><span style=\"color: #003366\">Manteniment i difusi\u00f3 del Reposador de la Universitat d&#8217;Alacant (RUA)<\/span><\/li>\n<\/ul>\n","protected":false},"excerpt":{"rendered":"<p>Responsables: Juan Jos\u00e9 Bayona Gim\u00e9nez Jos\u00e9 Mar\u00eda Garc\u00eda Avil\u00e9s Salvador S\u00e1nchez Descripci\u00f3: Aquest eix, seguint els principis de la Declaraci\u00f3 de Berl\u00edn, s&#8217;encarrega de fomentar la recopilaci\u00f3, gesti\u00f3 i difusi\u00f3 dels coneixements en obert creats o depositats en la Universitat d&#8217;Alacant, tant en doc\u00e8ncia com en investigaci\u00f3. Per a aix\u00f2 comptar\u00e0 amb les ferramentes tecnol\u00f2giques [&hellip;]<\/p>\n","protected":false},"author":1465,"featured_media":0,"parent":0,"menu_order":0,"comment_status":"closed","ping_status":"closed","template":"","meta":{"footnotes":""},"class_list":["post-249","page","type-page","status-publish","hentry"],"_links":{"self":[{"href":"https:\/\/blogs.ua.es\/copla\/wp-json\/wp\/v2\/pages\/249","targetHints":{"allow":["GET"]}}],"collection":[{"href":"https:\/\/blogs.ua.es\/copla\/wp-json\/wp\/v2\/pages"}],"about":[{"href":"https:\/\/blogs.ua.es\/copla\/wp-json\/wp\/v2\/types\/page"}],"author":[{"embeddable":true,"href":"https:\/\/blogs.ua.es\/copla\/wp-json\/wp\/v2\/users\/1465"}],"replies":[{"embeddable":true,"href":"https:\/\/blogs.ua.es\/copla\/wp-json\/wp\/v2\/comments?post=249"}],"version-history":[{"count":1,"href":"https:\/\/blogs.ua.es\/copla\/wp-json\/wp\/v2\/pages\/249\/revisions"}],"predecessor-version":[{"id":250,"href":"https:\/\/blogs.ua.es\/copla\/wp-json\/wp\/v2\/pages\/249\/revisions\/250"}],"wp:attachment":[{"href":"https:\/\/blogs.ua.es\/copla\/wp-json\/wp\/v2\/media?parent=249"}],"curies":[{"name":"wp","href":"https:\/\/api.w.org\/{rel}","templated":true}]}}