{"id":268,"date":"2009-11-10T15:35:19","date_gmt":"2009-11-10T13:35:19","guid":{"rendered":"https:\/\/blogs.ua.es\/copla\/?page_id=268"},"modified":"2009-11-10T15:37:43","modified_gmt":"2009-11-10T13:37:43","slug":"gestio-i-administracio-dequips-informatics","status":"publish","type":"page","link":"https:\/\/blogs.ua.es\/copla\/programari-lliure\/gestio-i-administracio-dequips-informatics\/","title":{"rendered":"Gesti\u00f3 i Administraci\u00f3 d&#8217;Equips Inform\u00e0tics"},"content":{"rendered":"<p><span style=\"color: #003366\"><strong>Responsable<\/strong><br \/>\nJuan Antonio Gil Mart\u00ednez-Abarca<\/span><\/p>\n<p><span style=\"color: #003366\"><strong>Descripci\u00f3:<\/strong><br \/>\nAssessorar sobre sistemes per a la gesti\u00f3 i administraci\u00f3 de clients inform\u00e0tics per al seu \u00fas amb programari lliure, aix\u00ed com proposar metodologies i ferramentes que faciliten la instal\u00b7laci\u00f3 i administraci\u00f3 d&#8217;aules i\/o grups de PCs. Els objectius concrets que es proposen abordar en esta l\u00ednia de treball s\u00f3n:<\/span><\/p>\n<ul>\n<li><span style=\"color: #003366\">Assessorar sobre sistemes per a la gesti\u00f3 i administraci\u00f3 de clients inform\u00e0tics per al seu \u00fas amb programari lliure.<\/span><\/li>\n<li><span style=\"color: #003366\">Proposar metodologies i ferramentes que faciliten la instal\u00b7laci\u00f3 i administraci\u00f3 d&#8217;aules i\/o grups de PCs.<\/span><\/li>\n<li><span style=\"color: #003366\">Disseny i implementaci\u00f3 d&#8217;infraestructures escalables de suport a la gesti\u00f3 de PCs, sempre dins de l&#8217;\u00e0mbit del programari lliure.<\/span><\/li>\n<\/ul>\n<p><span style=\"color: #003366\"><strong>Accions:<\/strong><\/span><\/p>\n<ul>\n<li><span style=\"color: #003366\">Ja realitzat: Incorporaci\u00f3 al nivell 2 (linux + windows) de totes les aules d&#8217;inform\u00e0tica de la UA excepte les de lliure acc\u00e9s de la biblioteca i aulari I i les de les seus (estes a no dependre nom\u00e9s de la UA, estan en una situaci\u00f3 complicada). S&#8217;est\u00e0 intentat passar al nivell 2 les aules de lliure acc\u00e9s de biblioteca i aulari I, per\u00f2 hi ha el problema de l&#8217;aplicaci\u00f3 de control de la TIU pel que no hi ha seguretat que a\u00e7\u00f2 estiga acabat per a les pr\u00f2ximes jornades.<\/span><\/li>\n<li><span style=\"color: #003366\">Creaci\u00f3 de l&#8217;aula COPLA d&#8217;acc\u00e9s lliure, situada en l&#8217;edifici Polit\u00e8cnica I, amb 25 llocs de treball de nivell 5: sistema operatiu Linux (distribuci\u00f3 Ubuntu) i gestionada amb ferramentes de programari lliure.<\/span><\/li>\n<\/ul>\n","protected":false},"excerpt":{"rendered":"<p>Responsable Juan Antonio Gil Mart\u00ednez-Abarca Descripci\u00f3: Assessorar sobre sistemes per a la gesti\u00f3 i administraci\u00f3 de clients inform\u00e0tics per al seu \u00fas amb programari lliure, aix\u00ed com proposar metodologies i ferramentes que faciliten la instal\u00b7laci\u00f3 i administraci\u00f3 d&#8217;aules i\/o grups de PCs. Els objectius concrets que es proposen abordar en esta l\u00ednia de treball s\u00f3n: [&hellip;]<\/p>\n","protected":false},"author":1465,"featured_media":0,"parent":266,"menu_order":0,"comment_status":"closed","ping_status":"closed","template":"","meta":{"footnotes":""},"class_list":["post-268","page","type-page","status-publish","hentry"],"_links":{"self":[{"href":"https:\/\/blogs.ua.es\/copla\/wp-json\/wp\/v2\/pages\/268","targetHints":{"allow":["GET"]}}],"collection":[{"href":"https:\/\/blogs.ua.es\/copla\/wp-json\/wp\/v2\/pages"}],"about":[{"href":"https:\/\/blogs.ua.es\/copla\/wp-json\/wp\/v2\/types\/page"}],"author":[{"embeddable":true,"href":"https:\/\/blogs.ua.es\/copla\/wp-json\/wp\/v2\/users\/1465"}],"replies":[{"embeddable":true,"href":"https:\/\/blogs.ua.es\/copla\/wp-json\/wp\/v2\/comments?post=268"}],"version-history":[{"count":4,"href":"https:\/\/blogs.ua.es\/copla\/wp-json\/wp\/v2\/pages\/268\/revisions"}],"predecessor-version":[{"id":272,"href":"https:\/\/blogs.ua.es\/copla\/wp-json\/wp\/v2\/pages\/268\/revisions\/272"}],"up":[{"embeddable":true,"href":"https:\/\/blogs.ua.es\/copla\/wp-json\/wp\/v2\/pages\/266"}],"wp:attachment":[{"href":"https:\/\/blogs.ua.es\/copla\/wp-json\/wp\/v2\/media?parent=268"}],"curies":[{"name":"wp","href":"https:\/\/api.w.org\/{rel}","templated":true}]}}