{"id":275,"date":"2009-11-10T15:41:19","date_gmt":"2009-11-10T13:41:19","guid":{"rendered":"https:\/\/blogs.ua.es\/copla\/?page_id=275"},"modified":"2009-11-10T15:41:19","modified_gmt":"2009-11-10T13:41:19","slug":"aplicacions-del-programari-lliure","status":"publish","type":"page","link":"https:\/\/blogs.ua.es\/copla\/programari-lliure\/aplicacions-del-programari-lliure\/","title":{"rendered":"Aplicacions del Programari Lliure"},"content":{"rendered":"<p><span style=\"color: #003366\"><strong>Responsable:<\/strong><br \/>\nAntonio Corb\u00ed<\/span><\/p>\n<p><span style=\"color: #003366\"><strong>Descripci\u00f3:<\/strong><br \/>\nElaborar un mapa del programari que ara mateix s&#8217;esta emprant en la UA (pas, doc\u00e8ncia, investigaci\u00f3, etc&#8230;) i proposar alternatives lliures al programari propietari emprat.<\/span><\/p>\n<p><span style=\"color: #003366\"><strong>Accions:<\/strong><br \/>\nTabular les dades arreplegades en treball de camp al llarg del curs passat i presentar-los de forma comprensible.<\/span><\/p>\n","protected":false},"excerpt":{"rendered":"<p>Responsable: Antonio Corb\u00ed Descripci\u00f3: Elaborar un mapa del programari que ara mateix s&#8217;esta emprant en la UA (pas, doc\u00e8ncia, investigaci\u00f3, etc&#8230;) i proposar alternatives lliures al programari propietari emprat. Accions: Tabular les dades arreplegades en treball de camp al llarg del curs passat i presentar-los de forma comprensible.<\/p>\n","protected":false},"author":1465,"featured_media":0,"parent":266,"menu_order":2,"comment_status":"closed","ping_status":"closed","template":"","meta":{"footnotes":""},"class_list":["post-275","page","type-page","status-publish","hentry"],"_links":{"self":[{"href":"https:\/\/blogs.ua.es\/copla\/wp-json\/wp\/v2\/pages\/275","targetHints":{"allow":["GET"]}}],"collection":[{"href":"https:\/\/blogs.ua.es\/copla\/wp-json\/wp\/v2\/pages"}],"about":[{"href":"https:\/\/blogs.ua.es\/copla\/wp-json\/wp\/v2\/types\/page"}],"author":[{"embeddable":true,"href":"https:\/\/blogs.ua.es\/copla\/wp-json\/wp\/v2\/users\/1465"}],"replies":[{"embeddable":true,"href":"https:\/\/blogs.ua.es\/copla\/wp-json\/wp\/v2\/comments?post=275"}],"version-history":[{"count":1,"href":"https:\/\/blogs.ua.es\/copla\/wp-json\/wp\/v2\/pages\/275\/revisions"}],"predecessor-version":[{"id":276,"href":"https:\/\/blogs.ua.es\/copla\/wp-json\/wp\/v2\/pages\/275\/revisions\/276"}],"up":[{"embeddable":true,"href":"https:\/\/blogs.ua.es\/copla\/wp-json\/wp\/v2\/pages\/266"}],"wp:attachment":[{"href":"https:\/\/blogs.ua.es\/copla\/wp-json\/wp\/v2\/media?parent=275"}],"curies":[{"name":"wp","href":"https:\/\/api.w.org\/{rel}","templated":true}]}}