{"id":281,"date":"2009-11-10T15:48:32","date_gmt":"2009-11-10T13:48:32","guid":{"rendered":"https:\/\/blogs.ua.es\/copla\/?page_id=281"},"modified":"2009-11-10T15:48:32","modified_gmt":"2009-11-10T13:48:32","slug":"web","status":"publish","type":"page","link":"https:\/\/blogs.ua.es\/copla\/difusio\/web\/","title":{"rendered":"Web"},"content":{"rendered":"<p><span style=\"color: #003366\"><strong>Responsable:<\/strong><br \/>\nAna Illanas Vila<\/span><\/p>\n<p><span style=\"color: #003366\"><strong>Descripci\u00f3:<\/strong><br \/>\n\u00c9s el lloc Web del projecte dins de la Web institucional de la Universitat d&#8217;Alacant. Es tracta d&#8217;un rac\u00f3 on la gent pot trobar informaci\u00f3 sobre el projecte COPLA aix\u00ed com de les seues iniciatives. Es tracta d&#8217;una Web participativa perqu\u00e8 els usuaris puguen opinar i millorar amb aix\u00f2 el desenvolupament del projecte COPLA.<\/span><\/p>\n<p><span style=\"color: #003366\"><strong>Accions:<\/strong><\/span><\/p>\n<ul>\n<li><span style=\"color: #003366\">ctualitzaci\u00f3 de la Web perqu\u00e8 la informaci\u00f3 que mostre siga actual<\/span><\/li>\n<li><span style=\"color: #003366\">Ampliaci\u00f3 de la Web perqu\u00e8 oferisca cada vegada m\u00e9s servicis als usuaris<\/span><\/li>\n<li><span style=\"color: #003366\">Consideraci\u00f3 dels suggeriments del p\u00fablic de la Web en general per a portar-les a cap si f\u00f3ra possible.<\/span><\/li>\n<li><span style=\"color: #003366\">Incloure RSS a la Web<\/span><\/li>\n<\/ul>\n","protected":false},"excerpt":{"rendered":"<p>Responsable: Ana Illanas Vila Descripci\u00f3: \u00c9s el lloc Web del projecte dins de la Web institucional de la Universitat d&#8217;Alacant. Es tracta d&#8217;un rac\u00f3 on la gent pot trobar informaci\u00f3 sobre el projecte COPLA aix\u00ed com de les seues iniciatives. Es tracta d&#8217;una Web participativa perqu\u00e8 els usuaris puguen opinar i millorar amb aix\u00f2 el [&hellip;]<\/p>\n","protected":false},"author":1465,"featured_media":0,"parent":279,"menu_order":0,"comment_status":"closed","ping_status":"closed","template":"","meta":{"footnotes":""},"class_list":["post-281","page","type-page","status-publish","hentry"],"_links":{"self":[{"href":"https:\/\/blogs.ua.es\/copla\/wp-json\/wp\/v2\/pages\/281","targetHints":{"allow":["GET"]}}],"collection":[{"href":"https:\/\/blogs.ua.es\/copla\/wp-json\/wp\/v2\/pages"}],"about":[{"href":"https:\/\/blogs.ua.es\/copla\/wp-json\/wp\/v2\/types\/page"}],"author":[{"embeddable":true,"href":"https:\/\/blogs.ua.es\/copla\/wp-json\/wp\/v2\/users\/1465"}],"replies":[{"embeddable":true,"href":"https:\/\/blogs.ua.es\/copla\/wp-json\/wp\/v2\/comments?post=281"}],"version-history":[{"count":1,"href":"https:\/\/blogs.ua.es\/copla\/wp-json\/wp\/v2\/pages\/281\/revisions"}],"predecessor-version":[{"id":282,"href":"https:\/\/blogs.ua.es\/copla\/wp-json\/wp\/v2\/pages\/281\/revisions\/282"}],"up":[{"embeddable":true,"href":"https:\/\/blogs.ua.es\/copla\/wp-json\/wp\/v2\/pages\/279"}],"wp:attachment":[{"href":"https:\/\/blogs.ua.es\/copla\/wp-json\/wp\/v2\/media?parent=281"}],"curies":[{"name":"wp","href":"https:\/\/api.w.org\/{rel}","templated":true}]}}