{"id":89,"date":"2009-10-16T14:22:55","date_gmt":"2009-10-16T12:22:55","guid":{"rendered":"https:\/\/blogs.ua.es\/copla\/?page_id=89"},"modified":"2009-11-05T19:19:50","modified_gmt":"2009-11-05T17:19:50","slug":"blogsua","status":"publish","type":"page","link":"https:\/\/blogs.ua.es\/copla\/contenidos-abiertos\/blogsua\/","title":{"rendered":"blogsUA"},"content":{"rendered":"<p><span style=\"color: #003366\"><strong>Responsable<\/strong><br \/>\nJos\u00e9 Antonio Guilabert Mart\u00ednez<\/span><\/p>\n<p><span style=\"color: #003366\"><strong>Descripci\u00f3n<\/strong><br \/>\nPuesta en marcha de una plataforma de publicaci\u00f3n de blogs para la comunidad universitaria. Fomento de Software utilizado: WordPress multiusuario instalado sobre GNU\/Linux.<\/span><\/p>\n<p><span style=\"color: #003366\"><strong>Acciones<\/strong><\/span><\/p>\n<ul>\n<li><span style=\"color: #003366\">Carta de bienvenida.<\/span><\/li>\n<li><span style=\"color: #003366\">Campa\u00f1a de Email a determinados colectivos.<\/span><\/li>\n<li><span style=\"color: #003366\">Prensa universitaria.<\/span><\/li>\n<li><span style=\"color: #003366\">Promoci\u00f3n en los folletos de &#8216;enREDate&#8217; donde se enumeran los distintos servicios TIC que se ofrece al alumnado.<\/span><\/li>\n<li><span style=\"color: #003366\">Inclusi\u00f3n en los cursos &#8216;con\u00e9ctate&#8217; que se hacen a principios de curso.<\/span><\/li>\n<li><span style=\"color: #003366\">Referencia a blogsUA en la Gu\u00eda del estudiante del curso 2007\/2008.<\/span><\/li>\n<li><span style=\"color: #003366\">Publicaci\u00f3n de un blog institucional.<\/span><\/li>\n<\/ul>\n","protected":false},"excerpt":{"rendered":"<p>Responsable Jos\u00e9 Antonio Guilabert Mart\u00ednez Descripci\u00f3n Puesta en marcha de una plataforma de publicaci\u00f3n de blogs para la comunidad universitaria. Fomento de Software utilizado: WordPress multiusuario instalado sobre GNU\/Linux. Acciones Carta de bienvenida. Campa\u00f1a de Email a determinados colectivos. Prensa universitaria. Promoci\u00f3n en los folletos de &#8216;enREDate&#8217; donde se enumeran los distintos servicios TIC que [&hellip;]<\/p>\n","protected":false},"author":59,"featured_media":0,"parent":76,"menu_order":2,"comment_status":"closed","ping_status":"closed","template":"","meta":{"footnotes":""},"class_list":["post-89","page","type-page","status-publish","hentry"],"_links":{"self":[{"href":"https:\/\/blogs.ua.es\/copla\/wp-json\/wp\/v2\/pages\/89","targetHints":{"allow":["GET"]}}],"collection":[{"href":"https:\/\/blogs.ua.es\/copla\/wp-json\/wp\/v2\/pages"}],"about":[{"href":"https:\/\/blogs.ua.es\/copla\/wp-json\/wp\/v2\/types\/page"}],"author":[{"embeddable":true,"href":"https:\/\/blogs.ua.es\/copla\/wp-json\/wp\/v2\/users\/59"}],"replies":[{"embeddable":true,"href":"https:\/\/blogs.ua.es\/copla\/wp-json\/wp\/v2\/comments?post=89"}],"version-history":[{"count":5,"href":"https:\/\/blogs.ua.es\/copla\/wp-json\/wp\/v2\/pages\/89\/revisions"}],"predecessor-version":[{"id":156,"href":"https:\/\/blogs.ua.es\/copla\/wp-json\/wp\/v2\/pages\/89\/revisions\/156"}],"up":[{"embeddable":true,"href":"https:\/\/blogs.ua.es\/copla\/wp-json\/wp\/v2\/pages\/76"}],"wp:attachment":[{"href":"https:\/\/blogs.ua.es\/copla\/wp-json\/wp\/v2\/media?parent=89"}],"curies":[{"name":"wp","href":"https:\/\/api.w.org\/{rel}","templated":true}]}}