{"id":91,"date":"2009-10-16T14:25:14","date_gmt":"2009-10-16T12:25:14","guid":{"rendered":"https:\/\/blogs.ua.es\/copla\/?page_id=91"},"modified":"2009-11-10T15:56:10","modified_gmt":"2009-11-10T13:56:10","slug":"gestion-y-administracion-de-equipos-informaticos","status":"publish","type":"page","link":"https:\/\/blogs.ua.es\/copla\/software-libre\/gestion-y-administracion-de-equipos-informaticos\/","title":{"rendered":"Gesti\u00f3n y administraci\u00f3n de equipos inform\u00e1ticos"},"content":{"rendered":"<p><span style=\"color: #003366\"><strong>Responsable<\/strong><br \/>\nJuan Antonio Gil Mart\u00ednez-Abarca<\/span><\/p>\n<p><span style=\"color: #003366\"><strong>Descripci\u00f3n<\/strong><br \/>\nAsesorar sobre sistemas para la gesti\u00f3n y administraci\u00f3n de clientes inform\u00e1ticos para su uso con software libre, as\u00ed como proponer metodolog\u00edas y herramientas que faciliten la instalaci\u00f3n y administraci\u00f3n de aulas y\/o grupos de PCs. Los objetivos concretos que se proponen abordar en esta l\u00ednea de trabajo son:<\/span><\/p>\n<ul>\n<li><span style=\"color: #003366\">Asesorar sobre sistemas para la gesti\u00f3n y administraci\u00f3n de clientes inform\u00e1ticos para su uso con software libre.<\/span><\/li>\n<li><span style=\"color: #003366\">Proponer metodolog\u00edas y herramientas que faciliten la instalaci\u00f3n y administraci\u00f3n de aulas y\/o grupos de PCs.<\/span><\/li>\n<li><span style=\"color: #003366\">Dise\u00f1o e implementaci\u00f3n de infraestructuras escalables de apoyo a la gesti\u00f3n de PCs, siempre dentro del \u00e1mbito del software libre<\/span><\/li>\n<\/ul>\n<p><span style=\"color: #003366\"><strong>Acciones<\/strong><\/span><\/p>\n<ul>\n<li><span style=\"color: #003366\">Ya realizado: Incorporaci\u00f3n al nivel 2 (linux + windows) de todas las aulas de inform\u00e1tica de la UA excepto las de libre acceso de la biblioteca y aulario I y las de las sedes (\u00e9stas a no depender s\u00f3lo de la UA, est\u00e1n en una situaci\u00f3n complicada). Se est\u00e1 intentado pasar al nivel 2 las aulas de libre acceso de biblioteca y aulario I, pero existe el problema de la aplicaci\u00f3n de control de la TIU por lo que no existe seguridad de que esto est\u00e9 terminado para las pr\u00f3ximas jornadas.<\/span><\/li>\n<li><span style=\"color: #003366\">Creaci\u00f3n del aula COPLA de acceso libre, situada en el edificio Polit\u00e9cnica I, con 25 puestos de trabajo de nivel 5: sistema operativo Linux (distribuci\u00f3n Ubuntu) y gestionada con herramientas de software libre.<\/span><\/li>\n<\/ul>\n","protected":false},"excerpt":{"rendered":"<p>Responsable Juan Antonio Gil Mart\u00ednez-Abarca Descripci\u00f3n Asesorar sobre sistemas para la gesti\u00f3n y administraci\u00f3n de clientes inform\u00e1ticos para su uso con software libre, as\u00ed como proponer metodolog\u00edas y herramientas que faciliten la instalaci\u00f3n y administraci\u00f3n de aulas y\/o grupos de PCs. Los objetivos concretos que se proponen abordar en esta l\u00ednea de trabajo son: Asesorar [&hellip;]<\/p>\n","protected":false},"author":1465,"featured_media":0,"parent":79,"menu_order":0,"comment_status":"closed","ping_status":"closed","template":"","meta":{"footnotes":""},"class_list":["post-91","page","type-page","status-publish","hentry"],"_links":{"self":[{"href":"https:\/\/blogs.ua.es\/copla\/wp-json\/wp\/v2\/pages\/91","targetHints":{"allow":["GET"]}}],"collection":[{"href":"https:\/\/blogs.ua.es\/copla\/wp-json\/wp\/v2\/pages"}],"about":[{"href":"https:\/\/blogs.ua.es\/copla\/wp-json\/wp\/v2\/types\/page"}],"author":[{"embeddable":true,"href":"https:\/\/blogs.ua.es\/copla\/wp-json\/wp\/v2\/users\/1465"}],"replies":[{"embeddable":true,"href":"https:\/\/blogs.ua.es\/copla\/wp-json\/wp\/v2\/comments?post=91"}],"version-history":[{"count":4,"href":"https:\/\/blogs.ua.es\/copla\/wp-json\/wp\/v2\/pages\/91\/revisions"}],"predecessor-version":[{"id":296,"href":"https:\/\/blogs.ua.es\/copla\/wp-json\/wp\/v2\/pages\/91\/revisions\/296"}],"up":[{"embeddable":true,"href":"https:\/\/blogs.ua.es\/copla\/wp-json\/wp\/v2\/pages\/79"}],"wp:attachment":[{"href":"https:\/\/blogs.ua.es\/copla\/wp-json\/wp\/v2\/media?parent=91"}],"curies":[{"name":"wp","href":"https:\/\/api.w.org\/{rel}","templated":true}]}}