{"id":51,"date":"2009-07-05T18:41:28","date_gmt":"2009-07-05T16:41:28","guid":{"rendered":"https:\/\/blogs.ua.es\/cristobalcolon\/?page_id=51"},"modified":"2009-07-05T18:41:28","modified_gmt":"2009-07-05T16:41:28","slug":"los-preparativos-del-viaje","status":"publish","type":"page","link":"https:\/\/blogs.ua.es\/cristobalcolon\/los-preparativos-del-viaje\/","title":{"rendered":"Los preparativos del Viaje:"},"content":{"rendered":"<p>Col\u00f3n est\u00e1 plet\u00f3rico. Al fin lo ha conseguido. Creen en \u00e9l. Ha echado un pulso incre\u00edble a los Reyes y ha ganado.<\/p>\n<p>Los Reyes entregan a Col\u00f3n dos carabelas. Deben zarpar en 10 d\u00edas, por lo que debe encontrar marinos lo que se convertir\u00e1 en una de las tareas m\u00e1s dif\u00edciles pues nadie quiere alistarse. Tienen miedo y no creen en el proyecto. Lleg\u00f3 a reclutar delincuentes.<\/p>\n<p>De nuevo, de manera providencial aparece Fray Antonio de Marchena que contacta con un peso pesado en Palos, un marino de gran experiencia que conseguir\u00e1 que se alisten muchos marineros.<\/p>\n<p>Ya est\u00e1n listas las dos carabelas: la Pinta y la Ni\u00f1a y la nave capitana la Santa Mar\u00eda.<\/p>\n<p>Hay capitanes, pilotos, marineros, calafates, grumetes, carpinteros, int\u00e9rpretes, un cirujano, un boticario, un tonelero, un sastre y un platero.\u00a0 Sus sueldos eran considerables para la \u00e9poca, adem\u00e1s recib\u00edan 4 pagas por adelantado.<\/p>\n<p>Una vez bendecidas las naves por Fray Antonio de Marchena, las naves zarpan del Puerto de PALOS el 3 de agosto de 1492. Muchos vecinos les despiden con tristeza pues creen que nunca m\u00e1s volver\u00e1n a verles.<\/p>\n","protected":false},"excerpt":{"rendered":"<p>Col\u00f3n est\u00e1 plet\u00f3rico. Al fin lo ha conseguido. Creen en \u00e9l. Ha echado un pulso incre\u00edble a los Reyes y ha ganado. Los Reyes entregan a Col\u00f3n dos carabelas. Deben zarpar en 10 d\u00edas, por lo que debe encontrar marinos lo que se convertir\u00e1 en una de las tareas m\u00e1s dif\u00edciles pues nadie quiere alistarse. [&hellip;]<\/p>\n","protected":false},"author":891,"featured_media":0,"parent":0,"menu_order":0,"comment_status":"open","ping_status":"open","template":"","meta":{"footnotes":""},"class_list":["post-51","page","type-page","status-publish","hentry"],"_links":{"self":[{"href":"https:\/\/blogs.ua.es\/cristobalcolon\/wp-json\/wp\/v2\/pages\/51","targetHints":{"allow":["GET"]}}],"collection":[{"href":"https:\/\/blogs.ua.es\/cristobalcolon\/wp-json\/wp\/v2\/pages"}],"about":[{"href":"https:\/\/blogs.ua.es\/cristobalcolon\/wp-json\/wp\/v2\/types\/page"}],"author":[{"embeddable":true,"href":"https:\/\/blogs.ua.es\/cristobalcolon\/wp-json\/wp\/v2\/users\/891"}],"replies":[{"embeddable":true,"href":"https:\/\/blogs.ua.es\/cristobalcolon\/wp-json\/wp\/v2\/comments?post=51"}],"version-history":[{"count":2,"href":"https:\/\/blogs.ua.es\/cristobalcolon\/wp-json\/wp\/v2\/pages\/51\/revisions"}],"predecessor-version":[{"id":53,"href":"https:\/\/blogs.ua.es\/cristobalcolon\/wp-json\/wp\/v2\/pages\/51\/revisions\/53"}],"wp:attachment":[{"href":"https:\/\/blogs.ua.es\/cristobalcolon\/wp-json\/wp\/v2\/media?parent=51"}],"curies":[{"name":"wp","href":"https:\/\/api.w.org\/{rel}","templated":true}]}}