{"id":62,"date":"2009-07-05T19:05:20","date_gmt":"2009-07-05T17:05:20","guid":{"rendered":"https:\/\/blogs.ua.es\/cristobalcolon\/?page_id=62"},"modified":"2009-07-05T19:05:20","modified_gmt":"2009-07-05T17:05:20","slug":"el-gobierno-en-la-espanola","status":"publish","type":"page","link":"https:\/\/blogs.ua.es\/cristobalcolon\/el-gobierno-en-la-espanola\/","title":{"rendered":"El gobierno en la Espa\u00f1ola"},"content":{"rendered":"<p>La fuerza no era suficiente para dominar la isla, dado el escaso n\u00famero de espa\u00f1oles.<\/p>\n<p>Col\u00f3n publica unas \u00f3rdenes y castiga severamente los delitos, sobre todo el hurto. Los indios acatan las \u00f3rdenes con perplejidad pues no conocen el concepto de la propiedad privada. Los ladrones quedaban marcados, pues les cortaban las orejas y la nariz.<\/p>\n<p>Col\u00f3n necesita dejar la Espa\u00f1ola para seguir surcando aquellos mares as\u00ed que nombra a su hermano Diego Presidente del Consejo. \u00c9ste ser\u00e1 el inicio de su desprestigio y ca\u00edda.<\/p>\n","protected":false},"excerpt":{"rendered":"<p>La fuerza no era suficiente para dominar la isla, dado el escaso n\u00famero de espa\u00f1oles. Col\u00f3n publica unas \u00f3rdenes y castiga severamente los delitos, sobre todo el hurto. Los indios acatan las \u00f3rdenes con perplejidad pues no conocen el concepto de la propiedad privada. Los ladrones quedaban marcados, pues les cortaban las orejas y la [&hellip;]<\/p>\n","protected":false},"author":891,"featured_media":0,"parent":0,"menu_order":0,"comment_status":"open","ping_status":"open","template":"","meta":{"footnotes":""},"class_list":["post-62","page","type-page","status-publish","hentry"],"_links":{"self":[{"href":"https:\/\/blogs.ua.es\/cristobalcolon\/wp-json\/wp\/v2\/pages\/62","targetHints":{"allow":["GET"]}}],"collection":[{"href":"https:\/\/blogs.ua.es\/cristobalcolon\/wp-json\/wp\/v2\/pages"}],"about":[{"href":"https:\/\/blogs.ua.es\/cristobalcolon\/wp-json\/wp\/v2\/types\/page"}],"author":[{"embeddable":true,"href":"https:\/\/blogs.ua.es\/cristobalcolon\/wp-json\/wp\/v2\/users\/891"}],"replies":[{"embeddable":true,"href":"https:\/\/blogs.ua.es\/cristobalcolon\/wp-json\/wp\/v2\/comments?post=62"}],"version-history":[{"count":1,"href":"https:\/\/blogs.ua.es\/cristobalcolon\/wp-json\/wp\/v2\/pages\/62\/revisions"}],"predecessor-version":[{"id":63,"href":"https:\/\/blogs.ua.es\/cristobalcolon\/wp-json\/wp\/v2\/pages\/62\/revisions\/63"}],"wp:attachment":[{"href":"https:\/\/blogs.ua.es\/cristobalcolon\/wp-json\/wp\/v2\/media?parent=62"}],"curies":[{"name":"wp","href":"https:\/\/api.w.org\/{rel}","templated":true}]}}