{"id":64,"date":"2022-12-26T00:05:29","date_gmt":"2022-12-26T00:05:29","guid":{"rendered":"https:\/\/blogs.ua.es\/cts2022\/?page_id=64"},"modified":"2022-12-26T00:07:13","modified_gmt":"2022-12-26T00:07:13","slug":"un-mundo-feliz","status":"publish","type":"page","link":"https:\/\/blogs.ua.es\/cts2022\/un-mundo-feliz\/","title":{"rendered":"UN MUNDO FELIZ"},"content":{"rendered":"<p style=\"text-align: center\">\u201cUn mundo feliz\u201d, escrito por Aldous Huxley, es el mejor ejemplo de distop\u00eda donde est\u00e1 muy presente la ciencia y la tecnolog\u00eda.<\/p>\n<p style=\"text-align: center\"><img loading=\"lazy\" decoding=\"async\" class=\"size-medium wp-image-65 aligncenter\" src=\"https:\/\/blogs.ua.es\/cts2022\/files\/2022\/12\/51q8GL0zL-200x300.jpg\" alt=\"\" width=\"200\" height=\"300\" srcset=\"https:\/\/blogs.ua.es\/cts2022\/files\/2022\/12\/51q8GL0zL-200x300.jpg 200w, https:\/\/blogs.ua.es\/cts2022\/files\/2022\/12\/51q8GL0zL.jpg 334w\" sizes=\"auto, (max-width: 200px) 100vw, 200px\" \/><\/p>\n<p style=\"text-align: center\">En esta novela se aprecia muy bien la confrontaci\u00f3n de dos realidades: los habitantes de Malpa\u00eds eran considerados retr\u00f3grados, conservadores de los valores humanos esenciales, mientras que el Estado Mundial estaba altamente regulado por la tecnolog\u00eda, la monogamia era inconcebible, la familia estaba prohibida, y todos los individuos \u2013 sin apenas sentimientos \u2013 pertenec\u00edan a todo el mundo, fueron alterados gen\u00e9ticamente en el Centro de Incubaci\u00f3n y Condicionamiento de Londres para estar sanos, libres de enfermedades de por vida.<\/p>\n<p style=\"text-align: center\">Se configura all\u00ed entonces una sociedad de castas, altamente estable, seg\u00fan el grado de inteligencia que poseen las personas (Gammas, Deltas, Epsilones, etc.), pero al final acaba siendo una distop\u00eda porque llevar una vida humana en ese mundo es muy dif\u00edcil. No exist\u00eda el matrimonio, los v\u00ednculos humanos eran muy fr\u00e1giles y las relaciones se hab\u00edan tornado precarias y vol\u00e1tiles (se establec\u00edan con una finalidad poco trascendente, muy superficial). Era el hombre quien deb\u00eda adaptarse a una ciencia y la tecnolog\u00eda que acababa por esclavizarle. Los individuos eran gobernados sin ejercer coerci\u00f3n alguna sobre ellos porque por s\u00ed solos amaban su propia servidumbre siendo felices, un estado de felicidad que alcanzaban mediante el condicionamiento de los ni\u00f1os (hipnopedia) y con la ayuda de drogas, como la escopolamina y el soma.<\/p>\n<p style=\"text-align: center\">En un <em>Un mundo feliz<\/em> se enumeran, adem\u00e1s, una serie de tecnolog\u00edas que actualmente est\u00e1n ligadas a la vanguardia de las ciencias biol\u00f3gicas. Por ejemplo, en la Sala de Fecundaci\u00f3n se hac\u00eda lo que ahora se denomina \u201cfertilizaci\u00f3n in vitro\u201d. Tambi\u00e9n se manipulaba gen\u00e9ticamente la reproducci\u00f3n biol\u00f3gica mediante el m\u00e9todo Bokanovsky, lo cual se asemeja a las actuales t\u00e9cnicas de recombinaci\u00f3n del DNA. Y en la Sala de Envasado, llegaban en masa los embriones pr\u00e1cticamente id\u00e9nticos, siendo productos manufacturados y homogeneizados. Este procedimiento tiene puntos en com\u00fan con una importante t\u00e9cnica asociada a la reproducci\u00f3n humana asistida nacida en Gran Breta\u00f1a durante la d\u00e9cada de los 80, a saber, la transferencia de embriones (TE). Todas estas tecnolog\u00edas basadas en la ciencia aplicadas a los seres humanos no est\u00e1n exentas de dilemas \u00e9ticos. Quienes defienden la ciencia, en general, est\u00e1n a favor de estas nuevas tecnolog\u00edas reproductivas porque ayudar\u00edan a generar beneficios significativos en el futuro en tanto que ofrecer\u00edan la posibilidad de tener hijos sin defectos gen\u00e9ticos. Sin embargo, el problema estriba cuando la mejora de la condici\u00f3n humana responde a preferencias pol\u00edticas basadas en la construcci\u00f3n de sociedades donde est\u00e9n mejoradas \u00fanicamente las cualidades propias de una determinada raza. Se seleccionar\u00edan, entonces, artificialmente aquellos seres humanos cuyas caracter\u00edsticas gen\u00e9ticas son m\u00e1s deseables, que se transmitir\u00edan por descendencia, mientras que se evitar\u00eda la reproducci\u00f3n de las personas que se consideran inferiores. Al final esta ac\u00e9rrima esperanza depositada en la ciencia terminar\u00eda por generar un sistema social segregacionista que distar\u00eda mucho de ser propio de las sociedades deseables, regidas por principios morales.<\/p>\n","protected":false},"excerpt":{"rendered":"<p>\u201cUn mundo feliz\u201d, escrito por Aldous Huxley, es el mejor ejemplo de distop\u00eda donde est\u00e1 muy presente la ciencia y la tecnolog\u00eda. En esta novela se aprecia muy bien la confrontaci\u00f3n de dos realidades: los habitantes de Malpa\u00eds eran considerados retr\u00f3grados, conservadores de los valores humanos esenciales, mientras que el Estado Mundial estaba altamente regulado [&hellip;]<\/p>\n","protected":false},"author":4407,"featured_media":0,"parent":0,"menu_order":0,"comment_status":"closed","ping_status":"closed","template":"","meta":{"footnotes":""},"class_list":["post-64","page","type-page","status-publish","hentry"],"_links":{"self":[{"href":"https:\/\/blogs.ua.es\/cts2022\/wp-json\/wp\/v2\/pages\/64","targetHints":{"allow":["GET"]}}],"collection":[{"href":"https:\/\/blogs.ua.es\/cts2022\/wp-json\/wp\/v2\/pages"}],"about":[{"href":"https:\/\/blogs.ua.es\/cts2022\/wp-json\/wp\/v2\/types\/page"}],"author":[{"embeddable":true,"href":"https:\/\/blogs.ua.es\/cts2022\/wp-json\/wp\/v2\/users\/4407"}],"replies":[{"embeddable":true,"href":"https:\/\/blogs.ua.es\/cts2022\/wp-json\/wp\/v2\/comments?post=64"}],"version-history":[{"count":2,"href":"https:\/\/blogs.ua.es\/cts2022\/wp-json\/wp\/v2\/pages\/64\/revisions"}],"predecessor-version":[{"id":68,"href":"https:\/\/blogs.ua.es\/cts2022\/wp-json\/wp\/v2\/pages\/64\/revisions\/68"}],"wp:attachment":[{"href":"https:\/\/blogs.ua.es\/cts2022\/wp-json\/wp\/v2\/media?parent=64"}],"curies":[{"name":"wp","href":"https:\/\/api.w.org\/{rel}","templated":true}]}}