{"id":272,"date":"2022-12-23T15:56:17","date_gmt":"2022-12-23T15:56:17","guid":{"rendered":"https:\/\/blogs.ua.es\/cult4ennials\/?page_id=272"},"modified":"2023-01-16T18:45:36","modified_gmt":"2023-01-16T18:45:36","slug":"clips","status":"publish","type":"page","link":"https:\/\/blogs.ua.es\/cult4ennials\/clips\/","title":{"rendered":"Clips"},"content":{"rendered":"<p>La haine (El odio).\u00a0 1995. Nacionalidad: Francia. Director: Mathieu Kassovitz<\/p>\n<p><img loading=\"lazy\" decoding=\"async\" class=\"wp-image-152 alignleft\" src=\"https:\/\/blogs.ua.es\/cult4ennials\/files\/2022\/12\/el-odio-150x150.jpg\" alt=\"\" width=\"313\" height=\"313\" \/><\/p>\n<p><span class=\"ILfuVd\" lang=\"es\"><span class=\"hgKElc\">Tras una noche de disturbios en un barrio marginal de las afueras de Par\u00eds, tres amigos adolescentes, Vinz, Sa\u00efd y Hubert , son testigos de un hecho, en el que su amigo Abdel resulta herido por la polic\u00eda.<\/span><\/span><\/p>\n<p>Ellos son tres personas diferentes con circunstancias diferentes.<\/p>\n<p>El primero, <span class=\"ILfuVd\" lang=\"es\"><span class=\"hgKElc\">franc\u00e9s, sin trabajo, <\/span><\/span><span class=\"ILfuVd\" lang=\"es\"><span class=\"hgKElc\">jud\u00edo y blanco; el segundo, marroqu\u00ed, inmigrate, <\/span><\/span><span class=\"ILfuVd\" lang=\"es\"><span class=\"hgKElc\">musulm\u00e1n y <\/span><\/span><span class=\"ILfuVd\" lang=\"es\"><span class=\"hgKElc\">\u00e1rabe; el tercero, benin\u00e9s, cristiano, boxeador amateur-camello y negro. <\/span><\/span><\/p>\n<p>S\u00f3lo tienen en com\u00fan ser carne de periferia, su futuro incierto y el odio contra la polic\u00eda y el poder establecido.<\/p>\n<p>Esta es su vida durante 24 horas.<\/p>\n<p>Contribuci\u00f3n de Lucas Mar\u00edn y Marcos Garc\u00eda. Enero 2023<\/p>\n<p><iframe loading=\"lazy\" title=\"Clip #1 La haine  El odio\" width=\"800\" height=\"450\" src=\"https:\/\/www.youtube.com\/embed\/4ik5kUhexoo?feature=oembed\" frameborder=\"0\" allow=\"accelerometer; autoplay; clipboard-write; encrypted-media; gyroscope; picture-in-picture; web-share\" allowfullscreen><\/iframe><\/p>\n<p><iframe loading=\"lazy\" title=\"Clip #2 La haine  El odio\" width=\"800\" height=\"450\" src=\"https:\/\/www.youtube.com\/embed\/RlDCtLTOJLY?feature=oembed\" frameborder=\"0\" allow=\"accelerometer; autoplay; clipboard-write; encrypted-media; gyroscope; picture-in-picture; web-share\" allowfullscreen><\/iframe><\/p>\n<p>La vida de Brian.\u00a0 1979. Nacionalidad: Reino Unido. Director: Terry Jones<\/p>\n<p><img loading=\"lazy\" decoding=\"async\" class=\"wp-image-334 aligncenter\" src=\"https:\/\/blogs.ua.es\/cult4ennials\/files\/2023\/01\/la-vida-de-brian-300x167.png\" alt=\"\" width=\"419\" height=\"233\" srcset=\"https:\/\/blogs.ua.es\/cult4ennials\/files\/2023\/01\/la-vida-de-brian-300x167.png 300w, https:\/\/blogs.ua.es\/cult4ennials\/files\/2023\/01\/la-vida-de-brian-150x83.png 150w, https:\/\/blogs.ua.es\/cult4ennials\/files\/2023\/01\/la-vida-de-brian-250x139.png 250w, https:\/\/blogs.ua.es\/cult4ennials\/files\/2023\/01\/la-vida-de-brian.png 701w\" sizes=\"auto, (max-width: 419px) 100vw, 419px\" \/><\/p>\n<p>Durante la \u00e9poca b\u00edblica, Brian Cohen nace e n el portal de un establo,a unos pasos del lugar de nacimiento de Jes\u00fas, lo que en un principio confunde a los tres Reyes Magos, que ven\u00edan a alabar al &#8220;rey de los jud\u00edos&#8221;. A partir de ese momento parece ser el Mes\u00edas y se ve puesto como l\u00edder de un movimiento religioso. Su vida estar\u00e1 marcada por su castrante madre, sus nuevos amigos del Frente Popular de Judea y su novia feminista.<\/p>\n<p>Contribuci\u00f3n de Lucas Mar\u00edn y Marcos Garc\u00eda. Diciembre 2022<\/p>\n<p><iframe loading=\"lazy\" title=\"Clip #3 La vida de Brian\" width=\"800\" height=\"450\" src=\"https:\/\/www.youtube.com\/embed\/30G9DqbeX_o?feature=oembed\" frameborder=\"0\" allow=\"accelerometer; autoplay; clipboard-write; encrypted-media; gyroscope; picture-in-picture; web-share\" allowfullscreen><\/iframe><\/p>\n","protected":false},"excerpt":{"rendered":"<p>La haine (El odio).\u00a0 1995. Nacionalidad: Francia. Director: Mathieu Kassovitz Tras una noche de disturbios en un barrio marginal de las afueras de Par\u00eds, tres amigos adolescentes, Vinz, Sa\u00efd y Hubert , son testigos de un hecho, en el que su amigo Abdel resulta herido por la polic\u00eda. Ellos son&#8230; <a class=\"continue-reading-link\" href=\"https:\/\/blogs.ua.es\/cult4ennials\/clips\/\"> Continue reading <span class=\"meta-nav\">&rarr; <\/span><\/a><\/p>\n","protected":false},"author":3997,"featured_media":0,"parent":0,"menu_order":0,"comment_status":"closed","ping_status":"closed","template":"","meta":{"footnotes":""},"class_list":["post-272","page","type-page","status-publish","hentry"],"_links":{"self":[{"href":"https:\/\/blogs.ua.es\/cult4ennials\/wp-json\/wp\/v2\/pages\/272","targetHints":{"allow":["GET"]}}],"collection":[{"href":"https:\/\/blogs.ua.es\/cult4ennials\/wp-json\/wp\/v2\/pages"}],"about":[{"href":"https:\/\/blogs.ua.es\/cult4ennials\/wp-json\/wp\/v2\/types\/page"}],"author":[{"embeddable":true,"href":"https:\/\/blogs.ua.es\/cult4ennials\/wp-json\/wp\/v2\/users\/3997"}],"replies":[{"embeddable":true,"href":"https:\/\/blogs.ua.es\/cult4ennials\/wp-json\/wp\/v2\/comments?post=272"}],"version-history":[{"count":20,"href":"https:\/\/blogs.ua.es\/cult4ennials\/wp-json\/wp\/v2\/pages\/272\/revisions"}],"predecessor-version":[{"id":341,"href":"https:\/\/blogs.ua.es\/cult4ennials\/wp-json\/wp\/v2\/pages\/272\/revisions\/341"}],"wp:attachment":[{"href":"https:\/\/blogs.ua.es\/cult4ennials\/wp-json\/wp\/v2\/media?parent=272"}],"curies":[{"name":"wp","href":"https:\/\/api.w.org\/{rel}","templated":true}]}}