{"id":551,"date":"2010-02-18T13:45:02","date_gmt":"2010-02-18T12:45:02","guid":{"rendered":"https:\/\/blogs.ua.es\/danielrodriguez\/kumano-juku-dojo\/"},"modified":"2015-03-16T18:21:06","modified_gmt":"2015-03-16T17:21:06","slug":"kumano-juku-dojo","status":"publish","type":"page","link":"https:\/\/blogs.ua.es\/danielrodriguez\/el-aikido-de-kumano\/kumano-juku-dojo\/","title":{"rendered":"Kumano Juku Dojo"},"content":{"rendered":"<p>Los padres del Fundador, el venerable Morihei Ueshiba, quer\u00edan tener un hijo var\u00f3n. Despu\u00e9s de dar a luz a tres ni\u00f1as, su padre hizo una peregrinaci\u00f3n a uno de los tres santuarios de Kumano, el Kumano Hongu, en el municipio de Tanabe, donde pas\u00f3 21 d\u00edas rezando. El resultado de sus oraciones fue O&#8217;Sensei, que naci\u00f3 en Tanabe el 14 de diciembre de 1883. El mismo Fundador dijo una vez: &#8220;soy el hijo bendito de Kumano&#8221; (&#8220;<em>I am the godsent child of Kumano<\/em>&#8220;) y tambi\u00e9n: &#8220;el Aikido es la manifestaci\u00f3n del aliento divino de los dioses de Kumano&#8221;.<br \/>\n<img decoding=\"async\" alt=\"El Fundador bajo la cascada Nachi \" src=\"http:\/\/www.dojocam.com\/imagenes\/historia\/Kumano.gif\" \/><br \/>\nEl Fundador bajo la cascada Nachi<\/p>\n<p><img decoding=\"async\" alt=\"Hongu\" src=\"http:\/\/www.taleofgenji.org\/images\/kumano_hongu_taisha_haiden_1.jpg\" \/><\/p>\n<p>Kumano Hongu<\/p>\n<p><img decoding=\"async\" alt=\"monta\u00f1as de Kumano\" src=\"http:\/\/spiritual-pilgrimages.net\/images\/galeria\/japon\/Mikoshi-toge pass Ku10022.JPG\" \/><br \/>\nMonta\u00f1as de Kumano<\/p>\n<p>El camino Kumano Kodo y el Camino de Santiago son las dos \u00fanicas rutas de peregrinaci\u00f3n espiritual declaradas patrimonio de la Humanidad por la Unesco. El Kumano Kodo es uno de los caminos m\u00e1s antiguos como ruta de peregrinaci\u00f3n en Jap\u00f3n. Este camino de peregrinaci\u00f3n recorre las altas monta\u00f1as de la pen\u00ednsula Kii, que est\u00e1 al sur de Kyoto y Osaka. Es un lugar sagrado desde tiempos prehist\u00f3ricos, y est\u00e1 considerado como el origen de la espiritualidad japonesa. el <a title=\"sintoismo\" href=\"http:\/\/es.wikipedia.org\/wiki\/Sinto%C3%ADsmo\" target=\"_blank\">Sinto\u00edsmo<\/a>. La fe de Kumano tiene sus ra\u00edces en la adoraci\u00f3n de su impresionante entorno natural en el que se cree que habitan los esp\u00edritus. Estas monta\u00f1as se consideraban la morada m\u00edstica de los dioses. Los lugares m\u00e1s destacados de esta tierra de culto son los tres Monasterios Sanzan de Kumano &#8211; Hongu Taisha, Hayatama Taisha y Nachi Taisha.<\/p>\n<p>Veamos a O&#8217;Sensei acompa\u00f1ado de Hikitsuchi en el Hongu Taisha:<br \/>\n<code>[kml_flashembed movie=\"http:\/\/www.youtube.com\/v\/L88TbONoAXo\" width=\"425\" height=\"350\" wmode=\"transparent\" \/]<\/code><\/p>\n<p><img decoding=\"async\" alt=\"Templo y cascada Nachi (Kumano)\" src=\"http:\/\/lh6.ggpht.com\/_UYoHGCifc_o\/SBIGs_t0KiI\/AAAAAAAAApQ\/up96-L18x7Y\/s512\/cascada%20de%20%20Nachi%20en%20las%20monta%C3%B1as%20Kumano.jpg\" \/><\/p>\n<p>Nachi Taisha, en Kumano.<br \/>\n<img decoding=\"async\" alt=\"Kumano Kodo\" src=\"http:\/\/spiritual-pilgrimages.net\/images\/galeria\/japon\/Daimon-zaka Kumano Kodo.JPG\" \/><\/p>\n<p><img decoding=\"async\" alt=\"\" src=\"http:\/\/spiritual-pilgrimages.net\/images\/galeria\/japon\/Hongu Panorama.JPG\" \/><br \/>\n<img decoding=\"async\" alt=\"Kumano Kodo\" src=\"http:\/\/spiritual-pilgrimages.net\/images\/galeria\/japon\/Kumano Kodo Moss statue.JPG\" \/><br \/>\n<img decoding=\"async\" alt=\"ba\u00f1o purificador\" src=\"http:\/\/spiritual-pilgrimages.net\/images\/galeria\/japon\/Yamabushi water ritual 2.JPG\" \/><br \/>\nKumano Kodo<\/p>\n<p><img decoding=\"async\" alt=\"\" src=\"http:\/\/spiritual-pilgrimages.net\/images\/galeria\/japon\/Kumano Hongu Taisha Shrine.JPG\" \/><br \/>\n<img decoding=\"async\" alt=\"\" src=\"http:\/\/www.taleofgenji.org\/images\/kumano_hayatama_taisha_lanterns.jpg\" \/><br \/>\nHayatama Taisha<\/p>\n<p>El primer Dojo de Aikido se fund\u00f3 en Shingu en 1928, a un paso de Tanabe y de Kumano, y O&#8217;Sensei visitaba la zona a menudo para rezar y visitar los tres templos de Kumano. Fue en una de estas visitas cuando la abuela de Hikitsuchi Michio sensei le present\u00f3 al joven Hikitsuchi (\u00d3 sensei y la abuela de hikitsuchi eran amigos, como de la familia, a si que cuando viajaba en esta peregrinaci\u00f3n se alojaba en casa de ella, que era una Maestra de Naginata). El lazo que uni\u00f3 esta relaci\u00f3n perdurar\u00eda por siempre, siendo as\u00ed que en 1945 el propio \u00d3 sensei le pidi\u00f3 a Hikitsuchi sensei que construyera un dojo; as\u00ed lo hizo en 1952, y en la entrada luce una caligraf\u00eda del propio O&#8217;Sensei que dice as\u00ed \u201ceste dojo es mi dojo, Morihei Ueshiba.\u201d<\/p>\n<p><img decoding=\"async\" alt=\"Vista desde la calle\" src=\"http:\/\/lh4.ggpht.com\/_UYoHGCifc_o\/SBIBPft0KNI\/AAAAAAAAAk0\/fS86SGjFGI8\/s720\/KUMANO%20JUKU%20DOJO.desde%20la%20calle..jpg\" \/><\/p>\n<p>El Fundador visitaba la regi\u00f3n una semana cada mes aproximadamente, alternando visitas al Hombu Dojo en Tokio, al Dojo de Abe Sensei en Osaka y por supuesto, su residencia habitual en Iwama. En cada visita iba a rezar al Santuario Kumano Hongu con Hikisutchi, a quien concedi\u00f3 el d\u00e9cimo Dan en 1969, poco antes de su muerte, el 16 de abril.<\/p>\n<p>El Kumano Juku Dojo, como pod\u00e9is intuir, siempre ha sido un sitio muy especial para el Fundador y por lo tanto dentro del Aikido, aunque parece ser que las relaciones con el Hombu Dojo (el cuartel central del Aikido oficial moderno, el Aikikai) no eran del todo buenas. Hikitsuchi Sensei, tras la muerte de O&#8217;Sensei, comenz\u00f3 a criticar las actuaciones del Doshu, Kisshomaru Ueshiba, porque se estaba separando del camino marcado por su padre. Koichi Tohei y otros grandes maestros se separaron oficialmente y fundaron sus propias escuelas, pero Hikitsuchi no cort\u00f3 del todo la relaci\u00f3n, y mandaba todos sus grados al Aikikai para su homologaci\u00f3n. El Fundador en su testamento hab\u00eda pedido que Hikitsuchi supervisara el trabajo de su hijo y especialmente las promociones de altos danes, coas que no debi\u00f3 sentarle muy bien a Kisshomaru. El caso es que las relaciones entre el Kumano Juku Dojo y el Hombu Dojo han sido muy fr\u00edas hasta hace bien poco, y el Aikido de Shingu siempre ha sido un Aikido que ha ido &#8220;por libre&#8221; y se ha mantenido independiente y aislado a las influencias del estamento oficial. Tras la muerte de Hikitsuchi Sensei en 2004, Anno Sensei ha reconducido las relaciones con el segundo Doshu, Moriteru Ueshiba (el nieto del Fundador), que ha aceptado y entendido lo especial que era el Kumano Juku Dojo para su abuelo. Ha decidido respetar su diferencia, y ahora realiza visitas frecuentes, cursos y exhibiciones en Shingu.<\/p>\n<p><img decoding=\"async\" alt=\"dojo Shingu\" src=\"http:\/\/www.centre-kumano.ch\/images\/Fotos\/11hikitsuchixoxshogatsu.jpg\" \/><\/p>\n<p>Si te interesa esta historia, quixz\u00e1s quieras saber c\u00f3mo es el Aikido del Kumano Juku Dojo. Se trata de un Aikido muy ortodoxo y tradicional, pues Hikitsuchi Sensei entren\u00f3 con el Fundador desde los 14 a\u00f1os, y junto a Saito Sensei (Iwama Ryu) son los dos maestros que m\u00e1s relaci\u00f3n tuvieron con O&#8217;Sensei. Otros maestros (principalmente los del Hobu Dojo, como Tamura Sensei) s\u00f3lo conocieron al Morihei Ueshiba anciano, no vieron su evoluci\u00f3n, y por eso su Aikido es tan diferente. Lo que quiero decir es que hay dos Aikidos, los de monta\u00f1a y el de capital, los tradicionales y el moderno. El Fundador mismo practicaba distinto en Iwama y Shingu que en Tokio. En Shingu todav\u00eda se pueden ver rastros de un Budo muy marcial, potente y efectivo, junto con movimientos m\u00e1s suaves y t\u00e9cnicos, m\u00e1s modernos; existe un equilibrio entre la respiraci\u00f3n, la energ\u00eda y la t\u00e9cnica que, en mi opini\u00f3n, no se da en todas las l\u00edneas, que tienden a centrarse en un solo aspecto.<\/p>\n<p><iframe loading=\"lazy\" title=\"Aikido - The Kumano Juku Aikido Dojo\" width=\"580\" height=\"435\" src=\"https:\/\/www.youtube.com\/embed\/7lK0gbZwKb4?feature=oembed\" frameborder=\"0\" allow=\"accelerometer; autoplay; clipboard-write; encrypted-media; gyroscope; picture-in-picture; web-share\" referrerpolicy=\"strict-origin-when-cross-origin\" allowfullscreen><\/iframe><\/p>\n<p>Dormir en el dojo cuesta 2000 yenes por noche, y que las clases cuestan aproximadamente la mitad pero puede haber cambiado. Hay una clase a las 6 y media de la ma\u00f1ana y otra por la tarde, a las 7 y media si no recuerdo mal, que la da el sensei de m\u00e1s graduaci\u00f3n.<\/p>\n<p>Los datos de contacto del Dojo son:<\/p>\n<p>\u3012647-0005<br \/>\n\u548c\u6b4c\u5c71\u770c\u65b0\u5bae\u5e02\u5143\u935b\u6cbb\u753a\uff11\u4e01\u76ee\uff15\u2212\uff11<br \/>\n0735-21-3103<\/p>\n<p>Maestros y horarios de entrenamiento:<\/p>\n<div>Las clases nocturnas;<\/div>\n<div>Lunes: Tasaka Shihan<\/div>\n<div>Martes: lecciones para los ni\u00f1os dirigidos por Shihan Fujioka<\/div>\n<div>Mi\u00e9rcoles: Kuribayashi Shihan<\/div>\n<div>Jueves: Suzuki Shihan<\/div>\n<div>S\u00e1bado: Nishi Shihan<\/div>\n<div><\/div>\n<div>Clases de la ma\u00f1ana;<\/div>\n<div>Lunes y s\u00e1bados: Tim Detmer san<\/div>\n<div>Martes y jueves: Saito san<\/div>\n<div>Mi\u00e9rcoles y viernes: Enomoto san.<\/div>\n<div>Si un shihan alto est\u00e1 presente, por lo general toma la lecci\u00f3n de ese d\u00eda.<\/div>\n<p>&nbsp;<\/p>\n<p>&nbsp;<\/p>\n","protected":false},"excerpt":{"rendered":"<p>Los padres del Fundador, el venerable Morihei Ueshiba, quer\u00edan tener un hijo var\u00f3n. Despu\u00e9s de dar a luz a tres ni\u00f1as, su padre hizo una peregrinaci\u00f3n a uno de los tres santuarios de Kumano, el Kumano Hongu, en el municipio de Tanabe, donde pas\u00f3 21 d\u00edas rezando. El resultado de sus oraciones fue O&#8217;Sensei, que [&hellip;]<\/p>\n","protected":false},"author":102,"featured_media":0,"parent":1396,"menu_order":0,"comment_status":"open","ping_status":"closed","template":"","meta":{"footnotes":""},"class_list":["post-551","page","type-page","status-publish","hentry"],"_links":{"self":[{"href":"https:\/\/blogs.ua.es\/danielrodriguez\/wp-json\/wp\/v2\/pages\/551","targetHints":{"allow":["GET"]}}],"collection":[{"href":"https:\/\/blogs.ua.es\/danielrodriguez\/wp-json\/wp\/v2\/pages"}],"about":[{"href":"https:\/\/blogs.ua.es\/danielrodriguez\/wp-json\/wp\/v2\/types\/page"}],"author":[{"embeddable":true,"href":"https:\/\/blogs.ua.es\/danielrodriguez\/wp-json\/wp\/v2\/users\/102"}],"replies":[{"embeddable":true,"href":"https:\/\/blogs.ua.es\/danielrodriguez\/wp-json\/wp\/v2\/comments?post=551"}],"version-history":[{"count":14,"href":"https:\/\/blogs.ua.es\/danielrodriguez\/wp-json\/wp\/v2\/pages\/551\/revisions"}],"predecessor-version":[{"id":1328,"href":"https:\/\/blogs.ua.es\/danielrodriguez\/wp-json\/wp\/v2\/pages\/551\/revisions\/1328"}],"up":[{"embeddable":true,"href":"https:\/\/blogs.ua.es\/danielrodriguez\/wp-json\/wp\/v2\/pages\/1396"}],"wp:attachment":[{"href":"https:\/\/blogs.ua.es\/danielrodriguez\/wp-json\/wp\/v2\/media?parent=551"}],"curies":[{"name":"wp","href":"https:\/\/api.w.org\/{rel}","templated":true}]}}