{"id":552,"date":"2010-02-18T13:45:16","date_gmt":"2010-02-18T12:45:16","guid":{"rendered":"https:\/\/blogs.ua.es\/danielrodriguez\/kumano-juku-espana\/"},"modified":"2010-07-07T15:52:42","modified_gmt":"2010-07-07T14:52:42","slug":"kumano-juku-espana","status":"publish","type":"page","link":"https:\/\/blogs.ua.es\/danielrodriguez\/el-aikido-de-kumano-en-espana\/kumano-juku-espana\/","title":{"rendered":"Kumano Juku Espa\u00f1a"},"content":{"rendered":"<p>En Espa\u00f1a hay varios maestros que han sido alumnos directos de Hikitsuchi Sensei y siguen sus ense\u00f1anzas despu\u00e9s de su muerte. Los dos m\u00e1s importantes son Charly D\u00edez y <a href=\"http:\/\/www.dojocam.com\">Diego Espinosa<\/a>, el primero por haber entrenado dos veces al d\u00eda durante 5 a\u00f1os en el Kumano Juku Dojo, el segundo por ser la persona que trajo a Hikitsuchi Sensei a Espa\u00f1a; Diego Sensei actualmente mantiene un contacto muy cercano con Anno Sensei, sucesor de Hikitsuchi al frente del Kumano Juku Dojo. Desde 2008 est\u00e1 directamente involucrado con \u00e9l y se ha hecho cargo de la direcci\u00f3n del recientemente creado Kumano Juku Espa\u00f1a, con sede en Mallorca.<\/p>\n<p>Hay otros maestros que tambi\u00e9n siguen el trabajo de Hikitsuchi, a trav\u00e9s de Gerard Blaize (7\u00ba Dan Aikikai). Muchos de ellos conocieron y entrenaron con ambos en los cursos de Par\u00eds y Mallorca, y posteriormente han visitado Shingu para hacer estancias en el Kumano Juku Dojo. Cito de memoria: <a href=\"http:\/\/aikido-sakaki.com\">Sisko<\/a> en Barcelona e <a href=\"http:\/\/www.aikido-tanabe-bilbao.com\">I\u00f1aki<\/a>, en Bilbao. En baleares hay muchos grupos tambi\u00e9n: <a href=\"http:\/\/www.aikidoinca.com\/\">Paco y Toni<\/a>, <a href=\"http:\/\/www.aikidopalma.com\/\">Jaime<\/a>, Joan Miquel y Esteban, de Mallorca, m\u00e1s los tres Joses de Ibiza (seguro que me dejo a alguien). Tambi\u00e9n hay que contar a los alumnos de Charly Sensei que han seguido esta manera de trabajar: <a href=\"http:\/\/www.aikidocartagena.es\">Jose<\/a> de Cartagena, <a href=\"http:\/\/www.aikidobudo.com\">Fernando<\/a> de Elche y <a href=\"http:\/\/mikel-aikido.blogspot.com\">Mikel<\/a> de Andoain.<\/p>\n<p>\u00c9ste es m\u00e1s o menos el mapa del Aikido de Shingu en Espa\u00f1a, a partir de ahora y gracias a vuestros comentarios ir\u00e9 complet\u00e1ndolo y enmendando posibles errores. Gracias.<\/p>\n","protected":false},"excerpt":{"rendered":"<p>En Espa\u00f1a hay varios maestros que han sido alumnos directos de Hikitsuchi Sensei y siguen sus ense\u00f1anzas despu\u00e9s de su muerte. Los dos m\u00e1s importantes son Charly D\u00edez y Diego Espinosa, el primero por haber entrenado dos veces al d\u00eda durante 5 a\u00f1os en el Kumano Juku Dojo, el segundo por ser la persona que [&hellip;]<\/p>\n","protected":false},"author":102,"featured_media":0,"parent":670,"menu_order":0,"comment_status":"open","ping_status":"open","template":"","meta":{"footnotes":""},"class_list":["post-552","page","type-page","status-publish","hentry"],"_links":{"self":[{"href":"https:\/\/blogs.ua.es\/danielrodriguez\/wp-json\/wp\/v2\/pages\/552","targetHints":{"allow":["GET"]}}],"collection":[{"href":"https:\/\/blogs.ua.es\/danielrodriguez\/wp-json\/wp\/v2\/pages"}],"about":[{"href":"https:\/\/blogs.ua.es\/danielrodriguez\/wp-json\/wp\/v2\/types\/page"}],"author":[{"embeddable":true,"href":"https:\/\/blogs.ua.es\/danielrodriguez\/wp-json\/wp\/v2\/users\/102"}],"replies":[{"embeddable":true,"href":"https:\/\/blogs.ua.es\/danielrodriguez\/wp-json\/wp\/v2\/comments?post=552"}],"version-history":[{"count":11,"href":"https:\/\/blogs.ua.es\/danielrodriguez\/wp-json\/wp\/v2\/pages\/552\/revisions"}],"predecessor-version":[{"id":672,"href":"https:\/\/blogs.ua.es\/danielrodriguez\/wp-json\/wp\/v2\/pages\/552\/revisions\/672"}],"up":[{"embeddable":true,"href":"https:\/\/blogs.ua.es\/danielrodriguez\/wp-json\/wp\/v2\/pages\/670"}],"wp:attachment":[{"href":"https:\/\/blogs.ua.es\/danielrodriguez\/wp-json\/wp\/v2\/media?parent=552"}],"curies":[{"name":"wp","href":"https:\/\/api.w.org\/{rel}","templated":true}]}}