{"id":102,"date":"2014-06-02T10:51:01","date_gmt":"2014-06-02T10:51:01","guid":{"rendered":"https:\/\/blogs.ua.es\/denia19391940\/?page_id=102"},"modified":"2014-06-02T10:51:01","modified_gmt":"2014-06-02T10:51:01","slug":"valoracion","status":"publish","type":"page","link":"https:\/\/blogs.ua.es\/denia19391940\/valoracion\/","title":{"rendered":"Valoraci\u00f3n"},"content":{"rendered":"<p>Con la realizaci\u00f3n de este trabajo hemos podido observar y analizar las \u00faltimas reuniones del Consejo Municipal republicano y su cambio radical en los primeros meses del r\u00e9gimen franquista.<\/p>\n<p>Se observa una par\u00f3n en las mismas, al parecer por el hecho de que los consejeros van dejando su cargo para ir como voluntarios al frente. Por ello, la siguiente reuni\u00f3n ya se realiza con el nuevo gobierno. En estas \u00faltimas actas republicanas se observa como cierran la sesi\u00f3n con pesar, por la partida de los miembros, que cada vez son m\u00e1s numerosos.<\/p>\n<p>En cambio, se puede ver cierta banalidad en el nuevo Consejo del Ayuntamiento, dejando rese\u00f1a de temas sin importancia, en las relaciones de pagos (siendo la gran mayor\u00eda en dietas y viajes), as\u00ed como el trato a los ciudadanos, los cuales tienen que pedir permisos de obra para reparar sus casas o las gratificaciones econ\u00f3micas dadas por acciones realizadas para la comunidad.<\/p>\n<p>&nbsp;<\/p>\n","protected":false},"excerpt":{"rendered":"<p>Con la realizaci\u00f3n de este trabajo hemos podido observar y analizar las \u00faltimas reuniones del Consejo Municipal republicano y su cambio radical en los primeros meses del r\u00e9gimen franquista. Se observa una par\u00f3n en las mismas, al parecer por el hecho de que los consejeros van dejando su cargo para ir como voluntarios al frente. [&hellip;]<\/p>\n","protected":false},"author":2906,"featured_media":0,"parent":0,"menu_order":4,"comment_status":"open","ping_status":"open","template":"","meta":{"footnotes":""},"class_list":["post-102","page","type-page","status-publish","hentry"],"_links":{"self":[{"href":"https:\/\/blogs.ua.es\/denia19391940\/wp-json\/wp\/v2\/pages\/102","targetHints":{"allow":["GET"]}}],"collection":[{"href":"https:\/\/blogs.ua.es\/denia19391940\/wp-json\/wp\/v2\/pages"}],"about":[{"href":"https:\/\/blogs.ua.es\/denia19391940\/wp-json\/wp\/v2\/types\/page"}],"author":[{"embeddable":true,"href":"https:\/\/blogs.ua.es\/denia19391940\/wp-json\/wp\/v2\/users\/2906"}],"replies":[{"embeddable":true,"href":"https:\/\/blogs.ua.es\/denia19391940\/wp-json\/wp\/v2\/comments?post=102"}],"version-history":[{"count":1,"href":"https:\/\/blogs.ua.es\/denia19391940\/wp-json\/wp\/v2\/pages\/102\/revisions"}],"predecessor-version":[{"id":104,"href":"https:\/\/blogs.ua.es\/denia19391940\/wp-json\/wp\/v2\/pages\/102\/revisions\/104"}],"wp:attachment":[{"href":"https:\/\/blogs.ua.es\/denia19391940\/wp-json\/wp\/v2\/media?parent=102"}],"curies":[{"name":"wp","href":"https:\/\/api.w.org\/{rel}","templated":true}]}}