{"id":28,"date":"2014-05-26T17:04:14","date_gmt":"2014-05-26T17:04:14","guid":{"rendered":"https:\/\/blogs.ua.es\/denia19391940\/?page_id=28"},"modified":"2014-05-26T17:05:41","modified_gmt":"2014-05-26T17:05:41","slug":"presentacion","status":"publish","type":"page","link":"https:\/\/blogs.ua.es\/denia19391940\/presentacion\/","title":{"rendered":"Presentaci\u00f3n"},"content":{"rendered":"<p>Somos Kevin Carri\u00f3 Mi\u00f1ana y Mariola Hereda Navarro, alumnos de la Universidad de Alicante, cursamos la carrera de Historia y este blog es para la asignatura de Fuentes y Documentos.<\/p>\n<p>En \u00e9l presentamos el trabajo desarrollado en el Archivo Municipal de Denia, donde hemos analizado las actas municipales de los a\u00f1os 1939 y 1940.<\/p>\n","protected":false},"excerpt":{"rendered":"<p>Somos Kevin Carri\u00f3 Mi\u00f1ana y Mariola Hereda Navarro, alumnos de la Universidad de Alicante, cursamos la carrera de Historia y este blog es para la asignatura de Fuentes y Documentos. En \u00e9l presentamos el trabajo desarrollado en el Archivo Municipal de Denia, donde hemos analizado las actas municipales de los a\u00f1os 1939 y 1940.<\/p>\n","protected":false},"author":2906,"featured_media":0,"parent":0,"menu_order":1,"comment_status":"open","ping_status":"open","template":"","meta":{"footnotes":""},"class_list":["post-28","page","type-page","status-publish","hentry"],"_links":{"self":[{"href":"https:\/\/blogs.ua.es\/denia19391940\/wp-json\/wp\/v2\/pages\/28","targetHints":{"allow":["GET"]}}],"collection":[{"href":"https:\/\/blogs.ua.es\/denia19391940\/wp-json\/wp\/v2\/pages"}],"about":[{"href":"https:\/\/blogs.ua.es\/denia19391940\/wp-json\/wp\/v2\/types\/page"}],"author":[{"embeddable":true,"href":"https:\/\/blogs.ua.es\/denia19391940\/wp-json\/wp\/v2\/users\/2906"}],"replies":[{"embeddable":true,"href":"https:\/\/blogs.ua.es\/denia19391940\/wp-json\/wp\/v2\/comments?post=28"}],"version-history":[{"count":1,"href":"https:\/\/blogs.ua.es\/denia19391940\/wp-json\/wp\/v2\/pages\/28\/revisions"}],"predecessor-version":[{"id":29,"href":"https:\/\/blogs.ua.es\/denia19391940\/wp-json\/wp\/v2\/pages\/28\/revisions\/29"}],"wp:attachment":[{"href":"https:\/\/blogs.ua.es\/denia19391940\/wp-json\/wp\/v2\/media?parent=28"}],"curies":[{"name":"wp","href":"https:\/\/api.w.org\/{rel}","templated":true}]}}