{"id":15,"date":"2015-11-10T11:06:04","date_gmt":"2015-11-10T11:06:04","guid":{"rendered":"https:\/\/blogs.ua.es\/destinosturisticosinteligentes\/?page_id=15"},"modified":"2015-11-27T10:20:25","modified_gmt":"2015-11-27T10:20:25","slug":"enlaces-de-interes","status":"publish","type":"page","link":"https:\/\/blogs.ua.es\/destinosturisticosinteligentes\/enlaces-de-interes\/","title":{"rendered":"Enlaces de inter\u00e9s"},"content":{"rendered":"<ul>\n<li><a href=\"http:\/\/invattur.gva.es\" target=\"_blank\">Instituto Valenciano de Tecnolog\u00edas Tur\u00edsticas (INVAT.TUR)\u00a0<\/a><\/li>\n<li><a href=\"http:\/\/www.tourgune.org\" target=\"_blank\">Centro de Investigaci\u00f3n\u00a0\u00a0Cooperativa\u00a0en Turismo, CICtourGUNE<\/a><\/li>\n<li><a href=\"http:\/\/www.pct-turisme.cat\/cat\/\" target=\"_blank\">Parc Cient\u00edfic i Tecnol\u00f2gic de Turisme i Oci (PCT)<\/a><\/li>\n<li><a href=\"http:\/\/www.andalucialab.org\" target=\"_blank\">Andaluc\u00eda Lab. Centro de Innovaci\u00f3n Tur\u00edstica<\/a><\/li>\n<li><a href=\"http:\/\/www.segittur.es\/es\/inicio\/index.html\" target=\"_blank\">Sociedad Estatal para la Gesti\u00f3n de la Innovaci\u00f3n y las Tecnolog\u00edas Tur\u00edsticas, S.A. (SEGITTUR)<\/a><\/li>\n<li><a href=\"http:\/\/www.redciudadesinteligentes.es\" target=\"_blank\">Red Espa\u00f1ola de Ciudades Inteligentes (RECI)<\/a><\/li>\n<li><a href=\"http:\/\/smartcitiescouncil.com\" target=\"_blank\">Smart Cities Council<\/a><\/li>\n<\/ul>\n","protected":false},"excerpt":{"rendered":"<p>Instituto Valenciano de Tecnolog\u00edas Tur\u00edsticas (INVAT.TUR)\u00a0 Centro de Investigaci\u00f3n\u00a0\u00a0Cooperativa\u00a0en Turismo, CICtourGUNE Parc Cient\u00edfic i Tecnol\u00f2gic de Turisme i Oci (PCT) Andaluc\u00eda Lab. Centro de Innovaci\u00f3n Tur\u00edstica Sociedad Estatal para la Gesti\u00f3n de la Innovaci\u00f3n y las Tecnolog\u00edas Tur\u00edsticas, S.A. (SEGITTUR) Red Espa\u00f1ola de Ciudades Inteligentes (RECI) Smart Cities Council<\/p>\n","protected":false},"author":1683,"featured_media":0,"parent":0,"menu_order":0,"comment_status":"closed","ping_status":"closed","template":"","meta":{"footnotes":""},"class_list":["post-15","page","type-page","status-publish","hentry"],"_links":{"self":[{"href":"https:\/\/blogs.ua.es\/destinosturisticosinteligentes\/wp-json\/wp\/v2\/pages\/15","targetHints":{"allow":["GET"]}}],"collection":[{"href":"https:\/\/blogs.ua.es\/destinosturisticosinteligentes\/wp-json\/wp\/v2\/pages"}],"about":[{"href":"https:\/\/blogs.ua.es\/destinosturisticosinteligentes\/wp-json\/wp\/v2\/types\/page"}],"author":[{"embeddable":true,"href":"https:\/\/blogs.ua.es\/destinosturisticosinteligentes\/wp-json\/wp\/v2\/users\/1683"}],"replies":[{"embeddable":true,"href":"https:\/\/blogs.ua.es\/destinosturisticosinteligentes\/wp-json\/wp\/v2\/comments?post=15"}],"version-history":[{"count":7,"href":"https:\/\/blogs.ua.es\/destinosturisticosinteligentes\/wp-json\/wp\/v2\/pages\/15\/revisions"}],"predecessor-version":[{"id":240,"href":"https:\/\/blogs.ua.es\/destinosturisticosinteligentes\/wp-json\/wp\/v2\/pages\/15\/revisions\/240"}],"wp:attachment":[{"href":"https:\/\/blogs.ua.es\/destinosturisticosinteligentes\/wp-json\/wp\/v2\/media?parent=15"}],"curies":[{"name":"wp","href":"https:\/\/api.w.org\/{rel}","templated":true}]}}