{"id":17,"date":"2015-11-10T11:07:20","date_gmt":"2015-11-10T11:07:20","guid":{"rendered":"https:\/\/blogs.ua.es\/destinosturisticosinteligentes\/?page_id=17"},"modified":"2017-10-02T11:13:14","modified_gmt":"2017-10-02T11:13:14","slug":"eventos","status":"publish","type":"page","link":"https:\/\/blogs.ua.es\/destinosturisticosinteligentes\/eventos\/","title":{"rendered":"Seminario Internacional"},"content":{"rendered":"<h1><a href=\"https:\/\/blogs.ua.es\/destinosturisticosinteligentes\/files\/2017\/09\/unnamed-3.jpg\"><img loading=\"lazy\" decoding=\"async\" class=\"aligncenter size-full wp-image-467\" src=\"https:\/\/blogs.ua.es\/destinosturisticosinteligentes\/files\/2017\/09\/unnamed-3.jpg\" alt=\"\" width=\"2704\" height=\"966\" srcset=\"https:\/\/blogs.ua.es\/destinosturisticosinteligentes\/files\/2017\/09\/unnamed-3.jpg 2704w, https:\/\/blogs.ua.es\/destinosturisticosinteligentes\/files\/2017\/09\/unnamed-3-300x107.jpg 300w, https:\/\/blogs.ua.es\/destinosturisticosinteligentes\/files\/2017\/09\/unnamed-3-768x274.jpg 768w, https:\/\/blogs.ua.es\/destinosturisticosinteligentes\/files\/2017\/09\/unnamed-3-1024x366.jpg 1024w\" sizes=\"auto, (max-width: 2704px) 100vw, 2704px\" \/><\/a><\/h1>\n<p style=\"text-align: center\"><span style=\"color: #ff0000\"><strong>INFORMACI\u00d3N CLAVE DEL SEMINARIO <a href=\"https:\/\/blogs.ua.es\/destinosturisticosinteligentes\/informacion-de-interes-stdrm2017\/\">AQU\u00cd<\/a><\/strong><\/span><\/p>\n<p class=\"p1\" style=\"text-align: center\"><span style=\"color: #ff00ff\">\u00a1PLAZO DE INSCRIPCI\u00d3N ABIERTO!<\/span><\/p>\n<p class=\"p1\" style=\"text-align: center\"><span style=\"color: #ff00ff\">HAZ CLIC <a href=\"https:\/\/blogs.ua.es\/destinosturisticosinteligentes\/2017\/03\/07\/inscripcion\/\">AQU\u00cd<\/a> PARA INSCRIBIRTE<\/span><\/p>\n<h1 style=\"text-align: center\"><a href=\"https:\/\/blogs.ua.es\/destinosturisticosinteligentes\/files\/2015\/11\/Captura-de-pantalla-2017-03-03-a-las-9.17.13.png\"><img loading=\"lazy\" decoding=\"async\" class=\"aligncenter size-full wp-image-374\" src=\"https:\/\/blogs.ua.es\/destinosturisticosinteligentes\/files\/2015\/11\/Captura-de-pantalla-2017-03-03-a-las-9.17.13.png\" alt=\"\" width=\"1830\" height=\"594\" srcset=\"https:\/\/blogs.ua.es\/destinosturisticosinteligentes\/files\/2015\/11\/Captura-de-pantalla-2017-03-03-a-las-9.17.13.png 1830w, https:\/\/blogs.ua.es\/destinosturisticosinteligentes\/files\/2015\/11\/Captura-de-pantalla-2017-03-03-a-las-9.17.13-300x97.png 300w, https:\/\/blogs.ua.es\/destinosturisticosinteligentes\/files\/2015\/11\/Captura-de-pantalla-2017-03-03-a-las-9.17.13-768x249.png 768w, https:\/\/blogs.ua.es\/destinosturisticosinteligentes\/files\/2015\/11\/Captura-de-pantalla-2017-03-03-a-las-9.17.13-1024x332.png 1024w\" sizes=\"auto, (max-width: 1830px) 100vw, 1830px\" \/><\/a><\/h1>\n<h1 style=\"text-align: center\">#STDRM2017<\/h1>\n<p class=\"p1\"><span class=\"s1\">El Instituto Universitario de Investigaciones Tur\u00edsticas (IUIT) de la Universidad de Alicante, organiza el Seminario Internacional <a href=\"http:\/\/blogs.bmetrack.com\/c\/l?u=69EC8CD&amp;e=A5DE3E&amp;c=A7B36&amp;t=1&amp;email=LNxd82nB8UyZpC38mQNONQuho0H1XTw1&amp;seq=2\"><span class=\"s2\"><b>\u201cSmart Tourism Destinations: New Horizons in Tourism Research and Management (#STDRM2017)\u201d<\/b>,<\/span><\/a>que se celebrar\u00e1 en el campus de la Universidad de Alicante los d\u00edas 26 y 27 de octubre de 2017.<\/span><\/p>\n<p class=\"p1\" style=\"text-align: center\"><strong>UNA APROXIMACI\u00d3N DESDE EL \u00c1MBITO ACAD\u00c9MICO Y PROFESIONAL<\/strong><\/p>\n<p class=\"p1\">#STDRM2017 se aproximar\u00e1 al an\u00e1lisis de los \u201cDestinos Tur\u00edsticos Inteligentes (DTI)\u201d desde una doble perspectiva. Por una parte, desde un enfoque te\u00f3rico y\/o experimental, directamente relacionado con el mundo acad\u00e9mico, y por otra, desde un enfoque m\u00e1s aplicado que entronca con la realidad m\u00e1s operativa de este nuevo modelo de gesti\u00f3n. Por ello, se define desde el principio como un evento cient\u00edfico dirigido tanto a acad\u00e9micos como al sector profesional encargado de la gesti\u00f3n tanto de destinos como de empresas tur\u00edsticas.<\/p>\n<p style=\"text-align: center\"><strong>LLAMADA A COMUNICACIONES (<span style=\"color: #ff0000\">FINALIZADO EL PLAZO PARA LA PRESENTACI\u00d3N DE RES\u00daMENES<\/span>).\u00a0<\/strong>FECHA L\u00cdMITE: 20 DE MARZO 2017<\/p>\n<p>Si desea participar, dispone hasta el 20 de marzo de 2017 para enviar un resumen extendido de entre 2-3 p\u00e1ginas, utilizando para ello la plantilla disponible <a href=\"http:\/\/blogs.bmetrack.com\/c\/l?u=69EC8D2&amp;e=A5DE3E&amp;c=A7B36&amp;t=0&amp;email=HkVIr%2Br4zSVM88OJKIOgBQuho0H1XTw1&amp;seq=1\" target=\"_blank\" rel=\"noopener\">aqu\u00ed<\/a>. Debe remitirnos su resumen cumplimentando el siguiente <a href=\"http:\/\/blogs.bmetrack.com\/c\/l?u=69EC8D3&amp;e=A5DE3E&amp;c=A7B36&amp;t=0&amp;email=HkVIr%2Br4zSVM88OJKIOgBQuho0H1XTw1&amp;seq=1\" target=\"_blank\" rel=\"noopener\">formulario on-line<\/a>. Los res\u00famenes se enviar\u00e1n en castellano y para el caso de aportaciones internacionales, se podr\u00e1n presentar en ingl\u00e9s, portugu\u00e9s y\/o franc\u00e9s.<\/p>\n<p>La investigaci\u00f3n enviada debe corresponder con un trabajo original. No obstante, tras el seminario los autores podr\u00e1n enviar sus trabajos a las publicaciones que estimen oportuno.<\/p>\n<p>Puede presentar su trabajo a los siguientes topic o bloques tem\u00e1ticos:<\/p>\n<p><strong>TOPIC 1. El enfoque te\u00f3rico\/experimental de los DTI.<\/strong><\/p>\n<p>Fundamentalmente, trabajos relacionados con la academia y las siguientes \u00e1reas de inter\u00e9s:<\/p>\n<ul>\n<li>Conceptualizaci\u00f3n y estado de la cuestion<\/li>\n<li>Gobernanza<\/li>\n<li>Competitividad tur\u00edstica<\/li>\n<li>Sostenibilidad<\/li>\n<li>Accesibilidad<\/li>\n<li>Soluciones tecnol\u00f3gicas<\/li>\n<li>Innovaci\u00f3n<\/li>\n<li>Conectividad y sensorizaci\u00f3n<\/li>\n<li>Nuevos sistemas de informaci\u00f3n tur\u00edstica<\/li>\n<li>Open Data<\/li>\n<li>Big Data<\/li>\n<li>Nuevos mercados y perfiles de demanda<\/li>\n<li>Tendencias tecnol\u00f3gicas<\/li>\n<li>Social Media<\/li>\n<li>Reflexiones y visiones cr\u00edticas<\/li>\n<li>Nuevos modelos de negocio<\/li>\n<\/ul>\n<p><strong>TOPIC 2. El enfoque aplicado de los DTI. <\/strong>Este topic combinar\u00e1 el an\u00e1lisis de los proyectos actuales, las pol\u00edticas y las mejores pr\u00e1cticas en torno al desarrollo de los DTI. Fundamentalmente, trabajos relacionados con casos de estudio y el desarrollo operativo de los DTI, de acuerdo a las siguientes \u00e1reas de inter\u00e9s:<\/p>\n<ul>\n<li>Pol\u00edticas, estrategias e iniciativas DTI<\/li>\n<li>Nuevos modelos de gesti\u00f3n tur\u00edstica<\/li>\n<li>Iniciativas empresariales<\/li>\n<li>Big Data y DTI<\/li>\n<li>Internet of Things (IoT): Retos y Oportunidades<\/li>\n<li>Wearables Technologies y DTI<\/li>\n<li>Augmented Reality\/Virtual Reality<\/li>\n<li>Nuevos modelos colaborativos en DTI<\/li>\n<li>Experiencias, co-creaci\u00f3n y tecnolog\u00eda<\/li>\n<li>Ejemplos de nuevas tecnolog\u00edas en turismo aplicadas a productos y servicios<\/li>\n<li>El desarrollo de DTIs: factores limitantes y favorecedores<\/li>\n<li>Casos de estudio y buenas pr\u00e1cticas<\/li>\n<\/ul>\n<p style=\"text-align: center\"><strong>PUBLICACI\u00d3N DE ACTAS<\/strong><\/p>\n<p>Adem\u00e1s de la publicaci\u00f3n de las actas del seminario en formato digital con ISBN, las comunicaciones mejor puntuadas por el comit\u00e9 cient\u00edfico ser\u00e1n seleccionadas para su publicaci\u00f3n en la revista &#8220;Investigaciones Tur\u00edsticas&#8221;, de la Universidad de Alicante. Se abordar\u00e1 en este caso un segundo proceso de evaluaci\u00f3n, con el fin de adaptarse a las normas de esta revista cient\u00edfica<\/p>\n<p style=\"text-align: center\"><strong>FECHAS DE INTER\u00c9S<\/strong><\/p>\n<p>&nbsp;<\/p>\n<p><a href=\"https:\/\/blogs.ua.es\/destinosturisticosinteligentes\/files\/2015\/11\/Fechas-clave-STDRM2017.png\"><img loading=\"lazy\" decoding=\"async\" class=\"aligncenter wp-image-377 size-full\" src=\"https:\/\/blogs.ua.es\/destinosturisticosinteligentes\/files\/2015\/11\/Fechas-clave-STDRM2017.png\" width=\"1780\" height=\"736\" srcset=\"https:\/\/blogs.ua.es\/destinosturisticosinteligentes\/files\/2015\/11\/Fechas-clave-STDRM2017.png 1780w, https:\/\/blogs.ua.es\/destinosturisticosinteligentes\/files\/2015\/11\/Fechas-clave-STDRM2017-300x124.png 300w, https:\/\/blogs.ua.es\/destinosturisticosinteligentes\/files\/2015\/11\/Fechas-clave-STDRM2017-768x318.png 768w, https:\/\/blogs.ua.es\/destinosturisticosinteligentes\/files\/2015\/11\/Fechas-clave-STDRM2017-1024x423.png 1024w\" sizes=\"auto, (max-width: 1780px) 100vw, 1780px\" \/><\/a><\/p>\n<p style=\"text-align: center\"><strong>PROCESO DE REGISTRO: <span style=\"color: #ff0000\">HAZ CLIC <a style=\"color: #ff0000\" href=\"https:\/\/cvnet.cpd.ua.es\/uaCuestionarios\/preguntas.aspx?idcuestionario=9115&amp;input15=&amp;idioma=es#\/probar\/castellano\">AQU\u00cd <\/a>PARA INSCRIBIRTE<\/span><\/strong><\/p>\n<p><a href=\"https:\/\/blogs.ua.es\/destinosturisticosinteligentes\/files\/2015\/11\/Precios-STDRM2017.png\"><img loading=\"lazy\" decoding=\"async\" class=\"aligncenter wp-image-376 size-full\" src=\"https:\/\/blogs.ua.es\/destinosturisticosinteligentes\/files\/2015\/11\/Precios-STDRM2017.png\" width=\"2084\" height=\"886\" srcset=\"https:\/\/blogs.ua.es\/destinosturisticosinteligentes\/files\/2015\/11\/Precios-STDRM2017.png 2084w, https:\/\/blogs.ua.es\/destinosturisticosinteligentes\/files\/2015\/11\/Precios-STDRM2017-300x128.png 300w, https:\/\/blogs.ua.es\/destinosturisticosinteligentes\/files\/2015\/11\/Precios-STDRM2017-768x327.png 768w, https:\/\/blogs.ua.es\/destinosturisticosinteligentes\/files\/2015\/11\/Precios-STDRM2017-1024x435.png 1024w\" sizes=\"auto, (max-width: 2084px) 100vw, 2084px\" \/><\/a><\/p>\n<p style=\"text-align: center\"><strong>INFORMACI\u00d3N ADICIONAL<\/strong><\/p>\n<p>Para m\u00e1s informaci\u00f3n respecto a normas de edici\u00f3n y presentaci\u00f3n de las comunicaciones, inscripciones, programa, fechas importantes, dudas, etc., por favor consulte este blog o contacte con el t\u00e9cnico del proyecto: Marco A. Celdr\u00e1n Bernabeu (Tel. +0034 965903400 Ext. 2507, <a href=\"mailto:proyectodti@ua.es\">proyectodti@ua.es<\/a>).<\/p>\n<p>Este seminario se enmarca en el proyecto \u201cNuevos enfoques para la planificaci\u00f3n y gesti\u00f3n del territorio tur\u00edstico: conceptualizaci\u00f3n, an\u00e1lisis de experiencias y problemas. Definici\u00f3n de modelos operativos para destinos tur\u00edsticos inteligentes (CSO2014-59193-R)\u201d, del Plan Nacional de I+D+i del Ministerio de Econom\u00eda y Competitividad.<\/p>\n","protected":false},"excerpt":{"rendered":"<p>INFORMACI\u00d3N CLAVE DEL SEMINARIO AQU\u00cd \u00a1PLAZO DE INSCRIPCI\u00d3N ABIERTO! HAZ CLIC AQU\u00cd PARA INSCRIBIRTE #STDRM2017 El Instituto Universitario de Investigaciones Tur\u00edsticas (IUIT) de la Universidad de Alicante, organiza el Seminario Internacional \u201cSmart Tourism Destinations: New Horizons in Tourism Research and Management (#STDRM2017)\u201d,que se celebrar\u00e1 en el campus de la Universidad de Alicante los d\u00edas 26 [&hellip;]<\/p>\n","protected":false},"author":1683,"featured_media":0,"parent":0,"menu_order":0,"comment_status":"closed","ping_status":"closed","template":"","meta":{"footnotes":""},"class_list":["post-17","page","type-page","status-publish","hentry"],"_links":{"self":[{"href":"https:\/\/blogs.ua.es\/destinosturisticosinteligentes\/wp-json\/wp\/v2\/pages\/17","targetHints":{"allow":["GET"]}}],"collection":[{"href":"https:\/\/blogs.ua.es\/destinosturisticosinteligentes\/wp-json\/wp\/v2\/pages"}],"about":[{"href":"https:\/\/blogs.ua.es\/destinosturisticosinteligentes\/wp-json\/wp\/v2\/types\/page"}],"author":[{"embeddable":true,"href":"https:\/\/blogs.ua.es\/destinosturisticosinteligentes\/wp-json\/wp\/v2\/users\/1683"}],"replies":[{"embeddable":true,"href":"https:\/\/blogs.ua.es\/destinosturisticosinteligentes\/wp-json\/wp\/v2\/comments?post=17"}],"version-history":[{"count":33,"href":"https:\/\/blogs.ua.es\/destinosturisticosinteligentes\/wp-json\/wp\/v2\/pages\/17\/revisions"}],"predecessor-version":[{"id":525,"href":"https:\/\/blogs.ua.es\/destinosturisticosinteligentes\/wp-json\/wp\/v2\/pages\/17\/revisions\/525"}],"wp:attachment":[{"href":"https:\/\/blogs.ua.es\/destinosturisticosinteligentes\/wp-json\/wp\/v2\/media?parent=17"}],"curies":[{"name":"wp","href":"https:\/\/api.w.org\/{rel}","templated":true}]}}